{"id":49532,"date":"2026-04-13T10:04:32","date_gmt":"2026-04-13T10:04:32","guid":{"rendered":"https:\/\/wydawnictwo.ug.edu.pl\/ksiegarnia-online\/uncategorized\/balkany-w-kulturze-europy-od-starozytnosci-po-wspolczesnosc-tom-2\/"},"modified":"2026-04-13T10:27:37","modified_gmt":"2026-04-13T10:27:37","slug":"balkany-w-kulturze-europy-od-starozytnosci-po-wspolczesnosc-tom-2","status":"publish","type":"product","link":"https:\/\/wydawnictwo.ug.edu.pl\/en\/ksiegarnia-online\/zapowiedzi\/balkany-w-kulturze-europy-od-starozytnosci-po-wspolczesnosc-tom-2\/","title":{"rendered":"Ba\u0142kany w kulturze Europy. Od staro\u017cytno\u015bci po wsp\u00f3\u0142czesno\u015b\u0107. Tom 2"},"content":{"rendered":"","protected":false},"excerpt":{"rendered":"<p>Ba\u0142kany \u2013 przestrze\u0144 spotka\u0144 i napi\u0119\u0107, mit\u00f3w i historii, pami\u0119ci i nowoczesno\u015bci \u2013 od wiek\u00f3w fascynuj\u0105 Europ\u0119 swoj\u0105 z\u0142o\u017cono\u015bci\u0105. Niniejszy tom, b\u0119d\u0105cy pok\u0142osiem drugiej edycji konferencji naukowej \u201eBa\u0142kany w kulturze Europy. Od staro\u017cytno\u015bci po wsp\u00f3\u0142czesno\u015b\u0107\u201d zorganizowanej na Uniwersytecie Gda\u0144skim, stanowi wielog\u0142osow\u0105 opowie\u015b\u0107 o regionie, kt\u00f3ry nieustannie wymyka si\u0119 jednoznacznym definicjom.<\/p>\n<p>Autorzy prowadz\u0105 Czytelnika przez r\u00f3\u017cnorodne krajobrazy kulturowe: od staro\u017cytnych \u015bwiadectw i \u0142aci\u0144skiej historiografii, przez ba\u0142ka\u0144sk\u0105 epik\u0119 i tradycje ustne, a\u017c po wsp\u00f3\u0142czesn\u0105 dramaturgi\u0119 i kino.<\/p>\n","protected":false},"featured_media":49531,"template":"","meta":{"_acf_changed":false},"journal":[],"rodzaj":[7074],"seria":[],"product_brand":[],"product_cat":[6923,6925],"product_tag":[7528,7529],"class_list":{"0":"post-49532","1":"product","2":"type-product","3":"status-publish","4":"has-post-thumbnail","6":"rodzaj-ksiazki","7":"product_cat-zapowiedzi","8":"product_cat-literaturoznawstwo","9":"product_tag-anna-marchewka","10":"product_tag-dusan-vladislav-pazdjerski","12":"first","13":"instock","14":"taxable","15":"shipping-taxable","16":"product-type-simple"},"acf":[],"_links":{"self":[{"href":"https:\/\/wydawnictwo.ug.edu.pl\/en\/wp-json\/wp\/v2\/product\/49532","targetHints":{"allow":["GET"]}}],"collection":[{"href":"https:\/\/wydawnictwo.ug.edu.pl\/en\/wp-json\/wp\/v2\/product"}],"about":[{"href":"https:\/\/wydawnictwo.ug.edu.pl\/en\/wp-json\/wp\/v2\/types\/product"}],"wp:featuredmedia":[{"embeddable":true,"href":"https:\/\/wydawnictwo.ug.edu.pl\/en\/wp-json\/wp\/v2\/media\/49531"}],"wp:attachment":[{"href":"https:\/\/wydawnictwo.ug.edu.pl\/en\/wp-json\/wp\/v2\/media?parent=49532"}],"wp:term":[{"taxonomy":"journal","embeddable":true,"href":"https:\/\/wydawnictwo.ug.edu.pl\/en\/wp-json\/wp\/v2\/journal?post=49532"},{"taxonomy":"rodzaj","embeddable":true,"href":"https:\/\/wydawnictwo.ug.edu.pl\/en\/wp-json\/wp\/v2\/rodzaj?post=49532"},{"taxonomy":"seria","embeddable":true,"href":"https:\/\/wydawnictwo.ug.edu.pl\/en\/wp-json\/wp\/v2\/seria?post=49532"},{"taxonomy":"product_brand","embeddable":true,"href":"https:\/\/wydawnictwo.ug.edu.pl\/en\/wp-json\/wp\/v2\/product_brand?post=49532"},{"taxonomy":"product_cat","embeddable":true,"href":"https:\/\/wydawnictwo.ug.edu.pl\/en\/wp-json\/wp\/v2\/product_cat?post=49532"},{"taxonomy":"product_tag","embeddable":true,"href":"https:\/\/wydawnictwo.ug.edu.pl\/en\/wp-json\/wp\/v2\/product_tag?post=49532"}],"curies":[{"name":"wp","href":"https:\/\/api.w.org\/{rel}","templated":true}]}}

Bałkany w kulturze Europy. Od starożytności po współczesność. Tom 2

<p>Bałkany – przestrzeń spotkań i napięć, mitów i historii, pamięci i nowoczesności – od wieków fascynują Europę swoją złożonością. Niniejszy tom, będący pokłosiem drugiej edycji konferencji naukowej „Bałkany w kulturze Europy. Od starożytności po współczesność” zorganizowanej na Uniwersytecie Gdańskim, stanowi wielogłosową opowieść o regionie, który nieustannie wymyka się jednoznacznym definicjom.</p>
<p>Autorzy prowadzą Czytelnika przez różnorodne krajobrazy kulturowe: od starożytnych świadectw i łacińskiej historiografii, przez bałkańską epikę i tradycje ustne, aż po współczesną dramaturgię i kino.</p>
