{"id":49367,"date":"2026-04-01T08:19:14","date_gmt":"2026-04-01T08:19:14","guid":{"rendered":"https:\/\/wydawnictwo.ug.edu.pl\/ksiegarnia-online\/uncategorized\/nadzor-ministra-sprawiedliwosci-nad-sadami-powszechnymi-studium-prawnokonstytucyjne\/"},"modified":"2026-04-13T14:25:08","modified_gmt":"2026-04-13T14:25:08","slug":"nadzor-ministra-sprawiedliwosci-nad-sadami-powszechnymi-studium-prawnokonstytucyjne","status":"publish","type":"product","link":"https:\/\/wydawnictwo.ug.edu.pl\/en\/ksiegarnia-online\/prawo-i-administracja\/nadzor-ministra-sprawiedliwosci-nad-sadami-powszechnymi-studium-prawnokonstytucyjne\/","title":{"rendered":"Nadz\u00f3r Ministra Sprawiedliwo\u015bci nad s\u0105dami powszechnymi. Studium prawnokonstytucyjne"},"content":{"rendered":"","protected":false},"excerpt":{"rendered":"<p>Podpisuj\u0119 si\u0119 pod wnioskami Autorki w kwestii sprawowania nadzoru przez Ministra Sprawiedliwo\u015bci. Autorka pisze trafnie: \u201e[&#8230;] nadz\u00f3r Ministra Sprawiedliwo\u015bci nad s\u0105dami powszechnymi w jego obecnym kszta\u0142cie charakteryzuje si\u0119 brakiem stabilno\u015bci, przejrzysto\u015bci i r\u00f3wnowagi mi\u0119dzy potrzebami zarz\u0105dzania, systemem s\u0105downictwa powszechnego a konstytucyjn\u0105 zasad\u0105 jego niezale\u017cno\u015bci. Niezale\u017cnie od wzrostu nak\u0142ad\u00f3w finansowych na wymiar sprawiedliwo\u015bci kluczowe problemy, takie jak braki kadrowe, przewlek\u0142o\u015b\u0107 procedur obsady stanowisk czy arbitralny charakter decyzji ministra, pozostaj\u0105 nierozwi\u0105zane. W efekcie system s\u0105downictwa powszechnego w Polsce funkcjonuje w warunkach ci\u0105g\u0142ej reorganizacji, co podwa\u017ca jego stabilno\u015b\u0107, a w konsekwencji zaufanie obywateli do instytucji wymiaru sprawiedliwo\u015bci\u201d.<\/p>\n<p style=\"text-align: right;\">z recenzji prof. dr. hab. Miros\u0142awa Granata<\/p>\n","protected":false},"featured_media":49360,"template":"","meta":{"_acf_changed":false},"journal":[],"rodzaj":[7074],"seria":[],"product_brand":[],"product_cat":[6932,7311],"product_tag":[8217],"class_list":{"0":"post-49367","1":"product","2":"type-product","3":"status-publish","4":"has-post-thumbnail","6":"rodzaj-ksiazki","7":"product_cat-prawo-i-administracja","8":"product_cat-nowosci","9":"product_tag-agnieszka-gajda","11":"first","12":"instock","13":"taxable","14":"shipping-taxable","15":"purchasable","16":"product-type-simple"},"acf":[],"_links":{"self":[{"href":"https:\/\/wydawnictwo.ug.edu.pl\/en\/wp-json\/wp\/v2\/product\/49367","targetHints":{"allow":["GET"]}}],"collection":[{"href":"https:\/\/wydawnictwo.ug.edu.pl\/en\/wp-json\/wp\/v2\/product"}],"about":[{"href":"https:\/\/wydawnictwo.ug.edu.pl\/en\/wp-json\/wp\/v2\/types\/product"}],"wp:featuredmedia":[{"embeddable":true,"href":"https:\/\/wydawnictwo.ug.edu.pl\/en\/wp-json\/wp\/v2\/media\/49360"}],"wp:attachment":[{"href":"https:\/\/wydawnictwo.ug.edu.pl\/en\/wp-json\/wp\/v2\/media?parent=49367"}],"wp:term":[{"taxonomy":"journal","embeddable":true,"href":"https:\/\/wydawnictwo.ug.edu.pl\/en\/wp-json\/wp\/v2\/journal?post=49367"},{"taxonomy":"rodzaj","embeddable":true,"href":"https:\/\/wydawnictwo.ug.edu.pl\/en\/wp-json\/wp\/v2\/rodzaj?post=49367"},{"taxonomy":"seria","embeddable":true,"href":"https:\/\/wydawnictwo.ug.edu.pl\/en\/wp-json\/wp\/v2\/seria?post=49367"},{"taxonomy":"product_brand","embeddable":true,"href":"https:\/\/wydawnictwo.ug.edu.pl\/en\/wp-json\/wp\/v2\/product_brand?post=49367"},{"taxonomy":"product_cat","embeddable":true,"href":"https:\/\/wydawnictwo.ug.edu.pl\/en\/wp-json\/wp\/v2\/product_cat?post=49367"},{"taxonomy":"product_tag","embeddable":true,"href":"https:\/\/wydawnictwo.ug.edu.pl\/en\/wp-json\/wp\/v2\/product_tag?post=49367"}],"curies":[{"name":"wp","href":"https:\/\/api.w.org\/{rel}","templated":true}]}}

Nadzór Ministra Sprawiedliwości nad sądami powszechnymi. Studium prawnokonstytucyjne

<p>Podpisuję się pod wnioskami Autorki w kwestii sprawowania nadzoru przez Ministra Sprawiedliwości. Autorka pisze trafnie: „[&#8230;] nadzór Ministra Sprawiedliwości nad sądami powszechnymi w jego obecnym kształcie charakteryzuje się brakiem stabilności, przejrzystości i równowagi między potrzebami zarządzania, systemem sądownictwa powszechnego a konstytucyjną zasadą jego niezależności. Niezależnie od wzrostu nakładów finansowych na wymiar sprawiedliwości kluczowe problemy, takie jak braki kadrowe, przewlekłość procedur obsady stanowisk czy arbitralny charakter decyzji ministra, pozostają nierozwiązane. W efekcie system sądownictwa powszechnego w Polsce funkcjonuje w warunkach ciągłej reorganizacji, co podważa jego stabilność, a w konsekwencji zaufanie obywateli do instytucji wymiaru sprawiedliwości”.</p>
<p style="text-align: right;">z recenzji prof. dr. hab. Mirosława Granata</p>
