{"id":49214,"date":"2026-03-09T13:58:35","date_gmt":"2026-03-09T13:58:35","guid":{"rendered":"https:\/\/wydawnictwo.ug.edu.pl\/ksiegarnia-online\/uncategorized\/muzealne-lamiglowki-postepowanie-z-obiektami-o-nieuregulowanym-statusie-prawnym-2\/"},"modified":"2026-03-09T15:14:24","modified_gmt":"2026-03-09T15:14:24","slug":"muzealne-lamiglowki-postepowanie-z-obiektami-o-nieuregulowanym-statusie-prawnym-2","status":"publish","type":"product","link":"https:\/\/wydawnictwo.ug.edu.pl\/en\/ksiegarnia-online\/prawo-i-administracja\/muzealne-lamiglowki-postepowanie-z-obiektami-o-nieuregulowanym-statusie-prawnym-2\/","title":{"rendered":"Muzealne \u0142amig\u0142\u00f3wki. Post\u0119powanie z obiektami o nieuregulowanym statusie prawnym"},"content":{"rendered":"","protected":false},"excerpt":{"rendered":"<p>\u201eAutorami ksi\u0105\u017cki s\u0105 do\u015bwiadczeni muzealnicy, cz\u0119sto pe\u0142ni\u0105cy r\u00f3wnie\u017c funkcj\u0119 g\u0142\u00f3wnych inwentaryzator\u00f3w, co czyni publikacj\u0119 bardzo warto\u015bciow\u0105. (&#8230;) Zasadniczym celem by\u0142a pr\u00f3ba odpowiedzi na nurtuj\u0105ce pytania z zakresu pi\u0119ciu wybranych zagadnie\u0144, tj. reinwentaryzacji zbior\u00f3w, uzupe\u0142niania dokumentacji nabycia, obiekt\u00f3w przekazanych anonimowo, nieodebranych depozyt\u00f3w oraz szcz\u0105tk\u00f3w ludzkich przechowywanych w muzeach, a ponadto przedstawienie zalece\u0144 maj\u0105cych u\u0142atwi\u0107 muzealnikom porz\u0105dkowanie zbior\u00f3w, czyli ich reinwentaryzacj\u0119. Ksi\u0105\u017cka wychodzi naprzeciw oczekiwaniom szerokiej rzeszy muzealnik\u00f3w, kt\u00f3rzy codziennie mierz\u0105 si\u0119 z problemami w\u0142a\u015bciwego ewidencjonowania obiekt\u00f3w, okre\u015blenia ich statusu prawnego oraz proweniencji. Ponadto, w publikacji w spos\u00f3b uporz\u0105dkowany wskazano kluczowy zakres poj\u0119\u0107 i definicji. Tam, gdzie brakuje ich bezpo\u015bredniego oparcia w przepisach prawnych, autorzy trafnie przedstawiaj\u0105 swoje propozycje. Co istotne, ksi\u0105\u017cka nie ma bynajmniej tylko teoretycznego charakteru. Przyj\u0119ta w kolejnych rozdzia\u0142ach formu\u0142a obok cz\u0119\u015bci <em>stricte<\/em> teoretycznej powi\u0105zana jest z ciekaw\u0105 kazuistyk\u0105, w kt\u00f3rej przedstawione s\u0105 rekomendowane rozwi\u0105zania konkretnych problem\u00f3w. Takie studium przypadk\u00f3w b\u0119dzie z pewno\u015bci\u0105 praktycznym wsparciem w codziennej pracy muzealnik\u00f3w.\u201d<\/p>\n<p style=\"text-align: right;\"><em>z\u00a0recenzji prof. dr. hab. Macieja Trzci\u0144skiego<\/em><\/p>\n<p>Partnerzy:<\/p>\n<p><a href=\"https:\/\/wydawnictwo.ug.edu.pl\/wp-content\/uploads\/2025\/11\/logotypy-partnerzy.webp\"><img fetchpriority=\"high\" decoding=\"async\" class=\"alignnone wp-image-44015\" src=\"https:\/\/wydawnictwo.ug.edu.pl\/wp-content\/uploads\/2025\/11\/logotypy-partnerzy.webp\" alt=\"\" width=\"607\" height=\"176\" srcset=\"https:\/\/wydawnictwo.ug.edu.pl\/wp-content\/uploads\/2025\/11\/logotypy-partnerzy.webp 1011w, https:\/\/wydawnictwo.ug.edu.pl\/wp-content\/uploads\/2025\/11\/logotypy-partnerzy-300x87.webp 300w, https:\/\/wydawnictwo.ug.edu.pl\/wp-content\/uploads\/2025\/11\/logotypy-partnerzy-768x223.webp 768w, https:\/\/wydawnictwo.ug.edu.pl\/wp-content\/uploads\/2025\/11\/logotypy-partnerzy-600x174.webp 600w\" sizes=\"(max-width: 607px) 100vw, 607px\" \/><\/a><\/p>\n<p>Ksi\u0105\u017cka wydana w serii <a href=\"https:\/\/wydawnictwo.ug.edu.pl\/en\/seria\/biblioteka-prawa-ochrony-zabytkow\/\" target=\"_blank\" rel=\"noopener\">Biblioteka Prawa Ochrony Zabytk\u00f3w<\/a><\/p>\n","protected":false},"featured_media":49227,"template":"","meta":{"_acf_changed":false},"journal":[],"rodzaj":[7074,7076],"seria":[7078],"product_brand":[],"product_cat":[6932],"product_tag":[7391,8339],"class_list":{"0":"post-49214","1":"product","2":"type-product","3":"status-publish","4":"has-post-thumbnail","6":"rodzaj-ksiazki","7":"rodzaj-serie-wydawnicze","8":"seria-biblioteka-prawa-ochrony-zabytkow","9":"product_cat-prawo-i-administracja","10":"product_tag-aldona-modrzewska","11":"product_tag-paulina-gwozdziewicz-matan","13":"first","14":"instock","15":"taxable","16":"shipping-taxable","17":"product-type-simple"},"acf":[],"_links":{"self":[{"href":"https:\/\/wydawnictwo.ug.edu.pl\/en\/wp-json\/wp\/v2\/product\/49214","targetHints":{"allow":["GET"]}}],"collection":[{"href":"https:\/\/wydawnictwo.ug.edu.pl\/en\/wp-json\/wp\/v2\/product"}],"about":[{"href":"https:\/\/wydawnictwo.ug.edu.pl\/en\/wp-json\/wp\/v2\/types\/product"}],"wp:featuredmedia":[{"embeddable":true,"href":"https:\/\/wydawnictwo.ug.edu.pl\/en\/wp-json\/wp\/v2\/media\/49227"}],"wp:attachment":[{"href":"https:\/\/wydawnictwo.ug.edu.pl\/en\/wp-json\/wp\/v2\/media?parent=49214"}],"wp:term":[{"taxonomy":"journal","embeddable":true,"href":"https:\/\/wydawnictwo.ug.edu.pl\/en\/wp-json\/wp\/v2\/journal?post=49214"},{"taxonomy":"rodzaj","embeddable":true,"href":"https:\/\/wydawnictwo.ug.edu.pl\/en\/wp-json\/wp\/v2\/rodzaj?post=49214"},{"taxonomy":"seria","embeddable":true,"href":"https:\/\/wydawnictwo.ug.edu.pl\/en\/wp-json\/wp\/v2\/seria?post=49214"},{"taxonomy":"product_brand","embeddable":true,"href":"https:\/\/wydawnictwo.ug.edu.pl\/en\/wp-json\/wp\/v2\/product_brand?post=49214"},{"taxonomy":"product_cat","embeddable":true,"href":"https:\/\/wydawnictwo.ug.edu.pl\/en\/wp-json\/wp\/v2\/product_cat?post=49214"},{"taxonomy":"product_tag","embeddable":true,"href":"https:\/\/wydawnictwo.ug.edu.pl\/en\/wp-json\/wp\/v2\/product_tag?post=49214"}],"curies":[{"name":"wp","href":"https:\/\/api.w.org\/{rel}","templated":true}]}}

Muzealne łamigłówki. Postępowanie z obiektami o nieuregulowanym statusie prawnym

<p>„Autorami książki są doświadczeni muzealnicy, często pełniący również funkcję głównych inwentaryzatorów, co czyni publikację bardzo wartościową. (&#8230;) Zasadniczym celem była próba odpowiedzi na nurtujące pytania z zakresu pięciu wybranych zagadnień, tj. reinwentaryzacji zbiorów, uzupełniania dokumentacji nabycia, obiektów przekazanych anonimowo, nieodebranych depozytów oraz szczątków ludzkich przechowywanych w muzeach, a ponadto przedstawienie zaleceń mających ułatwić muzealnikom porządkowanie zbiorów, czyli ich reinwentaryzację. Książka wychodzi naprzeciw oczekiwaniom szerokiej rzeszy muzealników, którzy codziennie mierzą się z problemami właściwego ewidencjonowania obiektów, określenia ich statusu prawnego oraz proweniencji. Ponadto, w publikacji w sposób uporządkowany wskazano kluczowy zakres pojęć i definicji. Tam, gdzie brakuje ich bezpośredniego oparcia w przepisach prawnych, autorzy trafnie przedstawiają swoje propozycje. Co istotne, książka nie ma bynajmniej tylko teoretycznego charakteru. Przyjęta w kolejnych rozdziałach formuła obok części <em>stricte</em> teoretycznej powiązana jest z ciekawą kazuistyką, w której przedstawione są rekomendowane rozwiązania konkretnych problemów. Takie studium przypadków będzie z pewnością praktycznym wsparciem w codziennej pracy muzealników.”</p>
<p style="text-align: right;"><em>z recenzji prof. dr. hab. Macieja Trzcińskiego</em></p>
<p>Partnerzy:</p>
<p><a href="https://wydawnictwo.ug.edu.pl/wp-content/uploads/2025/11/logotypy-partnerzy.webp"><img fetchpriority="high" decoding="async" class="alignnone wp-image-44015" src="https://wydawnictwo.ug.edu.pl/wp-content/uploads/2025/11/logotypy-partnerzy.webp" alt="" width="607" height="176" srcset="https://wydawnictwo.ug.edu.pl/wp-content/uploads/2025/11/logotypy-partnerzy.webp 1011w, https://wydawnictwo.ug.edu.pl/wp-content/uploads/2025/11/logotypy-partnerzy-300x87.webp 300w, https://wydawnictwo.ug.edu.pl/wp-content/uploads/2025/11/logotypy-partnerzy-768x223.webp 768w, https://wydawnictwo.ug.edu.pl/wp-content/uploads/2025/11/logotypy-partnerzy-600x174.webp 600w" sizes="(max-width: 607px) 100vw, 607px" /></a></p>
<p>Książka wydana w serii <a href="https://wydawnictwo.ug.edu.pl/en/seria/biblioteka-prawa-ochrony-zabytkow/" target="_blank" rel="noopener">Biblioteka Prawa Ochrony Zabytków</a></p>
