{"id":48920,"date":"2026-02-23T08:27:58","date_gmt":"2026-02-23T08:27:58","guid":{"rendered":"https:\/\/wydawnictwo.ug.edu.pl\/ksiegarnia-online\/uncategorized\/daniela-hermanna-poemat-o-zabie-i-jaszczurce-w-brylkach-bursztynu\/"},"modified":"2026-04-20T09:01:28","modified_gmt":"2026-04-20T09:01:28","slug":"daniela-hermanna-poemat-o-zabie-i-jaszczurce-w-brylkach-bursztynu","status":"publish","type":"product","link":"https:\/\/wydawnictwo.ug.edu.pl\/en\/ksiegarnia-online\/literaturoznawstwo\/daniela-hermanna-poemat-o-zabie-i-jaszczurce-w-brylkach-bursztynu\/","title":{"rendered":"Daniela Hermanna poemat o \u017cabie i jaszczurce w bry\u0142kach bursztynu"},"content":{"rendered":"","protected":false},"excerpt":{"rendered":"<p>Ksi\u0105\u017cka stanowi monograficzne opracowanie \u0142aci\u0144skiego poematu <em>De rana et lacerta succino Borussiaco insitis<\/em> (<em>O \u017cabie i jaszczurce w bry\u0142kach bursztynu ba\u0142tyckiego<\/em>), jaki wyszed\u0142 spod pi\u00f3ra ma\u0142o dzi\u015b znanego autora, uznawanego za wielk\u0105 indywidualno\u015b\u0107 epoki Stefana Batorego \u2013 Daniela Hermanna. Sam utw\u00f3r, bardzo popularny w II po\u0142owie XVI wieku, dwukrotnie wydany\u00a0 za \u017cycia poety, uchodzi za jedno z pierwszych w czasach nowo\u017cytnych wierszowanych uj\u0119\u0107 problemu inkluzji zwierz\u0119cych w bursztynie. Ksi\u0105\u017cka sk\u0142ada si\u0119 z dw\u00f3ch cz\u0119\u015bci: pierwsza omawia kwesti\u0119 pochodzenia bursztynu, problem inkluzji zwierz\u0119cych, genez\u0119 poematu, \u017ar\u00f3d\u0142a i wzory literackie, struktur\u0119 dzie\u0142a oraz jego przynale\u017cno\u015b\u0107 gatunkow\u0105. Druga cz\u0119\u015b\u0107 ma kszta\u0142t szczeg\u00f3\u0142owego komentarza obja\u015bniaj\u0105cego erudycyjne dzie\u0142o Hermanna.<\/p>\n","protected":false},"featured_media":48910,"template":"","meta":{"_acf_changed":false},"journal":[],"rodzaj":[7074],"seria":[],"product_brand":[],"product_cat":[6925,7311],"product_tag":[7642],"class_list":{"0":"post-48920","1":"product","2":"type-product","3":"status-publish","4":"has-post-thumbnail","6":"rodzaj-ksiazki","7":"product_cat-literaturoznawstwo","8":"product_cat-nowosci","9":"product_tag-izabela-bogumilizabela-bogumil","11":"first","12":"instock","13":"taxable","14":"shipping-taxable","15":"purchasable","16":"product-type-simple"},"acf":[],"_links":{"self":[{"href":"https:\/\/wydawnictwo.ug.edu.pl\/en\/wp-json\/wp\/v2\/product\/48920","targetHints":{"allow":["GET"]}}],"collection":[{"href":"https:\/\/wydawnictwo.ug.edu.pl\/en\/wp-json\/wp\/v2\/product"}],"about":[{"href":"https:\/\/wydawnictwo.ug.edu.pl\/en\/wp-json\/wp\/v2\/types\/product"}],"wp:featuredmedia":[{"embeddable":true,"href":"https:\/\/wydawnictwo.ug.edu.pl\/en\/wp-json\/wp\/v2\/media\/48910"}],"wp:attachment":[{"href":"https:\/\/wydawnictwo.ug.edu.pl\/en\/wp-json\/wp\/v2\/media?parent=48920"}],"wp:term":[{"taxonomy":"journal","embeddable":true,"href":"https:\/\/wydawnictwo.ug.edu.pl\/en\/wp-json\/wp\/v2\/journal?post=48920"},{"taxonomy":"rodzaj","embeddable":true,"href":"https:\/\/wydawnictwo.ug.edu.pl\/en\/wp-json\/wp\/v2\/rodzaj?post=48920"},{"taxonomy":"seria","embeddable":true,"href":"https:\/\/wydawnictwo.ug.edu.pl\/en\/wp-json\/wp\/v2\/seria?post=48920"},{"taxonomy":"product_brand","embeddable":true,"href":"https:\/\/wydawnictwo.ug.edu.pl\/en\/wp-json\/wp\/v2\/product_brand?post=48920"},{"taxonomy":"product_cat","embeddable":true,"href":"https:\/\/wydawnictwo.ug.edu.pl\/en\/wp-json\/wp\/v2\/product_cat?post=48920"},{"taxonomy":"product_tag","embeddable":true,"href":"https:\/\/wydawnictwo.ug.edu.pl\/en\/wp-json\/wp\/v2\/product_tag?post=48920"}],"curies":[{"name":"wp","href":"https:\/\/api.w.org\/{rel}","templated":true}]}}

Daniela Hermanna poemat o żabie i jaszczurce w bryłkach bursztynu

<p>Książka stanowi monograficzne opracowanie łacińskiego poematu <em>De rana et lacerta succino Borussiaco insitis</em> (<em>O żabie i jaszczurce w bryłkach bursztynu bałtyckiego</em>), jaki wyszedł spod pióra mało dziś znanego autora, uznawanego za wielką indywidualność epoki Stefana Batorego – Daniela Hermanna. Sam utwór, bardzo popularny w II połowie XVI wieku, dwukrotnie wydany  za życia poety, uchodzi za jedno z pierwszych w czasach nowożytnych wierszowanych ujęć problemu inkluzji zwierzęcych w bursztynie. Książka składa się z dwóch części: pierwsza omawia kwestię pochodzenia bursztynu, problem inkluzji zwierzęcych, genezę poematu, źródła i wzory literackie, strukturę dzieła oraz jego przynależność gatunkową. Druga część ma kształt szczegółowego komentarza objaśniającego erudycyjne dzieło Hermanna.</p>
