{"id":46981,"date":"2015-11-30T00:00:00","date_gmt":"2015-11-30T00:00:00","guid":{"rendered":"https:\/\/wydawnictwo.ug.edu.pl\/ksiegarnia-online\/uncategorized\/posrod-nas-tworcy-pomorscy-i-gdanscy-rozmowy-niedokonczone\/"},"modified":"2026-02-11T16:26:14","modified_gmt":"2026-02-11T16:26:14","slug":"posrod-nas-tworcy-pomorscy-i-gdanscy-rozmowy-niedokonczone","status":"publish","type":"product","link":"https:\/\/wydawnictwo.ug.edu.pl\/en\/ksiegarnia-online\/literaturoznawstwo\/posrod-nas-tworcy-pomorscy-i-gdanscy-rozmowy-niedokonczone\/","title":{"rendered":"Po\u015br\u00f3d nas. Tw\u00f3rcy pomorscy i gda\u0144scy. Rozmowy niedoko\u0144czone"},"content":{"rendered":"","protected":false},"excerpt":{"rendered":"<p>Publikacja\u00a0jest \u00a0\u201edrukowanym \u015bwiadectwem\u201d seminarium otwartego \u201ePo\u015br\u00f3d nas&#8221;, kt\u00f3re odby\u0142o si\u0119 na Uniwersytecie Gda\u0144skim. Ksi\u0105\u017cka ma dziesi\u0119cioro g\u0142\u00f3wnych bohater\u00f3w realizuj\u0105cych si\u0119 przede wszystkim w literaturze, cho\u0107 nieobce im s\u0105 fascynacje muzyczne, plastyczne czy fotograficzne. Uczestnicy cyklu seminaryjnego nale\u017c\u0105 do r\u00f3\u017cnych pokole\u0144, \u015brodowisk, zajmuj\u0105 bardziej czy mniej wyeksponowane miejsce w kulturze. S\u0105 w\u015br\u00f3d nich osoby, kt\u00f3rych utwory przynale\u017c\u0105 do oficjalnego kanonu lekturowego, jak i arty\u015bci bardziej kameralni. Wszyscy jednak to, co og\u00f3lnoludzkie poddaj\u0105 namys\u0142owi poprzez specyfik\u0119 jednego z najbardziej skomplikowanych i niejednoznacznych region\u00f3w kraju. W ten spos\u00f3b wsp\u00f3\u0142tworz\u0105 kultur\u0119 Pomorza \u2013 miejsca, z kt\u00f3rym zwi\u0105zani s\u0105 od pokole\u0144, lub do kt\u00f3rego przywi\u00f3d\u0142 ich przymus, okoliczno\u015bci, z\u0142o\u017cono\u015b\u0107 skomplikowanej historii zbiorowej i z\u0142o\u017cono\u015b\u0107 historii (biografii) indywidualnych. Jak te narracje si\u0119 przeplataj\u0105, jak wsp\u00f3\u0142istniej\u0105 (o ile wsp\u00f3\u0142istniej\u0105)? Na jakie warto\u015bci otwieraj\u0105? Co pozwalaj\u0105 lepiej zrozumie\u0107 ze \u015bwiata i cz\u0142owieka?<\/p>\n","protected":false},"featured_media":15890,"template":"","meta":{"_acf_changed":false},"journal":[],"rodzaj":[7074],"seria":[],"product_brand":[],"product_cat":[6925],"product_tag":[],"class_list":{"0":"post-46981","1":"product","2":"type-product","3":"status-publish","4":"has-post-thumbnail","6":"rodzaj-ksiazki","7":"product_cat-literaturoznawstwo","8":"pa_rok-wydania-2016-en","10":"first","11":"outofstock","12":"taxable","13":"shipping-taxable","14":"product-type-simple"},"acf":[],"_links":{"self":[{"href":"https:\/\/wydawnictwo.ug.edu.pl\/en\/wp-json\/wp\/v2\/product\/46981","targetHints":{"allow":["GET"]}}],"collection":[{"href":"https:\/\/wydawnictwo.ug.edu.pl\/en\/wp-json\/wp\/v2\/product"}],"about":[{"href":"https:\/\/wydawnictwo.ug.edu.pl\/en\/wp-json\/wp\/v2\/types\/product"}],"wp:featuredmedia":[{"embeddable":true,"href":"https:\/\/wydawnictwo.ug.edu.pl\/en\/wp-json\/wp\/v2\/media\/15890"}],"wp:attachment":[{"href":"https:\/\/wydawnictwo.ug.edu.pl\/en\/wp-json\/wp\/v2\/media?parent=46981"}],"wp:term":[{"taxonomy":"journal","embeddable":true,"href":"https:\/\/wydawnictwo.ug.edu.pl\/en\/wp-json\/wp\/v2\/journal?post=46981"},{"taxonomy":"rodzaj","embeddable":true,"href":"https:\/\/wydawnictwo.ug.edu.pl\/en\/wp-json\/wp\/v2\/rodzaj?post=46981"},{"taxonomy":"seria","embeddable":true,"href":"https:\/\/wydawnictwo.ug.edu.pl\/en\/wp-json\/wp\/v2\/seria?post=46981"},{"taxonomy":"product_brand","embeddable":true,"href":"https:\/\/wydawnictwo.ug.edu.pl\/en\/wp-json\/wp\/v2\/product_brand?post=46981"},{"taxonomy":"product_cat","embeddable":true,"href":"https:\/\/wydawnictwo.ug.edu.pl\/en\/wp-json\/wp\/v2\/product_cat?post=46981"},{"taxonomy":"product_tag","embeddable":true,"href":"https:\/\/wydawnictwo.ug.edu.pl\/en\/wp-json\/wp\/v2\/product_tag?post=46981"}],"curies":[{"name":"wp","href":"https:\/\/api.w.org\/{rel}","templated":true}]}}

Pośród nas. Twórcy pomorscy i gdańscy. Rozmowy niedokończone

<p>Publikacja jest  „drukowanym świadectwem” seminarium otwartego „Pośród nas&#8221;, które odbyło się na Uniwersytecie Gdańskim. Książka ma dziesięcioro głównych bohaterów realizujących się przede wszystkim w literaturze, choć nieobce im są fascynacje muzyczne, plastyczne czy fotograficzne. Uczestnicy cyklu seminaryjnego należą do różnych pokoleń, środowisk, zajmują bardziej czy mniej wyeksponowane miejsce w kulturze. Są wśród nich osoby, których utwory przynależą do oficjalnego kanonu lekturowego, jak i artyści bardziej kameralni. Wszyscy jednak to, co ogólnoludzkie poddają namysłowi poprzez specyfikę jednego z najbardziej skomplikowanych i niejednoznacznych regionów kraju. W ten sposób współtworzą kulturę Pomorza – miejsca, z którym związani są od pokoleń, lub do którego przywiódł ich przymus, okoliczności, złożoność skomplikowanej historii zbiorowej i złożoność historii (biografii) indywidualnych. Jak te narracje się przeplatają, jak współistnieją (o ile współistnieją)? Na jakie wartości otwierają? Co pozwalają lepiej zrozumieć ze świata i człowieka?</p>
