{"id":46969,"date":"2015-11-30T01:00:00","date_gmt":"2015-11-30T01:00:00","guid":{"rendered":"https:\/\/wydawnictwo.ug.edu.pl\/ksiegarnia-online\/uncategorized\/legitymizacja-wladzy-sadowniczej\/"},"modified":"2026-02-11T16:26:21","modified_gmt":"2026-02-11T16:26:21","slug":"legitymizacja-wladzy-sadowniczej","status":"publish","type":"product","link":"https:\/\/wydawnictwo.ug.edu.pl\/en\/ksiegarnia-online\/prawo-i-administracja\/legitymizacja-wladzy-sadowniczej\/","title":{"rendered":"Legitymizacja w\u0142adzy s\u0105downiczej"},"content":{"rendered":"","protected":false},"excerpt":{"rendered":"<p>Zmiany w funkcjonowaniu modelu wymiaru sprawiedliwo\u015bci oraz spo\u0142eczny, cz\u0119sto negatywny odbi\u00f3r s\u0105d\u00f3w powoduj\u0105, \u017ce ponownie znaczenia nabiera konotacja, jak\u0105 terminom: niezale\u017cno\u015b\u0107 i niezawis\u0142o\u015b\u0107 nadaje legitymizacja w\u0142adzy s\u0105downiczej. Ta ostatnia r\u00f3wnie\u017c do\u015bwiadcza przekszta\u0142ce\u0144, kt\u00f3rym towarzysz\u0105 dyskusje, a wraz z nimi spory polityczno-prawne, czego przyk\u0142adem jest obecny status Trybuna\u0142u Konstytucyjnego. Z tego wzgl\u0119du w niniejszej publikacji uwag\u0119 po\u015bwiecono w\u0142a\u015bnie legitymizacji w\u0142adzy s\u0105downiczej na jej trzech p\u0142aszczyznach: instytucjonalnej, etycznej i spo\u0142ecznej. W tym celu przedstawiono dziesi\u0119\u0107 analiz autorstwa badaczy prawa z kilku o\u015brodk\u00f3w akademickich w Polsce \u2013 poza Uniwersytetem Gda\u0144skim, na kt\u00f3rym realizowano projekt badawczy Narodowego Centrum Nauki pt \u201eTrzecia w\u0142adza s\u0105d\u00f3w i s\u0119dzi\u00f3w w Polsce z perspektywy teorii i filozofii prawa&#8221;, reprezentowany jest te\u017c Uniwersytet Warszawski, Uniwersytet \u0141\u00f3dzki oraz Uniwersytet Marli Curie-Sk\u0142odowsklej. Teksty te mog\u0105 sta\u0107 si\u0119 przedmiotem polemiki, bowiem cze\u015b\u0107 z nich odnosi sie te\u017c do krajowej rzeczywisto\u015bci, nacechowanej coraz wi\u0119kszym napi\u0119ciem miedzy w\u0142adz\u0105 s\u0105downicz\u0105 a w\u0142adzami ustawodawcz\u0105 i wykonawcz\u0105.<\/p>\n","protected":false},"featured_media":15556,"template":"","meta":{"_acf_changed":false},"journal":[],"rodzaj":[],"seria":[],"product_brand":[],"product_cat":[6932],"product_tag":[7728],"class_list":{"0":"post-46969","1":"product","2":"type-product","3":"status-publish","4":"has-post-thumbnail","6":"product_cat-prawo-i-administracja","7":"product_tag-anna-machnikowska","9":"first","10":"outofstock","11":"taxable","12":"shipping-taxable","13":"purchasable","14":"product-type-simple"},"acf":[],"_links":{"self":[{"href":"https:\/\/wydawnictwo.ug.edu.pl\/en\/wp-json\/wp\/v2\/product\/46969","targetHints":{"allow":["GET"]}}],"collection":[{"href":"https:\/\/wydawnictwo.ug.edu.pl\/en\/wp-json\/wp\/v2\/product"}],"about":[{"href":"https:\/\/wydawnictwo.ug.edu.pl\/en\/wp-json\/wp\/v2\/types\/product"}],"wp:featuredmedia":[{"embeddable":true,"href":"https:\/\/wydawnictwo.ug.edu.pl\/en\/wp-json\/wp\/v2\/media\/15556"}],"wp:attachment":[{"href":"https:\/\/wydawnictwo.ug.edu.pl\/en\/wp-json\/wp\/v2\/media?parent=46969"}],"wp:term":[{"taxonomy":"journal","embeddable":true,"href":"https:\/\/wydawnictwo.ug.edu.pl\/en\/wp-json\/wp\/v2\/journal?post=46969"},{"taxonomy":"rodzaj","embeddable":true,"href":"https:\/\/wydawnictwo.ug.edu.pl\/en\/wp-json\/wp\/v2\/rodzaj?post=46969"},{"taxonomy":"seria","embeddable":true,"href":"https:\/\/wydawnictwo.ug.edu.pl\/en\/wp-json\/wp\/v2\/seria?post=46969"},{"taxonomy":"product_brand","embeddable":true,"href":"https:\/\/wydawnictwo.ug.edu.pl\/en\/wp-json\/wp\/v2\/product_brand?post=46969"},{"taxonomy":"product_cat","embeddable":true,"href":"https:\/\/wydawnictwo.ug.edu.pl\/en\/wp-json\/wp\/v2\/product_cat?post=46969"},{"taxonomy":"product_tag","embeddable":true,"href":"https:\/\/wydawnictwo.ug.edu.pl\/en\/wp-json\/wp\/v2\/product_tag?post=46969"}],"curies":[{"name":"wp","href":"https:\/\/api.w.org\/{rel}","templated":true}]}}

Legitymizacja władzy sądowniczej

<p>Zmiany w funkcjonowaniu modelu wymiaru sprawiedliwości oraz społeczny, często negatywny odbiór sądów powodują, że ponownie znaczenia nabiera konotacja, jaką terminom: niezależność i niezawisłość nadaje legitymizacja władzy sądowniczej. Ta ostatnia również doświadcza przekształceń, którym towarzyszą dyskusje, a wraz z nimi spory polityczno-prawne, czego przykładem jest obecny status Trybunału Konstytucyjnego. Z tego względu w niniejszej publikacji uwagę poświecono właśnie legitymizacji władzy sądowniczej na jej trzech płaszczyznach: instytucjonalnej, etycznej i społecznej. W tym celu przedstawiono dziesięć analiz autorstwa badaczy prawa z kilku ośrodków akademickich w Polsce – poza Uniwersytetem Gdańskim, na którym realizowano projekt badawczy Narodowego Centrum Nauki pt „Trzecia władza sądów i sędziów w Polsce z perspektywy teorii i filozofii prawa&#8221;, reprezentowany jest też Uniwersytet Warszawski, Uniwersytet Łódzki oraz Uniwersytet Marli Curie-Skłodowsklej. Teksty te mogą stać się przedmiotem polemiki, bowiem cześć z nich odnosi sie też do krajowej rzeczywistości, nacechowanej coraz większym napięciem miedzy władzą sądowniczą a władzami ustawodawczą i wykonawczą.</p>
