{"id":46962,"date":"2016-12-31T01:00:00","date_gmt":"2016-12-31T01:00:00","guid":{"rendered":"https:\/\/wydawnictwo.ug.edu.pl\/ksiegarnia-online\/uncategorized\/ambicje-literatury-popularnej\/"},"modified":"2026-02-11T15:58:23","modified_gmt":"2026-02-11T15:58:23","slug":"ambicje-literatury-popularnej","status":"publish","type":"product","link":"https:\/\/wydawnictwo.ug.edu.pl\/en\/ksiegarnia-online\/literaturoznawstwo\/ambicje-literatury-popularnej\/","title":{"rendered":"Ambicje literatury popularnej"},"content":{"rendered":"","protected":false},"excerpt":{"rendered":"<p>Przygotowany drugi tom serii \u201eStudia P\u00f3\u0142nocnoeuropejskie\u201d zawiera naukowe opracowania skoncentrowane na dzie\u0142ach literackich mieszcz\u0105cych si\u0119 w obszarze zar\u00f3wno tak zwanej literatury ambitnej, jak i tej l\u017cejszego kalibru \u2013 popularnej, g\u0142\u00f3wnie kryminalnej, w Skandynawii. Zosta\u0142y one poddane kategoryzacji nadal nosz\u0105cej znami\u0119 niezadawalaj\u0105cej i nieprecyzyjnej. Za-mowanie si\u0119 ambitnymi utworami literatury popularnej czy popularno\u015bci\u0105 wsp\u00f3\u0142cze\u015bnie wy\u0142aniaj\u0105cej si\u0119 klasyki mo\u017ce budzi\u0107 liczne w\u0105tpliwo\u015bci. Sugeruje b\u0142yskotliwe przeciwstawienie, kt\u00f3re pozostaje trudno definiowalne na tym etapie prac badawczych: m\u00f3wienie o ambicjach pisarzy tworz\u0105cych krymina\u0142y nie musi oznacza\u0107 istnienie przeciwleg\u0142ego i paradoksalnego bieguna ma\u0142o ambitnej literatury \u201ewysokiego lotu\u201d. Pr\u00f3bujemy pokaza\u0107 istnienie wyra\u017anych nurt\u00f3w wsp\u00f3\u0142czesnej literatury skandynawskiej, co z natury rzeczy nie pozwala na wyczerpuj\u0105c\u0105 eksploracj\u0119 niezako\u0144czonego procesu, a brak czasowego i my\u015blowego dystansu zbli\u017ca post\u0119powanie badawcze do krytyki literackiej. Inaczej m\u00f3wi\u0105c, chcemy bardziej zauwa\u017cy\u0107 i zwr\u00f3ci\u0107 uwag\u0119 na pewne fenomeny ni\u017c rozstrzyga\u0107 z doz\u0105 pewno\u015bci o ich konfiguracji czy historycznoliterackim znaczeniu.<\/p>\n<p>Studia P\u00f3\u0142nocnoeuropejskie to seria promuj\u0105ca naukowe eksploracje i badawcze pasje pracownik\u00f3w gda\u0144skiej skandynawistyki oraz zapraszanych do wsp\u00f3\u0142pracy badaczy z innych o\u015brodk\u00f3w akademickich. Planowane s\u0105 r\u00f3wnie\u017c tomy prezentuj\u0105ce studenck\u0105 aktywno\u015b\u0107 naukow\u0105.<\/p>\n<p>Publikacje tworz\u0105ce profil serii \u015bwiadcz\u0105 o ustawicznym redefiniowaniu i poszerzaniu obszar\u00f3w kulturowych eksplorowanych przez gda\u0144skich skandynawist\u00f3w i ich zainteresowaniu dynamik\u0105 proces\u00f3w zachodz\u0105cych na styku kultur.<\/p>\n","protected":false},"featured_media":14737,"template":"","meta":{"_acf_changed":false},"journal":[],"rodzaj":[2602,2604],"seria":[6761],"product_brand":[],"product_cat":[6925],"product_tag":[398,442],"class_list":{"0":"post-46962","1":"product","2":"type-product","3":"status-publish","4":"has-post-thumbnail","6":"rodzaj-ksiazki","7":"rodzaj-serie-wydawnicze","8":"seria-studia-polnocnoeuropejskie","9":"product_cat-literaturoznawstwo","10":"product_tag-hieronim-chojnacki","11":"product_tag-karolina-drozdowska","13":"first","14":"outofstock","15":"taxable","16":"shipping-taxable","17":"purchasable","18":"product-type-simple"},"acf":[],"_links":{"self":[{"href":"https:\/\/wydawnictwo.ug.edu.pl\/en\/wp-json\/wp\/v2\/product\/46962","targetHints":{"allow":["GET"]}}],"collection":[{"href":"https:\/\/wydawnictwo.ug.edu.pl\/en\/wp-json\/wp\/v2\/product"}],"about":[{"href":"https:\/\/wydawnictwo.ug.edu.pl\/en\/wp-json\/wp\/v2\/types\/product"}],"wp:featuredmedia":[{"embeddable":true,"href":"https:\/\/wydawnictwo.ug.edu.pl\/en\/wp-json\/wp\/v2\/media\/14737"}],"wp:attachment":[{"href":"https:\/\/wydawnictwo.ug.edu.pl\/en\/wp-json\/wp\/v2\/media?parent=46962"}],"wp:term":[{"taxonomy":"journal","embeddable":true,"href":"https:\/\/wydawnictwo.ug.edu.pl\/en\/wp-json\/wp\/v2\/journal?post=46962"},{"taxonomy":"rodzaj","embeddable":true,"href":"https:\/\/wydawnictwo.ug.edu.pl\/en\/wp-json\/wp\/v2\/rodzaj?post=46962"},{"taxonomy":"seria","embeddable":true,"href":"https:\/\/wydawnictwo.ug.edu.pl\/en\/wp-json\/wp\/v2\/seria?post=46962"},{"taxonomy":"product_brand","embeddable":true,"href":"https:\/\/wydawnictwo.ug.edu.pl\/en\/wp-json\/wp\/v2\/product_brand?post=46962"},{"taxonomy":"product_cat","embeddable":true,"href":"https:\/\/wydawnictwo.ug.edu.pl\/en\/wp-json\/wp\/v2\/product_cat?post=46962"},{"taxonomy":"product_tag","embeddable":true,"href":"https:\/\/wydawnictwo.ug.edu.pl\/en\/wp-json\/wp\/v2\/product_tag?post=46962"}],"curies":[{"name":"wp","href":"https:\/\/api.w.org\/{rel}","templated":true}]}}

<p>Przygotowany drugi tom serii „Studia Północnoeuropejskie” zawiera naukowe opracowania skoncentrowane na dziełach literackich mieszczących się w obszarze zarówno tak zwanej literatury ambitnej, jak i tej lżejszego kalibru – popularnej, głównie kryminalnej, w Skandynawii. Zostały one poddane kategoryzacji nadal noszącej znamię niezadawalającej i nieprecyzyjnej. Za-mowanie się ambitnymi utworami literatury popularnej czy popularnością współcześnie wyłaniającej się klasyki może budzić liczne wątpliwości. Sugeruje błyskotliwe przeciwstawienie, które pozostaje trudno definiowalne na tym etapie prac badawczych: mówienie o ambicjach pisarzy tworzących kryminały nie musi oznaczać istnienie przeciwległego i paradoksalnego bieguna mało ambitnej literatury „wysokiego lotu”. Próbujemy pokazać istnienie wyraźnych nurtów współczesnej literatury skandynawskiej, co z natury rzeczy nie pozwala na wyczerpującą eksplorację niezakończonego procesu, a brak czasowego i myślowego dystansu zbliża postępowanie badawcze do krytyki literackiej. Inaczej mówiąc, chcemy bardziej zauważyć i zwrócić uwagę na pewne fenomeny niż rozstrzygać z dozą pewności o ich konfiguracji czy historycznoliterackim znaczeniu.</p>
<p>Studia Północnoeuropejskie to seria promująca naukowe eksploracje i badawcze pasje pracowników gdańskiej skandynawistyki oraz zapraszanych do współpracy badaczy z innych ośrodków akademickich. Planowane są również tomy prezentujące studencką aktywność naukową.</p>
<p>Publikacje tworzące profil serii świadczą o ustawicznym redefiniowaniu i poszerzaniu obszarów kulturowych eksplorowanych przez gdańskich skandynawistów i ich zainteresowaniu dynamiką procesów zachodzących na styku kultur.</p>
