{"id":46954,"date":"2017-11-30T00:00:00","date_gmt":"2017-11-30T00:00:00","guid":{"rendered":"https:\/\/wydawnictwo.ug.edu.pl\/ksiegarnia-online\/uncategorized\/posrod-nas-ii-tworcy-pomorscy-i-gdanscy-rozmowy-niedokonczone\/"},"modified":"2026-02-11T15:58:54","modified_gmt":"2026-02-11T15:58:54","slug":"posrod-nas-ii-tworcy-pomorscy-i-gdanscy-rozmowy-niedokonczone","status":"publish","type":"product","link":"https:\/\/wydawnictwo.ug.edu.pl\/en\/ksiegarnia-online\/literaturoznawstwo\/posrod-nas-ii-tworcy-pomorscy-i-gdanscy-rozmowy-niedokonczone\/","title":{"rendered":"Po\u015br\u00f3d nas II. Tw\u00f3rcy pomorscy i gda\u0144scy. Rozmowy niedoko\u0144czone"},"content":{"rendered":"","protected":false},"excerpt":{"rendered":"<p>Oddajemy czytelnikom kolejny tom b\u0119d\u0105cy efektem spotka\u0144 z tw\u00f3rcami gda\u0144skimi i pomorskimi, w kt\u00f3rym uwadze interpretacyjnej zwi\u0105zanej z wybranymi tekstami towarzysz\u0105 rozmowy\/dyskusje z kolejnymi bohaterami spotka\u0144: Tadeuszem D\u0105browskim, Andrzejem Kasperkiem, Kazimierzem Nowosielskim, Jerzym Limonem, Teres\u0105 Ferenc i Zbigniewem Jankowskim, Aleksandrem Jurewiczem oraz Adamem Kami\u0144skim. Ich tematyk\u0119 w du\u017cym stopniu zdominowa\u0142y zagadnienia zwi\u0105zane z tajemnic\u0105, \u017ar\u00f3d\u0142ami aktu tw\u00f3rczego, przemianami konwencji literackich, formami uczestnictwa w kulturze, problemami swojsko\u015bci i obco\u015bci, ale rytmem przewodnim okaza\u0142a si\u0119 specyfika obecno\u015bci\/nieobecno\u015bci w przestrzeni kulturowej poezji (literatury) jako sztuki s\u0142owa i tworzonych przez ni\u0105 znacze\u0144 o wymiarze niejednoznacznym, poddaj\u0105cym w w\u0105tpliwo\u015b\u0107 funkcjonuj\u0105ce potocznie sensy.<\/p>\n","protected":false},"featured_media":15894,"template":"","meta":{"_acf_changed":false},"journal":[],"rodzaj":[7074],"seria":[],"product_brand":[],"product_cat":[6925],"product_tag":[8001,7589,8178,8179],"class_list":{"0":"post-46954","1":"product","2":"type-product","3":"status-publish","4":"has-post-thumbnail","6":"rodzaj-ksiazki","7":"product_cat-literaturoznawstwo","8":"product_tag-feliks-tomaszewski","9":"product_tag-grazyna-b-tomaszewskagrazyna-b-tomaszewska","10":"product_tag-miroslawa-modrzewska","11":"product_tag-stanislaw-modrzewski","12":"pa_rok-wydania-2018-en","14":"first","15":"instock","16":"taxable","17":"shipping-taxable","18":"product-type-external"},"acf":[],"_links":{"self":[{"href":"https:\/\/wydawnictwo.ug.edu.pl\/en\/wp-json\/wp\/v2\/product\/46954","targetHints":{"allow":["GET"]}}],"collection":[{"href":"https:\/\/wydawnictwo.ug.edu.pl\/en\/wp-json\/wp\/v2\/product"}],"about":[{"href":"https:\/\/wydawnictwo.ug.edu.pl\/en\/wp-json\/wp\/v2\/types\/product"}],"wp:featuredmedia":[{"embeddable":true,"href":"https:\/\/wydawnictwo.ug.edu.pl\/en\/wp-json\/wp\/v2\/media\/15894"}],"wp:attachment":[{"href":"https:\/\/wydawnictwo.ug.edu.pl\/en\/wp-json\/wp\/v2\/media?parent=46954"}],"wp:term":[{"taxonomy":"journal","embeddable":true,"href":"https:\/\/wydawnictwo.ug.edu.pl\/en\/wp-json\/wp\/v2\/journal?post=46954"},{"taxonomy":"rodzaj","embeddable":true,"href":"https:\/\/wydawnictwo.ug.edu.pl\/en\/wp-json\/wp\/v2\/rodzaj?post=46954"},{"taxonomy":"seria","embeddable":true,"href":"https:\/\/wydawnictwo.ug.edu.pl\/en\/wp-json\/wp\/v2\/seria?post=46954"},{"taxonomy":"product_brand","embeddable":true,"href":"https:\/\/wydawnictwo.ug.edu.pl\/en\/wp-json\/wp\/v2\/product_brand?post=46954"},{"taxonomy":"product_cat","embeddable":true,"href":"https:\/\/wydawnictwo.ug.edu.pl\/en\/wp-json\/wp\/v2\/product_cat?post=46954"},{"taxonomy":"product_tag","embeddable":true,"href":"https:\/\/wydawnictwo.ug.edu.pl\/en\/wp-json\/wp\/v2\/product_tag?post=46954"}],"curies":[{"name":"wp","href":"https:\/\/api.w.org\/{rel}","templated":true}]}}

Pośród nas II. Twórcy pomorscy i gdańscy. Rozmowy niedokończone

<p>Oddajemy czytelnikom kolejny tom będący efektem spotkań z twórcami gdańskimi i pomorskimi, w którym uwadze interpretacyjnej związanej z wybranymi tekstami towarzyszą rozmowy/dyskusje z kolejnymi bohaterami spotkań: Tadeuszem Dąbrowskim, Andrzejem Kasperkiem, Kazimierzem Nowosielskim, Jerzym Limonem, Teresą Ferenc i Zbigniewem Jankowskim, Aleksandrem Jurewiczem oraz Adamem Kamińskim. Ich tematykę w dużym stopniu zdominowały zagadnienia związane z tajemnicą, źródłami aktu twórczego, przemianami konwencji literackich, formami uczestnictwa w kulturze, problemami swojskości i obcości, ale rytmem przewodnim okazała się specyfika obecności/nieobecności w przestrzeni kulturowej poezji (literatury) jako sztuki słowa i tworzonych przez nią znaczeń o wymiarze niejednoznacznym, poddającym w wątpliwość funkcjonujące potocznie sensy.</p>
