{"id":46951,"date":"2017-11-30T00:00:00","date_gmt":"2017-11-30T00:00:00","guid":{"rendered":"https:\/\/wydawnictwo.ug.edu.pl\/ksiegarnia-online\/uncategorized\/ojcowie-i-synowie-o-tron-wladze-dziedzictwo\/"},"modified":"2026-02-11T15:58:53","modified_gmt":"2026-02-11T15:58:53","slug":"ojcowie-i-synowie-o-tron-wladze-dziedzictwo","status":"publish","type":"product","link":"https:\/\/wydawnictwo.ug.edu.pl\/en\/ksiegarnia-online\/historia\/ojcowie-i-synowie-o-tron-wladze-dziedzictwo\/","title":{"rendered":"Ojcowie i synowie. O tron, w\u0142adz\u0119, dziedzictwo"},"content":{"rendered":"","protected":false},"excerpt":{"rendered":"<p>Prezentowany tom obejmuje teksty odnosz\u0105ce si\u0119 przede wszystkim do relacji rodzin monarszych, ksi\u0105\u017c\u0119cych, w kt\u00f3rych cz\u0119sto pomi\u0119dzy ojcami i synami toczy\u0142a si\u0119 swoista gra o tron. Tak by\u0142o w rodzinach Piast\u00f3w, Przemy\u015blid\u00f3w, ale i p\u00f3\u017aniej Luksemburg\u00f3w czy Jagiellon\u00f3w, by tylko wspomnie\u0107 o dynastiach Europy \u015arodkowo-Wschodniej. Jan D\u0142ugosz kilkakrotnie pisa\u0142, jak niech\u0119tnie kr\u00f3l Kazimierz Jagiello\u0144czyk odnosi\u0142 si\u0119 do pomys\u0142u pozostawienia na Litwie kt\u00f3rego\u015b z syn\u00f3w jako zast\u0119pcy. Odmawia\u0142 ich pro\u015bbom, a dorastaj\u0105cy synowie, zw\u0142aszcza Jan Olbracht, z trudem si\u0119 z t\u0105 decyzj\u0105 godzili. Nieco inaczej wygl\u0105da\u0142a sytuacja w rodzinach szlacheckich, cho\u0107 tak\u017ce i tu niezwykle wa\u017cne by\u0142o prowadzenie polityki rodowej, zmierzaj\u0105cej, przynajmniej je\u015bli chodzi o\u00a0warunki polskie, do utrzymania stanu posiadania i w miar\u0119 sprawiedliwego\u00a0podzia\u0142u maj\u0105tku mi\u0119dzy potomk\u00f3w m\u0119skich. Priorytetem by\u0142o budowanie pozycji rodowej lub tylko rodzinnej, i to cz\u0119sto wa\u017cy\u0142o na relacjach ojc\u00f3w i syn\u00f3w.<\/p>\n","protected":false},"featured_media":15861,"template":"","meta":{"_acf_changed":false},"journal":[],"rodzaj":[],"seria":[],"product_brand":[],"product_cat":[229],"product_tag":[922,230],"class_list":{"0":"post-46951","1":"product","2":"type-product","3":"status-publish","4":"has-post-thumbnail","6":"product_cat-historia","7":"product_tag-anna-paner","8":"product_tag-beata-mozejko","9":"pa_rok-wydania-916","11":"first","12":"instock","13":"taxable","14":"shipping-taxable","15":"purchasable","16":"product-type-simple"},"acf":[],"_links":{"self":[{"href":"https:\/\/wydawnictwo.ug.edu.pl\/en\/wp-json\/wp\/v2\/product\/46951","targetHints":{"allow":["GET"]}}],"collection":[{"href":"https:\/\/wydawnictwo.ug.edu.pl\/en\/wp-json\/wp\/v2\/product"}],"about":[{"href":"https:\/\/wydawnictwo.ug.edu.pl\/en\/wp-json\/wp\/v2\/types\/product"}],"wp:featuredmedia":[{"embeddable":true,"href":"https:\/\/wydawnictwo.ug.edu.pl\/en\/wp-json\/wp\/v2\/media\/15861"}],"wp:attachment":[{"href":"https:\/\/wydawnictwo.ug.edu.pl\/en\/wp-json\/wp\/v2\/media?parent=46951"}],"wp:term":[{"taxonomy":"journal","embeddable":true,"href":"https:\/\/wydawnictwo.ug.edu.pl\/en\/wp-json\/wp\/v2\/journal?post=46951"},{"taxonomy":"rodzaj","embeddable":true,"href":"https:\/\/wydawnictwo.ug.edu.pl\/en\/wp-json\/wp\/v2\/rodzaj?post=46951"},{"taxonomy":"seria","embeddable":true,"href":"https:\/\/wydawnictwo.ug.edu.pl\/en\/wp-json\/wp\/v2\/seria?post=46951"},{"taxonomy":"product_brand","embeddable":true,"href":"https:\/\/wydawnictwo.ug.edu.pl\/en\/wp-json\/wp\/v2\/product_brand?post=46951"},{"taxonomy":"product_cat","embeddable":true,"href":"https:\/\/wydawnictwo.ug.edu.pl\/en\/wp-json\/wp\/v2\/product_cat?post=46951"},{"taxonomy":"product_tag","embeddable":true,"href":"https:\/\/wydawnictwo.ug.edu.pl\/en\/wp-json\/wp\/v2\/product_tag?post=46951"}],"curies":[{"name":"wp","href":"https:\/\/api.w.org\/{rel}","templated":true}]}}

Ojcowie i synowie. O tron, władzę, dziedzictwo

<p>Prezentowany tom obejmuje teksty odnoszące się przede wszystkim do relacji rodzin monarszych, książęcych, w których często pomiędzy ojcami i synami toczyła się swoista gra o tron. Tak było w rodzinach Piastów, Przemyślidów, ale i później Luksemburgów czy Jagiellonów, by tylko wspomnieć o dynastiach Europy Środkowo-Wschodniej. Jan Długosz kilkakrotnie pisał, jak niechętnie król Kazimierz Jagiellończyk odnosił się do pomysłu pozostawienia na Litwie któregoś z synów jako zastępcy. Odmawiał ich prośbom, a dorastający synowie, zwłaszcza Jan Olbracht, z trudem się z tą decyzją godzili. Nieco inaczej wyglądała sytuacja w rodzinach szlacheckich, choć także i tu niezwykle ważne było prowadzenie polityki rodowej, zmierzającej, przynajmniej jeśli chodzi o warunki polskie, do utrzymania stanu posiadania i w miarę sprawiedliwego podziału majątku między potomków męskich. Priorytetem było budowanie pozycji rodowej lub tylko rodzinnej, i to często ważyło na relacjach ojców i synów.</p>
