{"id":46942,"date":"2017-12-01T00:00:00","date_gmt":"2017-12-01T00:00:00","guid":{"rendered":"https:\/\/wydawnictwo.ug.edu.pl\/ksiegarnia-online\/uncategorized\/zakony-mendykanckie-w-prusach-krzyzackich-i-krolewskich-od-xiii-do-polowy-xvi-wieku\/"},"modified":"2026-02-11T15:56:35","modified_gmt":"2026-02-11T15:56:35","slug":"zakony-mendykanckie-w-prusach-krzyzackich-i-krolewskich-od-xiii-do-polowy-xvi-wieku","status":"publish","type":"product","link":"https:\/\/wydawnictwo.ug.edu.pl\/en\/ksiegarnia-online\/historia\/zakony-mendykanckie-w-prusach-krzyzackich-i-krolewskich-od-xiii-do-polowy-xvi-wieku\/","title":{"rendered":"Zakony mendykanckie w Prusach Krzy\u017cackich i Kr\u00f3lewskich od XIII do po\u0142owy XVI wieku"},"content":{"rendered":"","protected":false},"excerpt":{"rendered":"<p>Funkcjonowanie zakon\u00f3w mendykanckich w Prusach Krzy\u017cackich\u00a0i Kr\u00f3lewskich rozpatrywano dotychczas zazwyczaj oddzielnie w odniesieniu do poszczeg\u00f3lnych zgromadze\u0144. Ksi\u0105\u017cka stanowi pr\u00f3b\u0119\u00a0ca\u0142o\u015bciowego spojrzenia na znaczenie mendykant\u00f3w w spo\u0142ecze\u0144stwie\u00a0\u015bredniowiecznym tych obszar\u00f3w widzianych jako odr\u0119bna, a zarazem\u00a0wzgl\u0119dnie jednolita forma organizacyjna w\u00a0ramach struktur Ko\u015bcio\u0142a,\u00a0kt\u00f3ra realizowa\u0142a okre\u015blone funkcje w \u017cyciu religijnym \u00f3wczesnych\u00a0spo\u0142eczno\u015bci, zamieszkuj\u0105cych przede wszystkim miasta i ich bezpo\u015brednie zaplecze.<\/p>\n","protected":false},"featured_media":14788,"template":"","meta":{"_acf_changed":false},"journal":[],"rodzaj":[7074],"seria":[],"product_brand":[],"product_cat":[6958],"product_tag":[7525],"class_list":{"0":"post-46942","1":"product","2":"type-product","3":"status-publish","4":"has-post-thumbnail","6":"rodzaj-ksiazki","7":"product_cat-historia","8":"product_tag-rafal-kubickirafal-kubicki","10":"first","11":"instock","12":"taxable","13":"shipping-taxable","14":"product-type-external"},"acf":[],"_links":{"self":[{"href":"https:\/\/wydawnictwo.ug.edu.pl\/en\/wp-json\/wp\/v2\/product\/46942","targetHints":{"allow":["GET"]}}],"collection":[{"href":"https:\/\/wydawnictwo.ug.edu.pl\/en\/wp-json\/wp\/v2\/product"}],"about":[{"href":"https:\/\/wydawnictwo.ug.edu.pl\/en\/wp-json\/wp\/v2\/types\/product"}],"wp:featuredmedia":[{"embeddable":true,"href":"https:\/\/wydawnictwo.ug.edu.pl\/en\/wp-json\/wp\/v2\/media\/14788"}],"wp:attachment":[{"href":"https:\/\/wydawnictwo.ug.edu.pl\/en\/wp-json\/wp\/v2\/media?parent=46942"}],"wp:term":[{"taxonomy":"journal","embeddable":true,"href":"https:\/\/wydawnictwo.ug.edu.pl\/en\/wp-json\/wp\/v2\/journal?post=46942"},{"taxonomy":"rodzaj","embeddable":true,"href":"https:\/\/wydawnictwo.ug.edu.pl\/en\/wp-json\/wp\/v2\/rodzaj?post=46942"},{"taxonomy":"seria","embeddable":true,"href":"https:\/\/wydawnictwo.ug.edu.pl\/en\/wp-json\/wp\/v2\/seria?post=46942"},{"taxonomy":"product_brand","embeddable":true,"href":"https:\/\/wydawnictwo.ug.edu.pl\/en\/wp-json\/wp\/v2\/product_brand?post=46942"},{"taxonomy":"product_cat","embeddable":true,"href":"https:\/\/wydawnictwo.ug.edu.pl\/en\/wp-json\/wp\/v2\/product_cat?post=46942"},{"taxonomy":"product_tag","embeddable":true,"href":"https:\/\/wydawnictwo.ug.edu.pl\/en\/wp-json\/wp\/v2\/product_tag?post=46942"}],"curies":[{"name":"wp","href":"https:\/\/api.w.org\/{rel}","templated":true}]}}

Zakony mendykanckie w Prusach Krzyżackich i Królewskich od XIII do połowy XVI wieku

<p>Funkcjonowanie zakonów mendykanckich w Prusach Krzyżackich i Królewskich rozpatrywano dotychczas zazwyczaj oddzielnie w odniesieniu do poszczególnych zgromadzeń. Książka stanowi próbę całościowego spojrzenia na znaczenie mendykantów w społeczeństwie średniowiecznym tych obszarów widzianych jako odrębna, a zarazem względnie jednolita forma organizacyjna w ramach struktur Kościoła, która realizowała określone funkcje w życiu religijnym ówczesnych społeczności, zamieszkujących przede wszystkim miasta i ich bezpośrednie zaplecze.</p>
