{"id":46938,"date":"2016-11-30T00:00:00","date_gmt":"2016-11-30T00:00:00","guid":{"rendered":"https:\/\/wydawnictwo.ug.edu.pl\/ksiegarnia-online\/uncategorized\/miscellanea-parlamentarne-praktyka-w-sferze-napiec-konstytucyjnoprawnych\/"},"modified":"2026-02-11T16:15:59","modified_gmt":"2026-02-11T16:15:59","slug":"miscellanea-parlamentarne-praktyka-w-sferze-napiec-konstytucyjnoprawnych","status":"publish","type":"product","link":"https:\/\/wydawnictwo.ug.edu.pl\/en\/ksiegarnia-online\/prawo-i-administracja\/miscellanea-parlamentarne-praktyka-w-sferze-napiec-konstytucyjnoprawnych\/","title":{"rendered":"Miscellanea parlamentarne. Praktyka w sferze napi\u0119\u0107 konstytucyjnoprawnych"},"content":{"rendered":"","protected":false},"excerpt":{"rendered":"<p>Prezentowana praca obejmuje wybrane zagadnienia z kr\u0119gu problematyki parlamentarnej, g\u0142\u00f3wnie sejmowej, ale r\u00f3wnie\u017c senackiej. S\u0105 r\u00f3\u017cnorodne tematycznie i autorsko, st\u0105d miscellanea w tytule, jednak wszystkie teksty powsta\u0142y jako ekspertyzy maj\u0105ce stanowi\u0107 pr\u00f3b\u0119 odpowiedzi na pytania zwi\u0105zane z trudnymi sytuacjami w praktyce parlamentarnej. O charakterze prezentowanej pracy informuje jej podtytu\u0142. Geneza poszczeg\u00f3lnych opracowa\u0144 wi\u0105\u017ce si\u0119 z praktyk\u0105 parlamentarn\u0105 ostatnich dw\u00f3ch lat, w pe\u0142ni wi\u0119c aktualn\u0105 ustrojowo. Kontrowersyjno\u015b\u0107 wydarze\u0144 i ich znaczenie sprawi\u0142y, \u017ce ka\u017cdorazowo stwierdzono konieczno\u015b\u0107 zasi\u0119gni\u0119cia opinii ekspert\u00f3w b\u0119d\u0105cych specjalistami w zakresie prawa konstytucyjnego.<\/p>\n","protected":false},"featured_media":14693,"template":"","meta":{"_acf_changed":false},"journal":[],"rodzaj":[],"seria":[],"product_brand":[],"product_cat":[232],"product_tag":[483,428,244],"class_list":{"0":"post-46938","1":"product","2":"type-product","3":"status-publish","4":"has-post-thumbnail","6":"product_cat-prawo-i-administracja","7":"product_tag-andrzej-szmyt","8":"product_tag-krzysztof-grajewski","9":"product_tag-marcin-m-wiszowaty","11":"first","12":"outofstock","13":"taxable","14":"shipping-taxable","15":"product-type-simple"},"acf":[],"_links":{"self":[{"href":"https:\/\/wydawnictwo.ug.edu.pl\/en\/wp-json\/wp\/v2\/product\/46938","targetHints":{"allow":["GET"]}}],"collection":[{"href":"https:\/\/wydawnictwo.ug.edu.pl\/en\/wp-json\/wp\/v2\/product"}],"about":[{"href":"https:\/\/wydawnictwo.ug.edu.pl\/en\/wp-json\/wp\/v2\/types\/product"}],"wp:featuredmedia":[{"embeddable":true,"href":"https:\/\/wydawnictwo.ug.edu.pl\/en\/wp-json\/wp\/v2\/media\/14693"}],"wp:attachment":[{"href":"https:\/\/wydawnictwo.ug.edu.pl\/en\/wp-json\/wp\/v2\/media?parent=46938"}],"wp:term":[{"taxonomy":"journal","embeddable":true,"href":"https:\/\/wydawnictwo.ug.edu.pl\/en\/wp-json\/wp\/v2\/journal?post=46938"},{"taxonomy":"rodzaj","embeddable":true,"href":"https:\/\/wydawnictwo.ug.edu.pl\/en\/wp-json\/wp\/v2\/rodzaj?post=46938"},{"taxonomy":"seria","embeddable":true,"href":"https:\/\/wydawnictwo.ug.edu.pl\/en\/wp-json\/wp\/v2\/seria?post=46938"},{"taxonomy":"product_brand","embeddable":true,"href":"https:\/\/wydawnictwo.ug.edu.pl\/en\/wp-json\/wp\/v2\/product_brand?post=46938"},{"taxonomy":"product_cat","embeddable":true,"href":"https:\/\/wydawnictwo.ug.edu.pl\/en\/wp-json\/wp\/v2\/product_cat?post=46938"},{"taxonomy":"product_tag","embeddable":true,"href":"https:\/\/wydawnictwo.ug.edu.pl\/en\/wp-json\/wp\/v2\/product_tag?post=46938"}],"curies":[{"name":"wp","href":"https:\/\/api.w.org\/{rel}","templated":true}]}}

Miscellanea parlamentarne. Praktyka w sferze napięć konstytucyjnoprawnych

<p>Prezentowana praca obejmuje wybrane zagadnienia z kręgu problematyki parlamentarnej, głównie sejmowej, ale również senackiej. Są różnorodne tematycznie i autorsko, stąd miscellanea w tytule, jednak wszystkie teksty powstały jako ekspertyzy mające stanowić próbę odpowiedzi na pytania związane z trudnymi sytuacjami w praktyce parlamentarnej. O charakterze prezentowanej pracy informuje jej podtytuł. Geneza poszczególnych opracowań wiąże się z praktyką parlamentarną ostatnich dwóch lat, w pełni więc aktualną ustrojowo. Kontrowersyjność wydarzeń i ich znaczenie sprawiły, że każdorazowo stwierdzono konieczność zasięgnięcia opinii ekspertów będących specjalistami w zakresie prawa konstytucyjnego.</p>
