{"id":46936,"date":"2016-11-30T00:00:00","date_gmt":"2016-11-30T00:00:00","guid":{"rendered":"https:\/\/wydawnictwo.ug.edu.pl\/?post_type=product&#038;p=46936"},"modified":"2026-02-11T16:16:02","modified_gmt":"2026-02-11T16:16:02","slug":"kultura-historia-literatura","status":"publish","type":"product","link":"https:\/\/wydawnictwo.ug.edu.pl\/en\/ksiegarnia-online\/literaturoznawstwo\/kultura-historia-literatura\/","title":{"rendered":"Kultura \u2013 Historia \u2013 Literatura"},"content":{"rendered":"","protected":false},"excerpt":{"rendered":"<p>Niniejszy wyb\u00f3r artyku\u0142\u00f3w Jurija \u0141otmana ma przedstawi\u0107 g\u0142\u00f3wne kr\u0119gi zagadnie\u0144, wok\u00f3\u0142 kt\u00f3rych kr\u0105\u017cy\u0142a jego my\u015bl w ci\u0105gu ostatnich trzydziestu lat dzia\u0142alno\u015bci, czyli od pocz\u0105tku lat sze\u015b\u0107dziesi\u0105tych ubieg\u0142ego wieku (kiedy g\u0142\u00f3wnie dzi\u0119ki jego wysi\u0142kom zacz\u0119\u0142a si\u0119 organizowa\u0107 nieformalna grupa uczonych z r\u00f3\u017cnych specjalno\u015bci nazywana tartusko-moskiewsk\u0105 szko\u0142\u0105 semiotyki kultury albo po prostu grup\u0105 Tartu-Moskwa) do ko\u0144ca jego \u017cycia, uznawanego za symboliczny kres szko\u0142y (na jego pogrzeb po raz ostatni zjechali uczestnicy letnich szk\u00f3\u0142 semiotycznych).<\/p>\n","protected":false},"featured_media":14668,"template":"","meta":{"_acf_changed":false},"journal":[],"rodzaj":[7074,7076],"seria":[7539],"product_brand":[],"product_cat":[6925],"product_tag":[],"class_list":{"0":"post-46936","1":"product","2":"type-product","3":"status-publish","4":"has-post-thumbnail","6":"rodzaj-ksiazki","7":"rodzaj-serie-wydawnicze","8":"seria-literatura-i-okolice","9":"product_cat-literaturoznawstwo","11":"first","12":"outofstock","13":"taxable","14":"shipping-taxable","15":"product-type-simple"},"acf":[],"_links":{"self":[{"href":"https:\/\/wydawnictwo.ug.edu.pl\/en\/wp-json\/wp\/v2\/product\/46936","targetHints":{"allow":["GET"]}}],"collection":[{"href":"https:\/\/wydawnictwo.ug.edu.pl\/en\/wp-json\/wp\/v2\/product"}],"about":[{"href":"https:\/\/wydawnictwo.ug.edu.pl\/en\/wp-json\/wp\/v2\/types\/product"}],"wp:featuredmedia":[{"embeddable":true,"href":"https:\/\/wydawnictwo.ug.edu.pl\/en\/wp-json\/wp\/v2\/media\/14668"}],"wp:attachment":[{"href":"https:\/\/wydawnictwo.ug.edu.pl\/en\/wp-json\/wp\/v2\/media?parent=46936"}],"wp:term":[{"taxonomy":"journal","embeddable":true,"href":"https:\/\/wydawnictwo.ug.edu.pl\/en\/wp-json\/wp\/v2\/journal?post=46936"},{"taxonomy":"rodzaj","embeddable":true,"href":"https:\/\/wydawnictwo.ug.edu.pl\/en\/wp-json\/wp\/v2\/rodzaj?post=46936"},{"taxonomy":"seria","embeddable":true,"href":"https:\/\/wydawnictwo.ug.edu.pl\/en\/wp-json\/wp\/v2\/seria?post=46936"},{"taxonomy":"product_brand","embeddable":true,"href":"https:\/\/wydawnictwo.ug.edu.pl\/en\/wp-json\/wp\/v2\/product_brand?post=46936"},{"taxonomy":"product_cat","embeddable":true,"href":"https:\/\/wydawnictwo.ug.edu.pl\/en\/wp-json\/wp\/v2\/product_cat?post=46936"},{"taxonomy":"product_tag","embeddable":true,"href":"https:\/\/wydawnictwo.ug.edu.pl\/en\/wp-json\/wp\/v2\/product_tag?post=46936"}],"curies":[{"name":"wp","href":"https:\/\/api.w.org\/{rel}","templated":true}]}}

<p>Niniejszy wybór artykułów Jurija Łotmana ma przedstawić główne kręgi zagadnień, wokół których krążyła jego myśl w ciągu ostatnich trzydziestu lat działalności, czyli od początku lat sześćdziesiątych ubiegłego wieku (kiedy głównie dzięki jego wysiłkom zaczęła się organizować nieformalna grupa uczonych z różnych specjalności nazywana tartusko-moskiewską szkołą semiotyki kultury albo po prostu grupą Tartu-Moskwa) do końca jego życia, uznawanego za symboliczny kres szkoły (na jego pogrzeb po raz ostatni zjechali uczestnicy letnich szkół semiotycznych).</p>
