{"id":46928,"date":"2016-11-30T00:00:00","date_gmt":"2016-11-30T00:00:00","guid":{"rendered":"https:\/\/wydawnictwo.ug.edu.pl\/ksiegarnia-online\/uncategorized\/miedzy-dobrem-a-zlem-mroczna-strona-czlowieka-w-traktatach-wloskiego-odrodzenia\/"},"modified":"2026-02-11T16:16:06","modified_gmt":"2026-02-11T16:16:06","slug":"miedzy-dobrem-a-zlem-mroczna-strona-czlowieka-w-traktatach-wloskiego-odrodzenia","status":"publish","type":"product","link":"https:\/\/wydawnictwo.ug.edu.pl\/en\/ksiegarnia-online\/literaturoznawstwo\/miedzy-dobrem-a-zlem-mroczna-strona-czlowieka-w-traktatach-wloskiego-odrodzenia\/","title":{"rendered":"Mi\u0119dzy dobrem a z\u0142em. Mroczna strona cz\u0142owieka w traktatach w\u0142oskiego odrodzenia"},"content":{"rendered":"","protected":false},"excerpt":{"rendered":"<p>Tematem monografii jest my\u015bl antropologiczno-spo\u0142eczna zawarta w traktatach odrodzeniowych w j\u0119zyku w\u0142oskim i \u0142aci\u0144skim, w kt\u00f3rych pojawia si\u0119 zaduma nad niedoskona\u0142o\u015bci\u0105 natury ludzkiej. Wybitni humani\u015bci epoki dostrzegaj\u0105 w cz\u0142owieku istot\u0119 s\u0142ab\u0105, omyln\u0105, sk\u0142onna do z\u0142a. Nie jest bowiem prawd\u0105, \u017ce w\u0142oski renesans jedynie s\u0142awi\u0142 cz\u0142owieka, jego rozum i umiej\u0119tno\u015bci, uwa\u017caj\u0105c go za r\u00f3wnego bogom, za zdolnego pokona\u0107 wszelkie przeszkody w drodze do celu, jakim mia\u0142a by\u0107 doskona\u0142o\u015b\u0107 i przemiana \u015bwiata na lepszy \u2013 w rzeczywisto\u015bci taka wizja dotyczy\u0142a wy\u0142\u0105cznie jednostek wybitnych i wszechstronnych.<\/p>\n","protected":false},"featured_media":14617,"template":"","meta":{"_acf_changed":false},"journal":[],"rodzaj":[7074],"seria":[],"product_brand":[],"product_cat":[6925],"product_tag":[8225],"class_list":{"0":"post-46928","1":"product","2":"type-product","3":"status-publish","4":"has-post-thumbnail","6":"rodzaj-ksiazki","7":"product_cat-literaturoznawstwo","8":"product_tag-karwacka-pastorkarwacka-pastor","10":"first","11":"outofstock","12":"taxable","13":"shipping-taxable","14":"product-type-simple"},"acf":[],"_links":{"self":[{"href":"https:\/\/wydawnictwo.ug.edu.pl\/en\/wp-json\/wp\/v2\/product\/46928","targetHints":{"allow":["GET"]}}],"collection":[{"href":"https:\/\/wydawnictwo.ug.edu.pl\/en\/wp-json\/wp\/v2\/product"}],"about":[{"href":"https:\/\/wydawnictwo.ug.edu.pl\/en\/wp-json\/wp\/v2\/types\/product"}],"wp:featuredmedia":[{"embeddable":true,"href":"https:\/\/wydawnictwo.ug.edu.pl\/en\/wp-json\/wp\/v2\/media\/14617"}],"wp:attachment":[{"href":"https:\/\/wydawnictwo.ug.edu.pl\/en\/wp-json\/wp\/v2\/media?parent=46928"}],"wp:term":[{"taxonomy":"journal","embeddable":true,"href":"https:\/\/wydawnictwo.ug.edu.pl\/en\/wp-json\/wp\/v2\/journal?post=46928"},{"taxonomy":"rodzaj","embeddable":true,"href":"https:\/\/wydawnictwo.ug.edu.pl\/en\/wp-json\/wp\/v2\/rodzaj?post=46928"},{"taxonomy":"seria","embeddable":true,"href":"https:\/\/wydawnictwo.ug.edu.pl\/en\/wp-json\/wp\/v2\/seria?post=46928"},{"taxonomy":"product_brand","embeddable":true,"href":"https:\/\/wydawnictwo.ug.edu.pl\/en\/wp-json\/wp\/v2\/product_brand?post=46928"},{"taxonomy":"product_cat","embeddable":true,"href":"https:\/\/wydawnictwo.ug.edu.pl\/en\/wp-json\/wp\/v2\/product_cat?post=46928"},{"taxonomy":"product_tag","embeddable":true,"href":"https:\/\/wydawnictwo.ug.edu.pl\/en\/wp-json\/wp\/v2\/product_tag?post=46928"}],"curies":[{"name":"wp","href":"https:\/\/api.w.org\/{rel}","templated":true}]}}

Między dobrem a złem. Mroczna strona człowieka w traktatach włoskiego odrodzenia

<p>Tematem monografii jest myśl antropologiczno-społeczna zawarta w traktatach odrodzeniowych w języku włoskim i łacińskim, w których pojawia się zaduma nad niedoskonałością natury ludzkiej. Wybitni humaniści epoki dostrzegają w człowieku istotę słabą, omylną, skłonna do zła. Nie jest bowiem prawdą, że włoski renesans jedynie sławił człowieka, jego rozum i umiejętności, uważając go za równego bogom, za zdolnego pokonać wszelkie przeszkody w drodze do celu, jakim miała być doskonałość i przemiana świata na lepszy – w rzeczywistości taka wizja dotyczyła wyłącznie jednostek wybitnych i wszechstronnych.</p>
