{"id":46927,"date":"2016-11-30T00:00:00","date_gmt":"2016-11-30T00:00:00","guid":{"rendered":"https:\/\/wydawnictwo.ug.edu.pl\/ksiegarnia-online\/uncategorized\/milczenie-w-teatrze-samuela-becketta-i-tadeusza-rozewicza\/"},"modified":"2026-02-11T16:18:18","modified_gmt":"2026-02-11T16:18:18","slug":"milczenie-w-teatrze-samuela-becketta-i-tadeusza-rozewicza","status":"publish","type":"product","link":"https:\/\/wydawnictwo.ug.edu.pl\/en\/ksiegarnia-online\/literaturoznawstwo\/milczenie-w-teatrze-samuela-becketta-i-tadeusza-rozewicza\/","title":{"rendered":"Milczenie w teatrze Samuela Becketta i Tadeusza R\u00f3\u017cewicza"},"content":{"rendered":"","protected":false},"excerpt":{"rendered":"<p>W ksi\u0105\u017cce\u00a0autorka kre\u015bli szerok\u0105 perspektyw\u0119 mo\u017cliwo\u015bci komunikowania i budowania relacji mi\u0119dzyludzkich poprzez pozawerbalne \u015brodki ekspresji. Pokazuje, \u015bledz\u0105c procesy rozwoju ludzkiej mowy, przemiany kulturowe i spo\u0142eczne, \u017ce pierwsze\u0144stwo w procesie komunikacji maj\u0105 gest, d\u017awi\u0119k, ruch, \u015bwiat\u0142o, mimika, wreszcie milczenie jako \u017ar\u00f3d\u0142o mowy i przeciwwaga dla s\u0142owa. Wszystkie te procesy przedstawia ilustruj\u0105c je wnikliw\u0105 analiz\u0105 dramat\u00f3w i spektakli R\u00f3\u017cewicza i Becketta. Jednocze\u015bnie dowiadujemy si\u0119 z ksi\u0105\u017cki jak bardzo, mimo wielu punkt\u00f3w wsp\u00f3lnych, r\u00f3\u017cni\u0105 si\u0119 sylwetki obu tw\u00f3rc\u00f3w i proponowanych przez nich rozwi\u0105za\u0144 tak dla dramatu, jak i teatru.<\/p>\n<p>Ksi\u0105\u017cka wydana w serii Dissertationes Laudatissimae Universitas Gedanensis<\/p>\n","protected":false},"featured_media":17784,"template":"","meta":{"_acf_changed":false},"journal":[],"rodzaj":[7074,7076],"seria":[7797],"product_brand":[],"product_cat":[6925],"product_tag":[8224],"class_list":{"0":"post-46927","1":"product","2":"type-product","3":"status-publish","4":"has-post-thumbnail","6":"rodzaj-ksiazki","7":"rodzaj-serie-wydawnicze","8":"seria-dissertationes-laudatissimae-universitas-gedanensis","9":"product_cat-literaturoznawstwo","10":"product_tag-joanna-lisiewicz","12":"first","13":"outofstock","14":"taxable","15":"shipping-taxable","16":"purchasable","17":"product-type-simple"},"acf":[],"_links":{"self":[{"href":"https:\/\/wydawnictwo.ug.edu.pl\/en\/wp-json\/wp\/v2\/product\/46927","targetHints":{"allow":["GET"]}}],"collection":[{"href":"https:\/\/wydawnictwo.ug.edu.pl\/en\/wp-json\/wp\/v2\/product"}],"about":[{"href":"https:\/\/wydawnictwo.ug.edu.pl\/en\/wp-json\/wp\/v2\/types\/product"}],"wp:featuredmedia":[{"embeddable":true,"href":"https:\/\/wydawnictwo.ug.edu.pl\/en\/wp-json\/wp\/v2\/media\/17784"}],"wp:attachment":[{"href":"https:\/\/wydawnictwo.ug.edu.pl\/en\/wp-json\/wp\/v2\/media?parent=46927"}],"wp:term":[{"taxonomy":"journal","embeddable":true,"href":"https:\/\/wydawnictwo.ug.edu.pl\/en\/wp-json\/wp\/v2\/journal?post=46927"},{"taxonomy":"rodzaj","embeddable":true,"href":"https:\/\/wydawnictwo.ug.edu.pl\/en\/wp-json\/wp\/v2\/rodzaj?post=46927"},{"taxonomy":"seria","embeddable":true,"href":"https:\/\/wydawnictwo.ug.edu.pl\/en\/wp-json\/wp\/v2\/seria?post=46927"},{"taxonomy":"product_brand","embeddable":true,"href":"https:\/\/wydawnictwo.ug.edu.pl\/en\/wp-json\/wp\/v2\/product_brand?post=46927"},{"taxonomy":"product_cat","embeddable":true,"href":"https:\/\/wydawnictwo.ug.edu.pl\/en\/wp-json\/wp\/v2\/product_cat?post=46927"},{"taxonomy":"product_tag","embeddable":true,"href":"https:\/\/wydawnictwo.ug.edu.pl\/en\/wp-json\/wp\/v2\/product_tag?post=46927"}],"curies":[{"name":"wp","href":"https:\/\/api.w.org\/{rel}","templated":true}]}}

Milczenie w teatrze Samuela Becketta i Tadeusza Różewicza

<p>W książce autorka kreśli szeroką perspektywę możliwości komunikowania i budowania relacji międzyludzkich poprzez pozawerbalne środki ekspresji. Pokazuje, śledząc procesy rozwoju ludzkiej mowy, przemiany kulturowe i społeczne, że pierwszeństwo w procesie komunikacji mają gest, dźwięk, ruch, światło, mimika, wreszcie milczenie jako źródło mowy i przeciwwaga dla słowa. Wszystkie te procesy przedstawia ilustrując je wnikliwą analizą dramatów i spektakli Różewicza i Becketta. Jednocześnie dowiadujemy się z książki jak bardzo, mimo wielu punktów wspólnych, różnią się sylwetki obu twórców i proponowanych przez nich rozwiązań tak dla dramatu, jak i teatru.</p>
<p>Książka wydana w serii Dissertationes Laudatissimae Universitas Gedanensis</p>
