{"id":46924,"date":"2016-12-01T00:00:00","date_gmt":"2016-12-01T00:00:00","guid":{"rendered":"https:\/\/wydawnictwo.ug.edu.pl\/ksiegarnia-online\/uncategorized\/o-faraonie-boleslawa-prusa-studium-monograficzne\/"},"modified":"2026-02-11T16:02:38","modified_gmt":"2026-02-11T16:02:38","slug":"o-faraonie-boleslawa-prusa-studium-monograficzne","status":"publish","type":"product","link":"https:\/\/wydawnictwo.ug.edu.pl\/en\/ksiegarnia-online\/literaturoznawstwo\/o-faraonie-boleslawa-prusa-studium-monograficzne\/","title":{"rendered":"O \u201eFaraonie\u201d Boles\u0142awa Prusa. Studium monograficzne"},"content":{"rendered":"","protected":false},"excerpt":{"rendered":"<p>Mimo \u017ce od ukazania si\u0119\u00a0<em>Faraona<\/em>, czwartej powie\u015bci Boles\u0142awa Prusa, min\u0119\u0142o prawie 120 lat, wci\u0105\u017c nie jest to utw\u00f3r wnikliwie przebadany i zanalizowany. Powie\u015b\u0107 z ca\u0142\u0105 pewno\u015bci\u0105 zas\u0142uguje na ponown\u0105 uwag\u0119 historyka literatury \u2013 nie tylko z racji faktu, i\u017c napisa\u0142 j\u0105 jeden z najwa\u017cniejszych prozaik\u00f3w polskich XIX wieku i najoryginalniejszych my\u015blicieli swego czasu. Ju\u017c pobie\u017cne rozpoznanie utworu pozwala dostrzec jego bogat\u0105 problematyk\u0119: historiozoficzn\u0105, polityczn\u0105, socjologiczn\u0105. Nadto uwag\u0119 badacza zwracaj\u0105 ciekawi bohaterowie, spos\u00f3b prowadzenia narracji, znakomita kompozycja, nietypowe uj\u0119cie czasu i przestrzeni. Zaskakuj\u0105ce wi\u0119c, \u017ce wci\u0105\u017c nie znamy odpowiedzi na pytania w kontek\u015bcie tej powie\u015bci, rzec mo\u017cna, fundamentalne. Nie potrafimy ustali\u0107 jej genezy: sk\u0105d tak nag\u0142y zwrot Prusa ku przesz\u0142o\u015bci? Zastanawiamy si\u0119, dlaczego\u00a0<em>Faraon<\/em>, jako jedyna powie\u015b\u0107 Prusa, nie by\u0142 pisany metod\u0105 odcinkow\u0105. Wi\u0119kszo\u015b\u0107 postaci nie doczeka\u0142a si\u0119 nale\u017cytej uwagi, podobnie jak zagadnienia czasu i staroegipskich reali\u00f3w. \u201eBia\u0142ych plam\u201d mo\u017cna wi\u0119c wskaza\u0107, jak widzimy, a\u017c nadto.<\/p>\n","protected":false},"featured_media":14605,"template":"","meta":{"_acf_changed":false},"journal":[],"rodzaj":[2602],"seria":[],"product_brand":[],"product_cat":[6925],"product_tag":[346],"class_list":{"0":"post-46924","1":"product","2":"type-product","3":"status-publish","4":"has-post-thumbnail","6":"rodzaj-ksiazki","7":"product_cat-literaturoznawstwo","8":"product_tag-roksana-blech","10":"first","11":"outofstock","12":"taxable","13":"shipping-taxable","14":"purchasable","15":"product-type-simple"},"acf":[],"_links":{"self":[{"href":"https:\/\/wydawnictwo.ug.edu.pl\/en\/wp-json\/wp\/v2\/product\/46924","targetHints":{"allow":["GET"]}}],"collection":[{"href":"https:\/\/wydawnictwo.ug.edu.pl\/en\/wp-json\/wp\/v2\/product"}],"about":[{"href":"https:\/\/wydawnictwo.ug.edu.pl\/en\/wp-json\/wp\/v2\/types\/product"}],"wp:featuredmedia":[{"embeddable":true,"href":"https:\/\/wydawnictwo.ug.edu.pl\/en\/wp-json\/wp\/v2\/media\/14605"}],"wp:attachment":[{"href":"https:\/\/wydawnictwo.ug.edu.pl\/en\/wp-json\/wp\/v2\/media?parent=46924"}],"wp:term":[{"taxonomy":"journal","embeddable":true,"href":"https:\/\/wydawnictwo.ug.edu.pl\/en\/wp-json\/wp\/v2\/journal?post=46924"},{"taxonomy":"rodzaj","embeddable":true,"href":"https:\/\/wydawnictwo.ug.edu.pl\/en\/wp-json\/wp\/v2\/rodzaj?post=46924"},{"taxonomy":"seria","embeddable":true,"href":"https:\/\/wydawnictwo.ug.edu.pl\/en\/wp-json\/wp\/v2\/seria?post=46924"},{"taxonomy":"product_brand","embeddable":true,"href":"https:\/\/wydawnictwo.ug.edu.pl\/en\/wp-json\/wp\/v2\/product_brand?post=46924"},{"taxonomy":"product_cat","embeddable":true,"href":"https:\/\/wydawnictwo.ug.edu.pl\/en\/wp-json\/wp\/v2\/product_cat?post=46924"},{"taxonomy":"product_tag","embeddable":true,"href":"https:\/\/wydawnictwo.ug.edu.pl\/en\/wp-json\/wp\/v2\/product_tag?post=46924"}],"curies":[{"name":"wp","href":"https:\/\/api.w.org\/{rel}","templated":true}]}}

O „Faraonie” Bolesława Prusa. Studium monograficzne

<p>Mimo że od ukazania się <em>Faraona</em>, czwartej powieści Bolesława Prusa, minęło prawie 120 lat, wciąż nie jest to utwór wnikliwie przebadany i zanalizowany. Powieść z całą pewnością zasługuje na ponowną uwagę historyka literatury – nie tylko z racji faktu, iż napisał ją jeden z najważniejszych prozaików polskich XIX wieku i najoryginalniejszych myślicieli swego czasu. Już pobieżne rozpoznanie utworu pozwala dostrzec jego bogatą problematykę: historiozoficzną, polityczną, socjologiczną. Nadto uwagę badacza zwracają ciekawi bohaterowie, sposób prowadzenia narracji, znakomita kompozycja, nietypowe ujęcie czasu i przestrzeni. Zaskakujące więc, że wciąż nie znamy odpowiedzi na pytania w kontekście tej powieści, rzec można, fundamentalne. Nie potrafimy ustalić jej genezy: skąd tak nagły zwrot Prusa ku przeszłości? Zastanawiamy się, dlaczego <em>Faraon</em>, jako jedyna powieść Prusa, nie był pisany metodą odcinkową. Większość postaci nie doczekała się należytej uwagi, podobnie jak zagadnienia czasu i staroegipskich realiów. „Białych plam” można więc wskazać, jak widzimy, aż nadto.</p>
