{"id":46923,"date":"2016-12-01T00:00:00","date_gmt":"2016-12-01T00:00:00","guid":{"rendered":"https:\/\/wydawnictwo.ug.edu.pl\/ksiegarnia-online\/uncategorized\/obraz-jako-medium-wtajemniczajace-w-misterium-na-przykladzie-obrazow-nie-reka-ludzka-wykonanych-i-pochodzacych-z-wizji-mistycznych\/"},"modified":"2026-02-11T16:02:38","modified_gmt":"2026-02-11T16:02:38","slug":"obraz-jako-medium-wtajemniczajace-w-misterium-na-przykladzie-obrazow-nie-reka-ludzka-wykonanych-i-pochodzacych-z-wizji-mistycznych","status":"publish","type":"product","link":"https:\/\/wydawnictwo.ug.edu.pl\/en\/ksiegarnia-online\/historia-sztuki-i-kulturoznawstwo\/obraz-jako-medium-wtajemniczajace-w-misterium-na-przykladzie-obrazow-nie-reka-ludzka-wykonanych-i-pochodzacych-z-wizji-mistycznych\/","title":{"rendered":"Obraz jako medium wtajemniczaj\u0105ce w misterium na przyk\u0142adzie obraz\u00f3w nie-r\u0119k\u0105-ludzk\u0105-wykonanych i pochodz\u0105cych z wizji mistycznych"},"content":{"rendered":"","protected":false},"excerpt":{"rendered":"<p>Zakres tematyczny ksi\u0105\u017cki dotyczy zagadnie\u0144 obrazu w objawieniu biblijnym, tradycji Ko\u015bcio\u0142a oraz wsp\u00f3\u0142czesnej praktyce na p\u0142aszczy\u017anie \u015bwi\u0119tych wizerunk\u00f3w. Podj\u0119te zagadnienia obejmuj\u0105 problematyk\u0119 formy obrazu w kontek\u015bcie aspekt\u00f3w komunikacyjnych oraz problematyk\u0119 przyczyn \u017ar\u00f3de\u0142 kryzysu obrazu w obszarze \u015bwi\u0105tyni. Ksi\u0105\u017cka jest mi\u0119dzy innymi pr\u00f3b\u0105 odpowiedzi na nast\u0119puj\u0105ce pytania: czy istnieje potrzeba zaktualizowania stanowiska Ko\u015bcio\u0142a w kwestii obraz\u00f3w, w kontek\u015bcie wsp\u00f3\u0142czesno\u015bci, w kontek\u015bcie pojawiania si\u0119 nowych medi\u00f3w? Co ma dzisiaj do zaproponowania Ko\u015bci\u00f3\u0142 cz\u0142owiekowi szukaj\u0105cemu kontaktu z Bogiem za po\u015brednictwem obrazu w miejscu, gdzie dokonuje si\u0119 liturgia? Czy kwestia obrazu jest spraw\u0105 marginaln\u0105 czy kluczow\u0105 dla wiary? Czy w obszarze liturgii mo\u017cna oddziela\u0107 obraz od kategorii pi\u0119kna?<\/p>\n","protected":false},"featured_media":14602,"template":"","meta":{"_acf_changed":false},"journal":[],"rodzaj":[7074],"seria":[],"product_brand":[],"product_cat":[6936],"product_tag":[7406],"class_list":{"0":"post-46923","1":"product","2":"type-product","3":"status-publish","4":"has-post-thumbnail","6":"rodzaj-ksiazki","7":"product_cat-historia-sztuki-i-kulturoznawstwo","8":"product_tag-treppa","10":"first","11":"outofstock","12":"taxable","13":"shipping-taxable","14":"product-type-simple"},"acf":[],"_links":{"self":[{"href":"https:\/\/wydawnictwo.ug.edu.pl\/en\/wp-json\/wp\/v2\/product\/46923","targetHints":{"allow":["GET"]}}],"collection":[{"href":"https:\/\/wydawnictwo.ug.edu.pl\/en\/wp-json\/wp\/v2\/product"}],"about":[{"href":"https:\/\/wydawnictwo.ug.edu.pl\/en\/wp-json\/wp\/v2\/types\/product"}],"wp:featuredmedia":[{"embeddable":true,"href":"https:\/\/wydawnictwo.ug.edu.pl\/en\/wp-json\/wp\/v2\/media\/14602"}],"wp:attachment":[{"href":"https:\/\/wydawnictwo.ug.edu.pl\/en\/wp-json\/wp\/v2\/media?parent=46923"}],"wp:term":[{"taxonomy":"journal","embeddable":true,"href":"https:\/\/wydawnictwo.ug.edu.pl\/en\/wp-json\/wp\/v2\/journal?post=46923"},{"taxonomy":"rodzaj","embeddable":true,"href":"https:\/\/wydawnictwo.ug.edu.pl\/en\/wp-json\/wp\/v2\/rodzaj?post=46923"},{"taxonomy":"seria","embeddable":true,"href":"https:\/\/wydawnictwo.ug.edu.pl\/en\/wp-json\/wp\/v2\/seria?post=46923"},{"taxonomy":"product_brand","embeddable":true,"href":"https:\/\/wydawnictwo.ug.edu.pl\/en\/wp-json\/wp\/v2\/product_brand?post=46923"},{"taxonomy":"product_cat","embeddable":true,"href":"https:\/\/wydawnictwo.ug.edu.pl\/en\/wp-json\/wp\/v2\/product_cat?post=46923"},{"taxonomy":"product_tag","embeddable":true,"href":"https:\/\/wydawnictwo.ug.edu.pl\/en\/wp-json\/wp\/v2\/product_tag?post=46923"}],"curies":[{"name":"wp","href":"https:\/\/api.w.org\/{rel}","templated":true}]}}

Obraz jako medium wtajemniczające w misterium na przykładzie obrazów nie-ręką-ludzką-wykonanych i pochodzących z wizji mistycznych

<p>Zakres tematyczny książki dotyczy zagadnień obrazu w objawieniu biblijnym, tradycji Kościoła oraz współczesnej praktyce na płaszczyźnie świętych wizerunków. Podjęte zagadnienia obejmują problematykę formy obrazu w kontekście aspektów komunikacyjnych oraz problematykę przyczyn źródeł kryzysu obrazu w obszarze świątyni. Książka jest między innymi próbą odpowiedzi na następujące pytania: czy istnieje potrzeba zaktualizowania stanowiska Kościoła w kwestii obrazów, w kontekście współczesności, w kontekście pojawiania się nowych mediów? Co ma dzisiaj do zaproponowania Kościół człowiekowi szukającemu kontaktu z Bogiem za pośrednictwem obrazu w miejscu, gdzie dokonuje się liturgia? Czy kwestia obrazu jest sprawą marginalną czy kluczową dla wiary? Czy w obszarze liturgii można oddzielać obraz od kategorii piękna?</p>
