{"id":46917,"date":"2016-12-30T01:00:00","date_gmt":"2016-12-30T01:00:00","guid":{"rendered":"https:\/\/wydawnictwo.ug.edu.pl\/ksiegarnia-online\/uncategorized\/historia-na-ekranie-polski-ludowej\/"},"modified":"2026-02-11T16:01:22","modified_gmt":"2026-02-11T16:01:22","slug":"historia-na-ekranie-polski-ludowej","status":"publish","type":"product","link":"https:\/\/wydawnictwo.ug.edu.pl\/en\/ksiegarnia-online\/sztuka\/historia-na-ekranie-polski-ludowej\/","title":{"rendered":"Historia na ekranie Polski Ludowej"},"content":{"rendered":"","protected":false},"excerpt":{"rendered":"<p><span style=\"color: #ff0000;\"><strong>Produkt niedost\u0119pny w sprzeda\u017cy<\/strong><\/span><\/p>\n<p>Na polskim rynku wydawniczym nie pojawi\u0142a si\u0119 jak dot\u0105d ksi\u0105\u017cka po\u015bwi\u0119cona polskim filmom historycznym z okresu PRL. Syntezy rodzimej X Muzy zawieraj\u0105 du\u017co informacji na temat zwi\u0105zk\u00f3w kina i historii, jednak z racji swych og\u00f3lnych za\u0142o\u017ce\u0144, nie opisuj\u0105 tego interesuj\u0105cego tematu w spos\u00f3b dog\u0142\u0119bny i wyczerpuj\u0105cy. Polski film historyczny ma ponad stuletni\u0105 tradycj\u0119 \u2013 pierwsze tego typu produkcje pojawi\u0142y si\u0119 na ziemiach polskich jeszcze w czasach zabor\u00f3w przed I wojn\u0105 \u015bwiatow\u0105. W dwudziestoleciu mi\u0119dzywojennym rodzime kino wielokrotnie podejmowa\u0142o historyczne w\u0105tki, a J\u00f3zef Lejtes, uznawany za najwa\u017cniejszego tw\u00f3rc\u0119 mi\u0119dzywojnia, traktowa\u0142 wycieczki w g\u0142\u0105b polskiej przesz\u0142o\u015bci jako swoist\u0105 wizyt\u00f3wk\u0119 artystyczn\u0105. Kinematografia PRL opiera\u0142a si\u0119 w znacznym stopniu na poszerzonej refleksji historyczno-historiozoficznej i podczas tak d\u0142ugiego (jak na dzieje X Muzy) okresu historycznofilmowego\u00a0 wyprodukowano w Polsce setki produkcji po\u015bwi\u0119conym refleksjom na temat bli\u017cszej i dalszej przesz\u0142o\u015bci. O du\u017cej wadze kina historycznego Polski Ludowej mo\u017ce \u015bwiadczy\u0107 r\u00f3wnie\u017c fakt, \u017ce na siedem Oscarowych nominacji w latach istnienia PRL, a\u017c sze\u015b\u0107 dotyczy\u0142o film\u00f3w, dla kt\u00f3rych t\u0142em by\u0142y wydarzenia historyczne. Jednym z istotniejszych w\u0105tk\u00f3w ksi\u0105\u017cki b\u0119dzie wskazanie i opisanie propagandowej funkcji kina historycznego PRL. Po 1989 roku historia nadal jest wa\u017cnym elementem rodzimej kinematografii, a od powstania w 2005 roku Polskiego Instytutu Sztuki Filmowej wida\u0107, \u017ce tematyka historyczna jest jednym z g\u0142\u00f3wnych temat\u00f3w poruszanych przez polskich tw\u00f3rc\u00f3w.<\/p>\n<p>Monografia\u00a0<em>Historia na ekranie Polski Ludowej<\/em>\u00a0ma stanowi\u0107 uzupe\u0142nienie luki na polskim rynku filmoznawczym. Szeroko\u015b\u0107 tematyki (w PRL wyprodukowano kilkaset film\u00f3w historycznych) wymusza na autorze przyj\u0119cie odpowiednich warunk\u00f3w metodologicznych w podziale materia\u0142u filmowego.<\/p>\n","protected":false},"featured_media":14640,"template":"","meta":{"_acf_changed":false},"journal":[],"rodzaj":[7074,7076],"seria":[7629],"product_brand":[],"product_cat":[6939,6958],"product_tag":[8216],"class_list":{"0":"post-46917","1":"product","2":"type-product","3":"status-publish","4":"has-post-thumbnail","6":"rodzaj-ksiazki","7":"rodzaj-serie-wydawnicze","8":"seria-linia-filmowa","9":"product_cat-sztuka","10":"product_cat-historia","11":"product_tag-piotr-kurpiewskipiotr-kurpiewski","13":"first","14":"outofstock","15":"taxable","16":"shipping-taxable","17":"purchasable","18":"product-type-simple"},"acf":[],"_links":{"self":[{"href":"https:\/\/wydawnictwo.ug.edu.pl\/en\/wp-json\/wp\/v2\/product\/46917","targetHints":{"allow":["GET"]}}],"collection":[{"href":"https:\/\/wydawnictwo.ug.edu.pl\/en\/wp-json\/wp\/v2\/product"}],"about":[{"href":"https:\/\/wydawnictwo.ug.edu.pl\/en\/wp-json\/wp\/v2\/types\/product"}],"wp:featuredmedia":[{"embeddable":true,"href":"https:\/\/wydawnictwo.ug.edu.pl\/en\/wp-json\/wp\/v2\/media\/14640"}],"wp:attachment":[{"href":"https:\/\/wydawnictwo.ug.edu.pl\/en\/wp-json\/wp\/v2\/media?parent=46917"}],"wp:term":[{"taxonomy":"journal","embeddable":true,"href":"https:\/\/wydawnictwo.ug.edu.pl\/en\/wp-json\/wp\/v2\/journal?post=46917"},{"taxonomy":"rodzaj","embeddable":true,"href":"https:\/\/wydawnictwo.ug.edu.pl\/en\/wp-json\/wp\/v2\/rodzaj?post=46917"},{"taxonomy":"seria","embeddable":true,"href":"https:\/\/wydawnictwo.ug.edu.pl\/en\/wp-json\/wp\/v2\/seria?post=46917"},{"taxonomy":"product_brand","embeddable":true,"href":"https:\/\/wydawnictwo.ug.edu.pl\/en\/wp-json\/wp\/v2\/product_brand?post=46917"},{"taxonomy":"product_cat","embeddable":true,"href":"https:\/\/wydawnictwo.ug.edu.pl\/en\/wp-json\/wp\/v2\/product_cat?post=46917"},{"taxonomy":"product_tag","embeddable":true,"href":"https:\/\/wydawnictwo.ug.edu.pl\/en\/wp-json\/wp\/v2\/product_tag?post=46917"}],"curies":[{"name":"wp","href":"https:\/\/api.w.org\/{rel}","templated":true}]}}

<p><span style="color: #ff0000;"><strong>Produkt niedostępny w sprzedaży</strong></span></p>
<p>Na polskim rynku wydawniczym nie pojawiła się jak dotąd książka poświęcona polskim filmom historycznym z okresu PRL. Syntezy rodzimej X Muzy zawierają dużo informacji na temat związków kina i historii, jednak z racji swych ogólnych założeń, nie opisują tego interesującego tematu w sposób dogłębny i wyczerpujący. Polski film historyczny ma ponad stuletnią tradycję – pierwsze tego typu produkcje pojawiły się na ziemiach polskich jeszcze w czasach zaborów przed I wojną światową. W dwudziestoleciu międzywojennym rodzime kino wielokrotnie podejmowało historyczne wątki, a Józef Lejtes, uznawany za najważniejszego twórcę międzywojnia, traktował wycieczki w głąb polskiej przeszłości jako swoistą wizytówkę artystyczną. Kinematografia PRL opierała się w znacznym stopniu na poszerzonej refleksji historyczno-historiozoficznej i podczas tak długiego (jak na dzieje X Muzy) okresu historycznofilmowego  wyprodukowano w Polsce setki produkcji poświęconym refleksjom na temat bliższej i dalszej przeszłości. O dużej wadze kina historycznego Polski Ludowej może świadczyć również fakt, że na siedem Oscarowych nominacji w latach istnienia PRL, aż sześć dotyczyło filmów, dla których tłem były wydarzenia historyczne. Jednym z istotniejszych wątków książki będzie wskazanie i opisanie propagandowej funkcji kina historycznego PRL. Po 1989 roku historia nadal jest ważnym elementem rodzimej kinematografii, a od powstania w 2005 roku Polskiego Instytutu Sztuki Filmowej widać, że tematyka historyczna jest jednym z głównych tematów poruszanych przez polskich twórców.</p>
<p>Monografia <em>Historia na ekranie Polski Ludowej</em> ma stanowić uzupełnienie luki na polskim rynku filmoznawczym. Szerokość tematyki (w PRL wyprodukowano kilkaset filmów historycznych) wymusza na autorze przyjęcie odpowiednich warunków metodologicznych w podziale materiału filmowego.</p>
