{"id":46912,"date":"2017-12-02T00:00:00","date_gmt":"2017-12-02T00:00:00","guid":{"rendered":"https:\/\/wydawnictwo.ug.edu.pl\/ksiegarnia-online\/uncategorized\/leksykon-pilsudczykowski-tom-ii-slownik-biograficzny-m-z\/"},"modified":"2026-02-11T15:51:15","modified_gmt":"2026-02-11T15:51:15","slug":"leksykon-pilsudczykowski-tom-ii-slownik-biograficzny-m-z","status":"publish","type":"product","link":"https:\/\/wydawnictwo.ug.edu.pl\/en\/ksiegarnia-online\/historia\/leksykon-pilsudczykowski-tom-ii-slownik-biograficzny-m-z\/","title":{"rendered":"Leksykon pi\u0142sudczykowski. Tom II. S\u0142ownik biograficzny M\u2013\u017b"},"content":{"rendered":"","protected":false},"excerpt":{"rendered":"<p>Problematyka leksykonu zosta\u0142a przez jego pomys\u0142odawc\u00f3w, redaktor\u00f3w i autor\u00f3w, okre\u015blona trafnie. O ile bowiem dzieje Drugiej Rzeczypospolitej, elita wojskowa i polityczna Polski mi\u0119dzywojennej lub poszczeg\u00f3lne ruchy polityczne z okresu Niepodleg\u0142ej doczeka\u0142y si\u0119 mniej lub bardziej udanych opracowa\u0144 o charakterze s\u0142ownikowym, o tyle pi\u0142sudczycy (b\u0119d\u0105cy przecie\u017c bohaterami licznych biografii) \u2013 i zorganizowane przez nich ugrupowania (r\u00f3wnie\u017c omawiane w mnogich monografiach) \u2013 nie stali si\u0119 jak dot\u0105d przedmiotem zainteresowania autor\u00f3w pozycji o charakterze przegl\u0105dowym: s\u0142ownik\u00f3w, leksykon\u00f3w i encyklopedii.<\/p>\n<div>\n<p>Tymczasem potrzeba opracowania tego typu wydawnictwa wydaje si\u0119 szczeg\u00f3lnie uzasadniona w\u0142a\u015bnie w odniesieniu do ruchu pi\u0142sudczykowskiego. Akces do niego w r\u00f3\u017cnych okresach zg\u0142aszali liczni przedstawiciele \u00a0\u017cycia politycznego na ziemiach polskich i w\u015br\u00f3d emigracji powrze\u015bniowej, rekrutuj\u0105cy si\u0119 spo\u015br\u00f3d wielu niezwykle r\u00f3\u017cnorodnych \u015brodowisk politycznych w Polsce i na emigracji.<\/p>\n<p><em>Z recenzji wydawniczej dr. hab. Przemys\u0142awa Waingertnera, prof. U\u0141<\/em><\/p>\n<\/div>\n","protected":false},"featured_media":14755,"template":"","meta":{"_acf_changed":false},"journal":[],"rodzaj":[2602],"seria":[],"product_brand":[],"product_cat":[6958],"product_tag":[540,541,452],"class_list":{"0":"post-46912","1":"product","2":"type-product","3":"status-publish","4":"has-post-thumbnail","6":"rodzaj-ksiazki","7":"product_cat-historia","8":"product_tag-jakub-h-szlachetko","9":"product_tag-kamil-piskala","10":"product_tag-karol-dziuda","12":"first","13":"outofstock","14":"taxable","15":"shipping-taxable","16":"purchasable","17":"product-type-simple"},"acf":[],"_links":{"self":[{"href":"https:\/\/wydawnictwo.ug.edu.pl\/en\/wp-json\/wp\/v2\/product\/46912","targetHints":{"allow":["GET"]}}],"collection":[{"href":"https:\/\/wydawnictwo.ug.edu.pl\/en\/wp-json\/wp\/v2\/product"}],"about":[{"href":"https:\/\/wydawnictwo.ug.edu.pl\/en\/wp-json\/wp\/v2\/types\/product"}],"wp:featuredmedia":[{"embeddable":true,"href":"https:\/\/wydawnictwo.ug.edu.pl\/en\/wp-json\/wp\/v2\/media\/14755"}],"wp:attachment":[{"href":"https:\/\/wydawnictwo.ug.edu.pl\/en\/wp-json\/wp\/v2\/media?parent=46912"}],"wp:term":[{"taxonomy":"journal","embeddable":true,"href":"https:\/\/wydawnictwo.ug.edu.pl\/en\/wp-json\/wp\/v2\/journal?post=46912"},{"taxonomy":"rodzaj","embeddable":true,"href":"https:\/\/wydawnictwo.ug.edu.pl\/en\/wp-json\/wp\/v2\/rodzaj?post=46912"},{"taxonomy":"seria","embeddable":true,"href":"https:\/\/wydawnictwo.ug.edu.pl\/en\/wp-json\/wp\/v2\/seria?post=46912"},{"taxonomy":"product_brand","embeddable":true,"href":"https:\/\/wydawnictwo.ug.edu.pl\/en\/wp-json\/wp\/v2\/product_brand?post=46912"},{"taxonomy":"product_cat","embeddable":true,"href":"https:\/\/wydawnictwo.ug.edu.pl\/en\/wp-json\/wp\/v2\/product_cat?post=46912"},{"taxonomy":"product_tag","embeddable":true,"href":"https:\/\/wydawnictwo.ug.edu.pl\/en\/wp-json\/wp\/v2\/product_tag?post=46912"}],"curies":[{"name":"wp","href":"https:\/\/api.w.org\/{rel}","templated":true}]}}

Leksykon piłsudczykowski. Tom II. Słownik biograficzny M–Ż

<p>Problematyka leksykonu została przez jego pomysłodawców, redaktorów i autorów, określona trafnie. O ile bowiem dzieje Drugiej Rzeczypospolitej, elita wojskowa i polityczna Polski międzywojennej lub poszczególne ruchy polityczne z okresu Niepodległej doczekały się mniej lub bardziej udanych opracowań o charakterze słownikowym, o tyle piłsudczycy (będący przecież bohaterami licznych biografii) – i zorganizowane przez nich ugrupowania (również omawiane w mnogich monografiach) – nie stali się jak dotąd przedmiotem zainteresowania autorów pozycji o charakterze przeglądowym: słowników, leksykonów i encyklopedii.</p>
<div>
<p>Tymczasem potrzeba opracowania tego typu wydawnictwa wydaje się szczególnie uzasadniona właśnie w odniesieniu do ruchu piłsudczykowskiego. Akces do niego w różnych okresach zgłaszali liczni przedstawiciele  życia politycznego na ziemiach polskich i wśród emigracji powrześniowej, rekrutujący się spośród wielu niezwykle różnorodnych środowisk politycznych w Polsce i na emigracji.</p>
<p><em>Z recenzji wydawniczej dr. hab. Przemysława Waingertnera, prof. UŁ</em></p>
</div>
