{"id":46911,"date":"2017-12-02T00:00:00","date_gmt":"2017-12-02T00:00:00","guid":{"rendered":"https:\/\/wydawnictwo.ug.edu.pl\/ksiegarnia-online\/uncategorized\/teoria-i-filozofia-prawa-miedzynarodowego-hansa-kelsena\/"},"modified":"2026-02-11T15:55:06","modified_gmt":"2026-02-11T15:55:06","slug":"teoria-i-filozofia-prawa-miedzynarodowego-hansa-kelsena","status":"publish","type":"product","link":"https:\/\/wydawnictwo.ug.edu.pl\/en\/ksiegarnia-online\/prawo-i-administracja\/teoria-i-filozofia-prawa-miedzynarodowego-hansa-kelsena\/","title":{"rendered":"Teoria i filozofia prawa mi\u0119dzynarodowego Hansa Kelsena"},"content":{"rendered":"","protected":false},"excerpt":{"rendered":"<p>W ksi\u0105\u017cce autor podejmuje pr\u00f3b\u0119 rekonstrukcji teorii i filozofii prawa\u00a0mi\u0119dzynarodowego Hansa Kelsena, jednego z najwa\u017cniejszych autorytet\u00f3w\u00a0prawniczych XX w. Obejmuje ona nie tylko analiz\u0119 wci\u0105\u017c aktualnych twierdze\u0144\u00a0jego czystej nauki prawa w kontek\u015bcie problem\u00f3w prawa mi\u0119dzynarodowego,\u00a0czytelnik ma tak\u017ce okazj\u0119 pozna\u0107 normatywne i krytyczne postulaty oraz\u00a0mniej znane pogl\u0105dy Kelsena &#8211; filozofa prawa i polityki, kt\u00f3rego przewidywania\u00a0co do kierunk\u00f3w rozwoju prawa mi\u0119dzynarodowego okaza\u0142y si\u0119 zaskakuj\u0105co\u00a0trafne. Ksi\u0105\u017cka podwa\u017ca rozpowszechniony pogl\u0105d o nieprzydatno\u015bci rzekomo\u00a0skostnia\u0142ej, hierarchicznej koncepcji systemu prawnego Kelsena dla rozwi\u0105zywania wsp\u00f3\u0142czesnych problem\u00f3w przeobra\u017ce\u0144 strukturalnych i normatywnych\u00a0prawa mi\u0119dzynarodowego. Teoria i filozofia prawa mi\u0119dzynarodowego Kelsena\u00a0mo\u017ce z powodzeniem zosta\u0107 zastosowana do opisania i wyja\u015bniania zjawisk,\u00a0takich jak jego \u201efragmentacja&#8221; oraz fenomen \u201eprawa globalnego&#8221;.<\/p>\n<p>Ksi\u0105\u017cka zosta\u0142a napisana z my\u015bl\u0105 o dw\u00f3ch grupach czytelnik\u00f3w. Po pierwsze,\u00a0jest skierowana do os\u00f3b, kt\u00f3re s\u0105 zainteresowane teori\u0105 i filozofi\u0105 prawa.\u00a0Po drugie, jej adresatami s\u0105 tak\u017ce specjali\u015bci maj\u0105cy szczeg\u00f3\u0142ow\u0105 wiedz\u0119\u00a0o prawie i stosunkach mi\u0119dzynarodowych, kt\u00f3rzy poszukuj\u0105 og\u00f3lniejszej\u00a0refleksji\u00a0<em>more philosophico<\/em>.<\/p>\n","protected":false},"featured_media":14929,"template":"","meta":{"_acf_changed":false},"journal":[],"rodzaj":[],"seria":[],"product_brand":[],"product_cat":[6932],"product_tag":[7441],"class_list":{"0":"post-46911","1":"product","2":"type-product","3":"status-publish","4":"has-post-thumbnail","6":"product_cat-prawo-i-administracja","7":"product_tag-tomasz-widlaktomasz-widlak","9":"first","10":"outofstock","11":"taxable","12":"shipping-taxable","13":"purchasable","14":"product-type-simple"},"acf":[],"_links":{"self":[{"href":"https:\/\/wydawnictwo.ug.edu.pl\/en\/wp-json\/wp\/v2\/product\/46911","targetHints":{"allow":["GET"]}}],"collection":[{"href":"https:\/\/wydawnictwo.ug.edu.pl\/en\/wp-json\/wp\/v2\/product"}],"about":[{"href":"https:\/\/wydawnictwo.ug.edu.pl\/en\/wp-json\/wp\/v2\/types\/product"}],"wp:featuredmedia":[{"embeddable":true,"href":"https:\/\/wydawnictwo.ug.edu.pl\/en\/wp-json\/wp\/v2\/media\/14929"}],"wp:attachment":[{"href":"https:\/\/wydawnictwo.ug.edu.pl\/en\/wp-json\/wp\/v2\/media?parent=46911"}],"wp:term":[{"taxonomy":"journal","embeddable":true,"href":"https:\/\/wydawnictwo.ug.edu.pl\/en\/wp-json\/wp\/v2\/journal?post=46911"},{"taxonomy":"rodzaj","embeddable":true,"href":"https:\/\/wydawnictwo.ug.edu.pl\/en\/wp-json\/wp\/v2\/rodzaj?post=46911"},{"taxonomy":"seria","embeddable":true,"href":"https:\/\/wydawnictwo.ug.edu.pl\/en\/wp-json\/wp\/v2\/seria?post=46911"},{"taxonomy":"product_brand","embeddable":true,"href":"https:\/\/wydawnictwo.ug.edu.pl\/en\/wp-json\/wp\/v2\/product_brand?post=46911"},{"taxonomy":"product_cat","embeddable":true,"href":"https:\/\/wydawnictwo.ug.edu.pl\/en\/wp-json\/wp\/v2\/product_cat?post=46911"},{"taxonomy":"product_tag","embeddable":true,"href":"https:\/\/wydawnictwo.ug.edu.pl\/en\/wp-json\/wp\/v2\/product_tag?post=46911"}],"curies":[{"name":"wp","href":"https:\/\/api.w.org\/{rel}","templated":true}]}}

Teoria i filozofia prawa międzynarodowego Hansa Kelsena

<p>W książce autor podejmuje próbę rekonstrukcji teorii i filozofii prawa międzynarodowego Hansa Kelsena, jednego z najważniejszych autorytetów prawniczych XX w. Obejmuje ona nie tylko analizę wciąż aktualnych twierdzeń jego czystej nauki prawa w kontekście problemów prawa międzynarodowego, czytelnik ma także okazję poznać normatywne i krytyczne postulaty oraz mniej znane poglądy Kelsena &#8211; filozofa prawa i polityki, którego przewidywania co do kierunków rozwoju prawa międzynarodowego okazały się zaskakująco trafne. Książka podważa rozpowszechniony pogląd o nieprzydatności rzekomo skostniałej, hierarchicznej koncepcji systemu prawnego Kelsena dla rozwiązywania współczesnych problemów przeobrażeń strukturalnych i normatywnych prawa międzynarodowego. Teoria i filozofia prawa międzynarodowego Kelsena może z powodzeniem zostać zastosowana do opisania i wyjaśniania zjawisk, takich jak jego „fragmentacja&#8221; oraz fenomen „prawa globalnego&#8221;.</p>
<p>Książka została napisana z myślą o dwóch grupach czytelników. Po pierwsze, jest skierowana do osób, które są zainteresowane teorią i filozofią prawa. Po drugie, jej adresatami są także specjaliści mający szczegółową wiedzę o prawie i stosunkach międzynarodowych, którzy poszukują ogólniejszej refleksji <em>more philosophico</em>.</p>
