{"id":46909,"date":"2017-12-02T00:00:00","date_gmt":"2017-12-02T00:00:00","guid":{"rendered":"https:\/\/wydawnictwo.ug.edu.pl\/ksiegarnia-online\/uncategorized\/miedzynarodowa-konkurencyjnosc-gospodarki-litwy-po-przystapieniu-do-unii-europejskiej-osiagniecia-i-postulowane-kierunki-zmian\/"},"modified":"2026-02-11T15:55:09","modified_gmt":"2026-02-11T15:55:09","slug":"miedzynarodowa-konkurencyjnosc-gospodarki-litwy-po-przystapieniu-do-unii-europejskiej-osiagniecia-i-postulowane-kierunki-zmian","status":"publish","type":"product","link":"https:\/\/wydawnictwo.ug.edu.pl\/en\/ksiegarnia-online\/ekonomia\/miedzynarodowa-konkurencyjnosc-gospodarki-litwy-po-przystapieniu-do-unii-europejskiej-osiagniecia-i-postulowane-kierunki-zmian\/","title":{"rendered":"Mi\u0119dzynarodowa konkurencyjno\u015b\u0107 gospodarki Litwy po przyst\u0105pieniu do Unii Europejskiej. Osi\u0105gni\u0119cia i postulowane kierunki zmian"},"content":{"rendered":"","protected":false},"excerpt":{"rendered":"<p>\u201eWarto\u015b\u0107 dodana om\u00f3wionej ksi\u0105\u017cki polega nie tylko na tym, \u017ce jest nowym spojrzeniem\u00a0na teori\u0119 konkurencyjno\u015bci mi\u0119dzynarodowej, ale w nie mniejszym stopniu na tym.\u00a0\u017ce przybli\u017ca nam wsp\u00f3\u0142czesn\u0105 gospodark\u0119 litewsk\u0105. Nie mo\u017cna wi\u0119c mie\u0107 \u017cadnych\u00a0w\u0105tpliwo\u015bci co do tego, \u017ce recenzowana publikacja wype\u0142ni luk\u0119 istniej\u0105c\u0105 w tym zakresie\u00a0w polskiej literaturze&#8221;.<\/p>\n<p><em>Z recenzji prof. zw. dra hab. Wojciecha Kosiedowskiego<\/em><\/p>\n<p>&nbsp;<\/p>\n<p>\u201ePraca jest obszernym i autentycznie pog\u0142\u0119bionym opracowaniem do\u015b\u0107 z\u0142o\u017conego i skomplikowanego tematu [konkurencyjno\u015bci mi\u0119dzynarodowej], Autorka zgromadzi\u0142a, przedstawi\u0142a oraz zinterpretowa\u0142a ogromny materia\u0142 empiryczny i naukowy. Nale\u017cy ponadto zaznaczy\u0107, \u017ce zaprezentowane podej\u015bcie jest w znacznym stopniu interdyscyplinarne.\u201d<\/p>\n<p><em>Z recenzji dra hab. Tomasza Do\u0142\u0119gowskiego, prof. SGH<\/em><\/p>\n","protected":false},"featured_media":14923,"template":"","meta":{"_acf_changed":false},"journal":[],"rodzaj":[],"seria":[],"product_brand":[],"product_cat":[6934],"product_tag":[8209],"class_list":{"0":"post-46909","1":"product","2":"type-product","3":"status-publish","4":"has-post-thumbnail","6":"product_cat-ekonomia","7":"product_tag-alina-grynia","9":"first","10":"outofstock","11":"taxable","12":"shipping-taxable","13":"product-type-simple"},"acf":[],"_links":{"self":[{"href":"https:\/\/wydawnictwo.ug.edu.pl\/en\/wp-json\/wp\/v2\/product\/46909","targetHints":{"allow":["GET"]}}],"collection":[{"href":"https:\/\/wydawnictwo.ug.edu.pl\/en\/wp-json\/wp\/v2\/product"}],"about":[{"href":"https:\/\/wydawnictwo.ug.edu.pl\/en\/wp-json\/wp\/v2\/types\/product"}],"wp:featuredmedia":[{"embeddable":true,"href":"https:\/\/wydawnictwo.ug.edu.pl\/en\/wp-json\/wp\/v2\/media\/14923"}],"wp:attachment":[{"href":"https:\/\/wydawnictwo.ug.edu.pl\/en\/wp-json\/wp\/v2\/media?parent=46909"}],"wp:term":[{"taxonomy":"journal","embeddable":true,"href":"https:\/\/wydawnictwo.ug.edu.pl\/en\/wp-json\/wp\/v2\/journal?post=46909"},{"taxonomy":"rodzaj","embeddable":true,"href":"https:\/\/wydawnictwo.ug.edu.pl\/en\/wp-json\/wp\/v2\/rodzaj?post=46909"},{"taxonomy":"seria","embeddable":true,"href":"https:\/\/wydawnictwo.ug.edu.pl\/en\/wp-json\/wp\/v2\/seria?post=46909"},{"taxonomy":"product_brand","embeddable":true,"href":"https:\/\/wydawnictwo.ug.edu.pl\/en\/wp-json\/wp\/v2\/product_brand?post=46909"},{"taxonomy":"product_cat","embeddable":true,"href":"https:\/\/wydawnictwo.ug.edu.pl\/en\/wp-json\/wp\/v2\/product_cat?post=46909"},{"taxonomy":"product_tag","embeddable":true,"href":"https:\/\/wydawnictwo.ug.edu.pl\/en\/wp-json\/wp\/v2\/product_tag?post=46909"}],"curies":[{"name":"wp","href":"https:\/\/api.w.org\/{rel}","templated":true}]}}

Międzynarodowa konkurencyjność gospodarki Litwy po przystąpieniu do Unii Europejskiej. Osiągnięcia i postulowane kierunki zmian

<p>„Wartość dodana omówionej książki polega nie tylko na tym, że jest nowym spojrzeniem na teorię konkurencyjności międzynarodowej, ale w nie mniejszym stopniu na tym. że przybliża nam współczesną gospodarkę litewską. Nie można więc mieć żadnych wątpliwości co do tego, że recenzowana publikacja wypełni lukę istniejącą w tym zakresie w polskiej literaturze&#8221;.</p>
<p><em>Z recenzji prof. zw. dra hab. Wojciecha Kosiedowskiego</em></p>
<p>&nbsp;</p>
<p>„Praca jest obszernym i autentycznie pogłębionym opracowaniem dość złożonego i skomplikowanego tematu [konkurencyjności międzynarodowej], Autorka zgromadziła, przedstawiła oraz zinterpretowała ogromny materiał empiryczny i naukowy. Należy ponadto zaznaczyć, że zaprezentowane podejście jest w znacznym stopniu interdyscyplinarne.”</p>
<p><em>Z recenzji dra hab. Tomasza Dołęgowskiego, prof. SGH</em></p>
