{"id":46904,"date":"2017-12-02T00:00:00","date_gmt":"2017-12-02T00:00:00","guid":{"rendered":"https:\/\/wydawnictwo.ug.edu.pl\/ksiegarnia-online\/uncategorized\/melancholia-nuda-i-czas-w-prozie-jaroslawa-iwaszkiewicza\/"},"modified":"2026-02-11T15:55:12","modified_gmt":"2026-02-11T15:55:12","slug":"melancholia-nuda-i-czas-w-prozie-jaroslawa-iwaszkiewicza","status":"publish","type":"product","link":"https:\/\/wydawnictwo.ug.edu.pl\/en\/ksiegarnia-online\/literaturoznawstwo\/melancholia-nuda-i-czas-w-prozie-jaroslawa-iwaszkiewicza\/","title":{"rendered":"Melancholia, nuda i czas w prozie Jaros\u0142awa Iwaszkiewicza"},"content":{"rendered":"","protected":false},"excerpt":{"rendered":"<p>Gda\u0144ska badaczka, autorka rozpraw po\u015bwi\u0119conych\u00a0tw\u00f3rczo\u015bci Narcyzy \u017bmichowskiej, Sandora Maraia,\u00a0Feliksa Netza wzi\u0119\u0142a na swoje barki trudne i ambitne\u00a0zadanie przypomnienia swoistej warto\u015bci tw\u00f3rczo\u015bci\u00a0Iwaszkiewicza, warto\u015bci pracy interpretacyjnej oraz\u00a0warto\u015bci skupionej lektury. S\u0105 to warto\u015bci zupe\u0142nie\u00a0rudymentarne w obr\u0119bie literaturoznawstwa, lecz\u00a0ostatnio jakby schodz\u0105ce na drugi plan, tote\u017c przypominanie o nich nie jest dzi\u015b gestem rytualnym,\u00a0semantycznie pustym \u2014 zyskuje na istotno\u015bci\u00a0z ka\u017cdym rokiem obni\u017cania si\u0119 wska\u017anik\u00f3w czytelnictwa w Polsce. Z jednej strony egzorcyzmuje je\u00a0z naszego pola widzenia \u201ebiograficzno-diarystyczne\u00a0wzmo\u017cenie&#8221; i zwi\u0105zana z nim swoista \u0142atwo\u015b\u0107 pisania\u00a0i \u0142atwo\u015b\u0107 (a mo\u017ce nieistotno\u015b\u0107?) lektury, z drugiej\u00a0strony literaturoznawcza \u201euwa\u017cna lektura&#8221; bywa\u00a0przyduszana teoretycznym nawisem wszelkiego\u00a0rodzaju kolejnych \u201ezwrot\u00f3w&#8221;, \u201e-izm\u00f3w&#8221;, teorii,\u00a0w kt\u00f3rych k\u0142\u0119bowisku tekst niepostrze\u017cenie staje si\u0119\u00a0pretekstem.<\/p>\n","protected":false},"featured_media":14900,"template":"","meta":{"_acf_changed":false},"journal":[],"rodzaj":[7074],"seria":[],"product_brand":[],"product_cat":[6925],"product_tag":[7493],"class_list":{"0":"post-46904","1":"product","2":"type-product","3":"status-publish","4":"has-post-thumbnail","6":"rodzaj-ksiazki","7":"product_cat-literaturoznawstwo","8":"product_tag-barbara-zwolinska","10":"first","11":"outofstock","12":"taxable","13":"shipping-taxable","14":"purchasable","15":"product-type-simple"},"acf":[],"_links":{"self":[{"href":"https:\/\/wydawnictwo.ug.edu.pl\/en\/wp-json\/wp\/v2\/product\/46904","targetHints":{"allow":["GET"]}}],"collection":[{"href":"https:\/\/wydawnictwo.ug.edu.pl\/en\/wp-json\/wp\/v2\/product"}],"about":[{"href":"https:\/\/wydawnictwo.ug.edu.pl\/en\/wp-json\/wp\/v2\/types\/product"}],"wp:featuredmedia":[{"embeddable":true,"href":"https:\/\/wydawnictwo.ug.edu.pl\/en\/wp-json\/wp\/v2\/media\/14900"}],"wp:attachment":[{"href":"https:\/\/wydawnictwo.ug.edu.pl\/en\/wp-json\/wp\/v2\/media?parent=46904"}],"wp:term":[{"taxonomy":"journal","embeddable":true,"href":"https:\/\/wydawnictwo.ug.edu.pl\/en\/wp-json\/wp\/v2\/journal?post=46904"},{"taxonomy":"rodzaj","embeddable":true,"href":"https:\/\/wydawnictwo.ug.edu.pl\/en\/wp-json\/wp\/v2\/rodzaj?post=46904"},{"taxonomy":"seria","embeddable":true,"href":"https:\/\/wydawnictwo.ug.edu.pl\/en\/wp-json\/wp\/v2\/seria?post=46904"},{"taxonomy":"product_brand","embeddable":true,"href":"https:\/\/wydawnictwo.ug.edu.pl\/en\/wp-json\/wp\/v2\/product_brand?post=46904"},{"taxonomy":"product_cat","embeddable":true,"href":"https:\/\/wydawnictwo.ug.edu.pl\/en\/wp-json\/wp\/v2\/product_cat?post=46904"},{"taxonomy":"product_tag","embeddable":true,"href":"https:\/\/wydawnictwo.ug.edu.pl\/en\/wp-json\/wp\/v2\/product_tag?post=46904"}],"curies":[{"name":"wp","href":"https:\/\/api.w.org\/{rel}","templated":true}]}}

Melancholia, nuda i czas w prozie Jarosława Iwaszkiewicza

<p>Gdańska badaczka, autorka rozpraw poświęconych twórczości Narcyzy Żmichowskiej, Sandora Maraia, Feliksa Netza wzięła na swoje barki trudne i ambitne zadanie przypomnienia swoistej wartości twórczości Iwaszkiewicza, wartości pracy interpretacyjnej oraz wartości skupionej lektury. Są to wartości zupełnie rudymentarne w obrębie literaturoznawstwa, lecz ostatnio jakby schodzące na drugi plan, toteż przypominanie o nich nie jest dziś gestem rytualnym, semantycznie pustym — zyskuje na istotności z każdym rokiem obniżania się wskaźników czytelnictwa w Polsce. Z jednej strony egzorcyzmuje je z naszego pola widzenia „biograficzno-diarystyczne wzmożenie&#8221; i związana z nim swoista łatwość pisania i łatwość (a może nieistotność?) lektury, z drugiej strony literaturoznawcza „uważna lektura&#8221; bywa przyduszana teoretycznym nawisem wszelkiego rodzaju kolejnych „zwrotów&#8221;, „-izmów&#8221;, teorii, w których kłębowisku tekst niepostrzeżenie staje się pretekstem.</p>
