{"id":46899,"date":"2017-12-02T00:00:00","date_gmt":"2017-12-02T00:00:00","guid":{"rendered":"https:\/\/wydawnictwo.ug.edu.pl\/ksiegarnia-online\/uncategorized\/planowanie-i-zagospodarowanie-przestrzenne-polskich-obszarow-morskich-problematyka-administracyjnoprawna\/"},"modified":"2026-02-11T15:53:03","modified_gmt":"2026-02-11T15:53:03","slug":"planowanie-i-zagospodarowanie-przestrzenne-polskich-obszarow-morskich-problematyka-administracyjnoprawna","status":"publish","type":"product","link":"https:\/\/wydawnictwo.ug.edu.pl\/en\/ksiegarnia-online\/prawo-i-administracja\/planowanie-i-zagospodarowanie-przestrzenne-polskich-obszarow-morskich-problematyka-administracyjnoprawna\/","title":{"rendered":"Planowanie i zagospodarowanie przestrzenne polskich obszar\u00f3w morskich. Problematyka administracyjnoprawna"},"content":{"rendered":"","protected":false},"excerpt":{"rendered":"<p>Ksi\u0105\u017cka w spos\u00f3b wszechstronny poddaje analizie kwestie planowania i zagospodarowania przestrzennego na polskich obszarach morskich, podejmuj\u0105c zw\u0142aszcza problematyk\u0119 administracyjnoprawn\u0105 zagadnienia. Autor wyja\u015bnia motywy podj\u0119cia rozwa\u017ca\u0144 nad owymi kwestiami. Uzasadnia obj\u0119cie planowaniem przestrzennym polskich obszar\u00f3w morskich, a tak\u017ce charakteryzuje perspektyw\u0119 planowania przestrzennego i plan\u00f3w zar\u00f3wno w og\u00f3lno\u015bci, jak i konkretnie na polskich obszarach morskich. Przedstawia regulacje prawne zagadnienia, a tak\u017ce konstrukcj\u0119 prawn\u0105 zagospodarowania przestrzennego polskich obszar\u00f3w morskich. Poza rozwa\u017caniami nad rodzimym obszarem morskim wskazuje podobie\u0144stwa i odmienno\u015bci regulacji planowania i zagospodarowania przestrzennego w koncepcjach prawnych pa\u0144stw s\u0105siednich.<\/p>\n","protected":false},"featured_media":14875,"template":"","meta":{"_acf_changed":false},"journal":[],"rodzaj":[],"seria":[],"product_brand":[],"product_cat":[6932],"product_tag":[7610],"class_list":{"0":"post-46899","1":"product","2":"type-product","3":"status-publish","4":"has-post-thumbnail","6":"product_cat-prawo-i-administracja","7":"product_tag-tomasz-bakowski","9":"first","10":"outofstock","11":"taxable","12":"shipping-taxable","13":"product-type-simple"},"acf":[],"_links":{"self":[{"href":"https:\/\/wydawnictwo.ug.edu.pl\/en\/wp-json\/wp\/v2\/product\/46899","targetHints":{"allow":["GET"]}}],"collection":[{"href":"https:\/\/wydawnictwo.ug.edu.pl\/en\/wp-json\/wp\/v2\/product"}],"about":[{"href":"https:\/\/wydawnictwo.ug.edu.pl\/en\/wp-json\/wp\/v2\/types\/product"}],"wp:featuredmedia":[{"embeddable":true,"href":"https:\/\/wydawnictwo.ug.edu.pl\/en\/wp-json\/wp\/v2\/media\/14875"}],"wp:attachment":[{"href":"https:\/\/wydawnictwo.ug.edu.pl\/en\/wp-json\/wp\/v2\/media?parent=46899"}],"wp:term":[{"taxonomy":"journal","embeddable":true,"href":"https:\/\/wydawnictwo.ug.edu.pl\/en\/wp-json\/wp\/v2\/journal?post=46899"},{"taxonomy":"rodzaj","embeddable":true,"href":"https:\/\/wydawnictwo.ug.edu.pl\/en\/wp-json\/wp\/v2\/rodzaj?post=46899"},{"taxonomy":"seria","embeddable":true,"href":"https:\/\/wydawnictwo.ug.edu.pl\/en\/wp-json\/wp\/v2\/seria?post=46899"},{"taxonomy":"product_brand","embeddable":true,"href":"https:\/\/wydawnictwo.ug.edu.pl\/en\/wp-json\/wp\/v2\/product_brand?post=46899"},{"taxonomy":"product_cat","embeddable":true,"href":"https:\/\/wydawnictwo.ug.edu.pl\/en\/wp-json\/wp\/v2\/product_cat?post=46899"},{"taxonomy":"product_tag","embeddable":true,"href":"https:\/\/wydawnictwo.ug.edu.pl\/en\/wp-json\/wp\/v2\/product_tag?post=46899"}],"curies":[{"name":"wp","href":"https:\/\/api.w.org\/{rel}","templated":true}]}}

Planowanie i zagospodarowanie przestrzenne polskich obszarów morskich. Problematyka administracyjnoprawna

<p>Książka w sposób wszechstronny poddaje analizie kwestie planowania i zagospodarowania przestrzennego na polskich obszarach morskich, podejmując zwłaszcza problematykę administracyjnoprawną zagadnienia. Autor wyjaśnia motywy podjęcia rozważań nad owymi kwestiami. Uzasadnia objęcie planowaniem przestrzennym polskich obszarów morskich, a także charakteryzuje perspektywę planowania przestrzennego i planów zarówno w ogólności, jak i konkretnie na polskich obszarach morskich. Przedstawia regulacje prawne zagadnienia, a także konstrukcję prawną zagospodarowania przestrzennego polskich obszarów morskich. Poza rozważaniami nad rodzimym obszarem morskim wskazuje podobieństwa i odmienności regulacji planowania i zagospodarowania przestrzennego w koncepcjach prawnych państw sąsiednich.</p>
