{"id":46898,"date":"2017-12-02T00:00:00","date_gmt":"2017-12-02T00:00:00","guid":{"rendered":"https:\/\/wydawnictwo.ug.edu.pl\/ksiegarnia-online\/uncategorized\/obcy-i-nowi-baskowie-migracje-tozsamosc-i-jezyki-w-baskijskiej-wspolnocie-autonomicznej\/"},"modified":"2026-02-11T15:53:04","modified_gmt":"2026-02-11T15:53:04","slug":"obcy-i-nowi-baskowie-migracje-tozsamosc-i-jezyki-w-baskijskiej-wspolnocie-autonomicznej","status":"publish","type":"product","link":"https:\/\/wydawnictwo.ug.edu.pl\/en\/ksiegarnia-online\/etnologia-i-antropologia-kulturowa\/obcy-i-nowi-baskowie-migracje-tozsamosc-i-jezyki-w-baskijskiej-wspolnocie-autonomicznej\/","title":{"rendered":"Obcy i nowi Baskowie. Migracje, to\u017csamo\u015b\u0107 i j\u0119zyki w Baskijskiej Wsp\u00f3lnocie Autonomicznej"},"content":{"rendered":"","protected":false},"excerpt":{"rendered":"<p>Tematyka ksi\u0105\u017cki skupia si\u0119 na zjawiskach migracyjnych\u00a0w Baskijskiej Wsp\u00f3lnocie Autonomicznej. Szczeg\u00f3lny\u00a0nacisk po\u0142o\u017cono na kwestie zwi\u0105zane z to\u017csamo\u015bci\u0105 (tak\u00a0imigrant\u00f3w, jak i miejscowych) oraz z j\u0119zykiem baskijskim (barier\u0105 dla obcych, ale i narz\u0119dziem integracji).<\/p>\n<p>Baskijska Wsp\u00f3lnota Autonomiczna jest miejscem szczeg\u00f3lnie interesuj\u0105cym w odniesieniu do bada\u0144 migracyjnych, poniewa\u017c dwuj\u0119zyczno\u015b\u0107 i z\u0142o\u017cona sytuacja\u00a0polityczna stanowi\u0105 wyzwanie dla imigrant\u00f3w, a ich\u00a0pojawienie si\u0119 mo\u017ce by\u0107 postrzegane jako zagra\u017caj\u0105ce\u00a0mniejszo\u015bciowej kulturze.<\/p>\n<p>W ksi\u0105\u017cce zosta\u0142a przedstawiona zar\u00f3wno perspektywa\u00a0spo\u0142ecze\u0144stwa miejscowego (\u201eobcy&#8221; i \u201eswoi&#8221; w oczach\u00a0Bask\u00f3w), jak i imigrant\u00f3w (aspekty to\u017csamo\u015bci, stosunek\u00a0do miejscowych j\u0119zyk\u00f3w, motywacje). Autorka zastanawia si\u0119 nad wp\u0142ywem, jaki na przysz\u0142o\u015b\u0107 j\u0119zyka baskijskiego &#8211; euskary &#8211; mo\u017ce wywrze\u0107 obecno\u015b\u0107 imigrant\u00f3w\u00a0w regionie, a tak\u017ce nad tym, jakie jest wsp\u00f3\u0142czesne\u00a0baskijskie spo\u0142ecze\u0144stwo i kim dzisiaj s\u0105 Baskowie.<\/p>\n","protected":false},"featured_media":14872,"template":"","meta":{"_acf_changed":false},"journal":[],"rodzaj":[7074],"seria":[],"product_brand":[],"product_cat":[6970],"product_tag":[8202],"class_list":{"0":"post-46898","1":"product","2":"type-product","3":"status-publish","4":"has-post-thumbnail","6":"rodzaj-ksiazki","7":"product_cat-etnologia-i-antropologia-kulturowa","8":"product_tag-katarzyna-mirgos","10":"first","11":"outofstock","12":"taxable","13":"shipping-taxable","14":"product-type-simple"},"acf":[],"_links":{"self":[{"href":"https:\/\/wydawnictwo.ug.edu.pl\/en\/wp-json\/wp\/v2\/product\/46898","targetHints":{"allow":["GET"]}}],"collection":[{"href":"https:\/\/wydawnictwo.ug.edu.pl\/en\/wp-json\/wp\/v2\/product"}],"about":[{"href":"https:\/\/wydawnictwo.ug.edu.pl\/en\/wp-json\/wp\/v2\/types\/product"}],"wp:featuredmedia":[{"embeddable":true,"href":"https:\/\/wydawnictwo.ug.edu.pl\/en\/wp-json\/wp\/v2\/media\/14872"}],"wp:attachment":[{"href":"https:\/\/wydawnictwo.ug.edu.pl\/en\/wp-json\/wp\/v2\/media?parent=46898"}],"wp:term":[{"taxonomy":"journal","embeddable":true,"href":"https:\/\/wydawnictwo.ug.edu.pl\/en\/wp-json\/wp\/v2\/journal?post=46898"},{"taxonomy":"rodzaj","embeddable":true,"href":"https:\/\/wydawnictwo.ug.edu.pl\/en\/wp-json\/wp\/v2\/rodzaj?post=46898"},{"taxonomy":"seria","embeddable":true,"href":"https:\/\/wydawnictwo.ug.edu.pl\/en\/wp-json\/wp\/v2\/seria?post=46898"},{"taxonomy":"product_brand","embeddable":true,"href":"https:\/\/wydawnictwo.ug.edu.pl\/en\/wp-json\/wp\/v2\/product_brand?post=46898"},{"taxonomy":"product_cat","embeddable":true,"href":"https:\/\/wydawnictwo.ug.edu.pl\/en\/wp-json\/wp\/v2\/product_cat?post=46898"},{"taxonomy":"product_tag","embeddable":true,"href":"https:\/\/wydawnictwo.ug.edu.pl\/en\/wp-json\/wp\/v2\/product_tag?post=46898"}],"curies":[{"name":"wp","href":"https:\/\/api.w.org\/{rel}","templated":true}]}}

Obcy i nowi Baskowie. Migracje, tożsamość i języki w Baskijskiej Wspólnocie Autonomicznej

<p>Tematyka książki skupia się na zjawiskach migracyjnych w Baskijskiej Wspólnocie Autonomicznej. Szczególny nacisk położono na kwestie związane z tożsamością (tak imigrantów, jak i miejscowych) oraz z językiem baskijskim (barierą dla obcych, ale i narzędziem integracji).</p>
<p>Baskijska Wspólnota Autonomiczna jest miejscem szczególnie interesującym w odniesieniu do badań migracyjnych, ponieważ dwujęzyczność i złożona sytuacja polityczna stanowią wyzwanie dla imigrantów, a ich pojawienie się może być postrzegane jako zagrażające mniejszościowej kulturze.</p>
<p>W książce została przedstawiona zarówno perspektywa społeczeństwa miejscowego („obcy&#8221; i „swoi&#8221; w oczach Basków), jak i imigrantów (aspekty tożsamości, stosunek do miejscowych języków, motywacje). Autorka zastanawia się nad wpływem, jaki na przyszłość języka baskijskiego &#8211; euskary &#8211; może wywrzeć obecność imigrantów w regionie, a także nad tym, jakie jest współczesne baskijskie społeczeństwo i kim dzisiaj są Baskowie.</p>
