{"id":46896,"date":"2017-12-02T00:00:00","date_gmt":"2017-12-02T00:00:00","guid":{"rendered":"https:\/\/wydawnictwo.ug.edu.pl\/ksiegarnia-online\/uncategorized\/kultury-pamieci-kultury-zapomnienia-osady-pierwszych-rolnikow-w-percepcji-mlodszych-ugrupowan-naddunajskich-studium-wybranych-przypadkow\/"},"modified":"2026-02-11T15:53:06","modified_gmt":"2026-02-11T15:53:06","slug":"kultury-pamieci-kultury-zapomnienia-osady-pierwszych-rolnikow-w-percepcji-mlodszych-ugrupowan-naddunajskich-studium-wybranych-przypadkow","status":"publish","type":"product","link":"https:\/\/wydawnictwo.ug.edu.pl\/en\/ksiegarnia-online\/etnologia-i-antropologia-kulturowa\/kultury-pamieci-kultury-zapomnienia-osady-pierwszych-rolnikow-w-percepcji-mlodszych-ugrupowan-naddunajskich-studium-wybranych-przypadkow\/","title":{"rendered":"Kultury pami\u0119ci, kultury zapomnienia. Osady pierwszych rolnik\u00f3w w percepcji m\u0142odszych ugrupowa\u0144 naddunajskich. Studium wybranych przypadk\u00f3w"},"content":{"rendered":"","protected":false},"excerpt":{"rendered":"<p>Ksi\u0105\u017cka podejmuje temat przesz\u0142o\u015bci, pami\u0119ci zbiorowej\u00a0i historyczno\u015bci w pradziejach, w okresie wczesnego neolitu.\u00a0Zagadnienie to przedstawiono dla tzw. m\u0142odszych kultur naddunajskich V\u00a0tysi\u0105clecia w Europie \u015arodkowej. Spo\u0142eczno\u015bci\u00a0te w rozmaity spos\u00f3b odnosi\u0142y si\u0119 do fizycznych pozosta\u0142o\u015bci\u00a0osad najwcze\u015bniejszych rolnik\u00f3w z VI tysi\u0105clecia, zaliczanych\u00a0do kultury ceramiki wst\u0119gowej rytej.<\/p>\n<p>Do bada\u0144 szczeg\u00f3\u0142owych zosta\u0142y wybrane trzy regiony:\u00a0Nadrenia P\u00f3\u0142nocna, Saksonia-Anhalt i Kujawy, dla\u00a0kt\u00f3rych przeprowadzono analizy osadnicze na poziomie\u00a0makro- i mikroregionalnym, z\u00a0uwzgl\u0119dnieniem wynik\u00f3w\u00a0wybranych szerokop\u0142aszczyznowych ratowniczych bada\u0144\u00a0wykopaliskowych. Odnotowane przypadki pozytywnych\u00a0i negatywnych odniesie\u0144 do przesz\u0142o\u015bci om\u00f3wiono na szerokim tle studi\u00f3w nad przesz\u0142o\u015bci\u0105 w przesz\u0142o\u015bci, co w\u0142\u0105cza tym\u00a0samym badania nad pocz\u0105tkami gospodarki wytw\u00f3rczej\u00a0w Europie \u015arodkowej do prowadzonego obecnie w naukach\u00a0historycznych i spo\u0142ecznych dyskursu pami\u0119ci.<\/p>\n","protected":false},"featured_media":14866,"template":"","meta":{"_acf_changed":false},"journal":[],"rodzaj":[7074],"seria":[],"product_brand":[],"product_cat":[6970],"product_tag":[8201],"class_list":{"0":"post-46896","1":"product","2":"type-product","3":"status-publish","4":"has-post-thumbnail","6":"rodzaj-ksiazki","7":"product_cat-etnologia-i-antropologia-kulturowa","8":"product_tag-joanna-pyzel","10":"first","11":"outofstock","12":"taxable","13":"shipping-taxable","14":"product-type-simple"},"acf":[],"_links":{"self":[{"href":"https:\/\/wydawnictwo.ug.edu.pl\/en\/wp-json\/wp\/v2\/product\/46896","targetHints":{"allow":["GET"]}}],"collection":[{"href":"https:\/\/wydawnictwo.ug.edu.pl\/en\/wp-json\/wp\/v2\/product"}],"about":[{"href":"https:\/\/wydawnictwo.ug.edu.pl\/en\/wp-json\/wp\/v2\/types\/product"}],"wp:featuredmedia":[{"embeddable":true,"href":"https:\/\/wydawnictwo.ug.edu.pl\/en\/wp-json\/wp\/v2\/media\/14866"}],"wp:attachment":[{"href":"https:\/\/wydawnictwo.ug.edu.pl\/en\/wp-json\/wp\/v2\/media?parent=46896"}],"wp:term":[{"taxonomy":"journal","embeddable":true,"href":"https:\/\/wydawnictwo.ug.edu.pl\/en\/wp-json\/wp\/v2\/journal?post=46896"},{"taxonomy":"rodzaj","embeddable":true,"href":"https:\/\/wydawnictwo.ug.edu.pl\/en\/wp-json\/wp\/v2\/rodzaj?post=46896"},{"taxonomy":"seria","embeddable":true,"href":"https:\/\/wydawnictwo.ug.edu.pl\/en\/wp-json\/wp\/v2\/seria?post=46896"},{"taxonomy":"product_brand","embeddable":true,"href":"https:\/\/wydawnictwo.ug.edu.pl\/en\/wp-json\/wp\/v2\/product_brand?post=46896"},{"taxonomy":"product_cat","embeddable":true,"href":"https:\/\/wydawnictwo.ug.edu.pl\/en\/wp-json\/wp\/v2\/product_cat?post=46896"},{"taxonomy":"product_tag","embeddable":true,"href":"https:\/\/wydawnictwo.ug.edu.pl\/en\/wp-json\/wp\/v2\/product_tag?post=46896"}],"curies":[{"name":"wp","href":"https:\/\/api.w.org\/{rel}","templated":true}]}}

Kultury pamięci, kultury zapomnienia. Osady pierwszych rolników w percepcji młodszych ugrupowań naddunajskich. Studium wybranych przypadków

<p>Książka podejmuje temat przeszłości, pamięci zbiorowej i historyczności w pradziejach, w okresie wczesnego neolitu. Zagadnienie to przedstawiono dla tzw. młodszych kultur naddunajskich V tysiąclecia w Europie Środkowej. Społeczności te w rozmaity sposób odnosiły się do fizycznych pozostałości osad najwcześniejszych rolników z VI tysiąclecia, zaliczanych do kultury ceramiki wstęgowej rytej.</p>
<p>Do badań szczegółowych zostały wybrane trzy regiony: Nadrenia Północna, Saksonia-Anhalt i Kujawy, dla których przeprowadzono analizy osadnicze na poziomie makro- i mikroregionalnym, z uwzględnieniem wyników wybranych szerokopłaszczyznowych ratowniczych badań wykopaliskowych. Odnotowane przypadki pozytywnych i negatywnych odniesień do przeszłości omówiono na szerokim tle studiów nad przeszłością w przeszłości, co włącza tym samym badania nad początkami gospodarki wytwórczej w Europie Środkowej do prowadzonego obecnie w naukach historycznych i społecznych dyskursu pamięci.</p>
