{"id":46893,"date":"2017-12-02T00:00:00","date_gmt":"2017-12-02T00:00:00","guid":{"rendered":"https:\/\/wydawnictwo.ug.edu.pl\/ksiegarnia-online\/uncategorized\/litwa-i-polska-w-odleglej-i-bliskiej-przeszlosci\/"},"modified":"2026-02-11T15:54:55","modified_gmt":"2026-02-11T15:54:55","slug":"litwa-i-polska-w-odleglej-i-bliskiej-przeszlosci","status":"publish","type":"product","link":"https:\/\/wydawnictwo.ug.edu.pl\/en\/ksiegarnia-online\/historia\/litwa-i-polska-w-odleglej-i-bliskiej-przeszlosci\/","title":{"rendered":"Litwa i Polska w odleg\u0142ej i bliskiej przesz\u0142o\u015bci"},"content":{"rendered":"","protected":false},"excerpt":{"rendered":"<p>Budowanie to\u017csamo\u015bci spo\u0142eczno-kulturowej w nowym miejscu osiedlenia wi\u0105za\u0142o si\u0119 z adaptacj\u0105 do odmiennych i nieznanych warunk\u00f3w cywilizacyjnych oraz geograficzno-topograficznych. W pami\u0119ci przesiedlonych pozosta\u0142 jednak\u017ce utrwalony obraz \u201eby\u0142ej\u201d ma\u0142ej ojczyzny, mniej czy bardziej skutecznie przekazywany kolejnej generacji, urodzonej ju\u017c w nowej ojczy\u017anie. Uwarunkowania geopolityczne przez kilka dziesi\u0119cioleci utrudnia\u0142y lub wr\u0119cz uniemo\u017cliwia\u0142y publiczne okazywanie zainteresowania utracon\u0105 \u201eza Bugiem\u201d ma\u0142\u0105 ojczyzn\u0105. Po prze\u0142omowej \u201ejesieni lud\u00f3w\u201d sta\u0142y si\u0119 mo\u017cliwe nie tylko wyjazdy i odwiedziny dawnych, przedwojennych krain dzieci\u0144stwa, ale r\u00f3wnie\u017c \u201eodblokowywanie\u201d pami\u0119ci i jej pe\u0142niejsze przywracanie.<\/p>\n<p>Jedn\u0105 z form tego zjawiska jest r\u00f3wnie\u017c udzia\u0142 w organizowanych na uczelni sympozjach i konferencjach historycznych, kt\u00f3rych tematem cz\u0119sto staje si\u0119 miniony \u015bwiat dawnych ojczyzn w ogl\u0105dzie naukowym. Temu te\u017c s\u0142u\u017cy\u0142a konferencja zorganizowana przez Wydzia\u0142 Historyczny Uniwersytetu Gda\u0144skiego przy wsp\u00f3\u0142pracy Pomorskiego Oddzia\u0142u Towarzystwa Mi\u0142o\u015bnik\u00f3w Wilna i Ziemi Wile\u0144skiej. Jej zakres chronologiczny obejmowa\u0142 czas od panowania w Rzeczypospolitej kr\u00f3la Stefana Batorego po wsp\u00f3\u0142czesno\u015b\u0107 polskiej spo\u0142eczno\u015bci na Litwie. Zakres problemowy publikowanych tekst\u00f3w oddaje zainteresowania badawcze ich autor\u00f3w pochodz\u0105cych z r\u00f3\u017cnych o\u015brodk\u00f3w krajowych oraz z zagranicy.<\/p>\n","protected":false},"featured_media":14969,"template":"","meta":{"_acf_changed":false},"journal":[],"rodzaj":[],"seria":[],"product_brand":[],"product_cat":[6958],"product_tag":[7500],"class_list":{"0":"post-46893","1":"product","2":"type-product","3":"status-publish","4":"has-post-thumbnail","6":"product_cat-historia","7":"product_tag-zbigniew-opacki","9":"first","10":"outofstock","11":"taxable","12":"shipping-taxable","13":"product-type-simple"},"acf":[],"_links":{"self":[{"href":"https:\/\/wydawnictwo.ug.edu.pl\/en\/wp-json\/wp\/v2\/product\/46893","targetHints":{"allow":["GET"]}}],"collection":[{"href":"https:\/\/wydawnictwo.ug.edu.pl\/en\/wp-json\/wp\/v2\/product"}],"about":[{"href":"https:\/\/wydawnictwo.ug.edu.pl\/en\/wp-json\/wp\/v2\/types\/product"}],"wp:featuredmedia":[{"embeddable":true,"href":"https:\/\/wydawnictwo.ug.edu.pl\/en\/wp-json\/wp\/v2\/media\/14969"}],"wp:attachment":[{"href":"https:\/\/wydawnictwo.ug.edu.pl\/en\/wp-json\/wp\/v2\/media?parent=46893"}],"wp:term":[{"taxonomy":"journal","embeddable":true,"href":"https:\/\/wydawnictwo.ug.edu.pl\/en\/wp-json\/wp\/v2\/journal?post=46893"},{"taxonomy":"rodzaj","embeddable":true,"href":"https:\/\/wydawnictwo.ug.edu.pl\/en\/wp-json\/wp\/v2\/rodzaj?post=46893"},{"taxonomy":"seria","embeddable":true,"href":"https:\/\/wydawnictwo.ug.edu.pl\/en\/wp-json\/wp\/v2\/seria?post=46893"},{"taxonomy":"product_brand","embeddable":true,"href":"https:\/\/wydawnictwo.ug.edu.pl\/en\/wp-json\/wp\/v2\/product_brand?post=46893"},{"taxonomy":"product_cat","embeddable":true,"href":"https:\/\/wydawnictwo.ug.edu.pl\/en\/wp-json\/wp\/v2\/product_cat?post=46893"},{"taxonomy":"product_tag","embeddable":true,"href":"https:\/\/wydawnictwo.ug.edu.pl\/en\/wp-json\/wp\/v2\/product_tag?post=46893"}],"curies":[{"name":"wp","href":"https:\/\/api.w.org\/{rel}","templated":true}]}}

Litwa i Polska w odległej i bliskiej przeszłości

<p>Budowanie tożsamości społeczno-kulturowej w nowym miejscu osiedlenia wiązało się z adaptacją do odmiennych i nieznanych warunków cywilizacyjnych oraz geograficzno-topograficznych. W pamięci przesiedlonych pozostał jednakże utrwalony obraz „byłej” małej ojczyzny, mniej czy bardziej skutecznie przekazywany kolejnej generacji, urodzonej już w nowej ojczyźnie. Uwarunkowania geopolityczne przez kilka dziesięcioleci utrudniały lub wręcz uniemożliwiały publiczne okazywanie zainteresowania utraconą „za Bugiem” małą ojczyzną. Po przełomowej „jesieni ludów” stały się możliwe nie tylko wyjazdy i odwiedziny dawnych, przedwojennych krain dzieciństwa, ale również „odblokowywanie” pamięci i jej pełniejsze przywracanie.</p>
<p>Jedną z form tego zjawiska jest również udział w organizowanych na uczelni sympozjach i konferencjach historycznych, których tematem często staje się miniony świat dawnych ojczyzn w oglądzie naukowym. Temu też służyła konferencja zorganizowana przez Wydział Historyczny Uniwersytetu Gdańskiego przy współpracy Pomorskiego Oddziału Towarzystwa Miłośników Wilna i Ziemi Wileńskiej. Jej zakres chronologiczny obejmował czas od panowania w Rzeczypospolitej króla Stefana Batorego po współczesność polskiej społeczności na Litwie. Zakres problemowy publikowanych tekstów oddaje zainteresowania badawcze ich autorów pochodzących z różnych ośrodków krajowych oraz z zagranicy.</p>
