{"id":46889,"date":"2017-12-31T00:00:00","date_gmt":"2017-12-31T00:00:00","guid":{"rendered":"https:\/\/wydawnictwo.ug.edu.pl\/ksiegarnia-online\/uncategorized\/dwa-swiaty-zagadnienie-identyfikacji-narodowej-andrzeja-szeptyckiego-w-latach-1865-1914\/"},"modified":"2026-02-11T15:48:50","modified_gmt":"2026-02-11T15:48:50","slug":"dwa-swiaty-zagadnienie-identyfikacji-narodowej-andrzeja-szeptyckiego-w-latach-1865-1914","status":"publish","type":"product","link":"https:\/\/wydawnictwo.ug.edu.pl\/en\/ksiegarnia-online\/literaturoznawstwo\/dwa-swiaty-zagadnienie-identyfikacji-narodowej-andrzeja-szeptyckiego-w-latach-1865-1914\/","title":{"rendered":"Dwa \u015bwiaty. Zagadnienie identyfikacji narodowej Andrzeja Szeptyckiego w latach 1865-1914"},"content":{"rendered":"","protected":false},"excerpt":{"rendered":"<p>Celem pracy by\u0142o zbadanie i ukazanie zagadnienia identyfikacji narodowej wybitnej jednostki z pogranicza polsko-rusko\/ukrai\u0144skiego, Romana Aleksandra Szeptyckiego, wyst\u0119puj\u0105cego zazwyczaj na kartach prac historycznych pod swoim zakonnym imieniem Andrzej. Za cezur\u0119 pocz\u0105tkow\u0105 przyj\u0119to dat\u0119 jego urodzin, a wi\u0119c rok 1865. Cezur\u0105 ko\u0144cow\u0105 pracy jest pocz\u0105tek I wojny \u015bwiatowej, a dok\u0142adnie internowanie metropolity przez w\u0142adze carskie 18 wrze\u015bnia 1914 r. Analiza dotyczy wi\u0119c okresu, w kt\u00f3rym silne by\u0142y jeszcze powi\u0105zania i regu\u0142y starego \u015bwiata, a jednocze\u015bnie w kt\u00f3rym narasta\u0142y nacjonalizmy, aby w pe\u0142ni nabra\u0107 kszta\u0142tu dopiero w czasie wielkiej wojny i po jej zako\u0144czeniu. W tym w\u0142a\u015bnie czasie nadal jeszcze mo\u017cliwe by\u0142o zachowanie wi\u0119zi z kilkoma obszarami narodowymi. Monografia opowiada o tym, jak Szeptycki porusza\u0142 si\u0119 pomi\u0119dzy dwoma \u015bwiatami polskim i ruskim\/ukrai\u0144skim. Pokazuje ona w jaki spos\u00f3b wyr\u00f3s\u0142 on z polskiego \u015brodowiska, opowiedzia\u0142 si\u0119 w 1885 jako Rusin, aby jednak w dalszych latach zachowa\u0107 podw\u00f3jne polskie i ruskie\/ukrai\u0144skie wi\u0119zi. W pierwszym dziesi\u0119cioleciu XX w. metropolita napisa\u0142 w jednym z list\u00f3w, \u017ce czuje si\u0119 i Polakiem i Rusinem, ale bardziej Rusinem. Dokonana w pracy analiza zosta\u0142a przeprowadzona na podstawie bogatego materia\u0142u \u017ar\u00f3d\u0142owego: dokument\u00f3w archiwalnych, korespondencji, pami\u0119tnik\u00f3w i wspomnie\u0144, prasy oraz innych \u017ar\u00f3de\u0142 drukowanych. W monografii uwzgl\u0119dniono dotychczasowy dorobek historiografii, przede wszystkim polskiej i ukrai\u0144skiej. Zagadnienie zosta\u0142o ukazane na szerokim tle przemian spo\u0142eczno-politycznych oraz kulturowych prze\u0142omu XIX i XX w.<\/p>\n<p><a href=\"https:\/\/www.youtube.com\/watch?v=_GRDEaHuDpM\">Wywiad z Andrijem Pavlyshynem<\/a>, t\u0142umaczem ksi\u0105\u017cki na j\u0119zyk ukrai\u0144ski.<\/p>\n","protected":false},"featured_media":14893,"template":"","meta":{"_acf_changed":false},"journal":[],"rodzaj":[7074],"seria":[],"product_brand":[],"product_cat":[6925],"product_tag":[7360],"class_list":{"0":"post-46889","1":"product","2":"type-product","3":"status-publish","4":"has-post-thumbnail","6":"rodzaj-ksiazki","7":"product_cat-literaturoznawstwo","8":"product_tag-magdalena-nowakmagdalena-nowak","10":"first","11":"outofstock","12":"taxable","13":"shipping-taxable","14":"product-type-simple"},"acf":[],"_links":{"self":[{"href":"https:\/\/wydawnictwo.ug.edu.pl\/en\/wp-json\/wp\/v2\/product\/46889","targetHints":{"allow":["GET"]}}],"collection":[{"href":"https:\/\/wydawnictwo.ug.edu.pl\/en\/wp-json\/wp\/v2\/product"}],"about":[{"href":"https:\/\/wydawnictwo.ug.edu.pl\/en\/wp-json\/wp\/v2\/types\/product"}],"wp:featuredmedia":[{"embeddable":true,"href":"https:\/\/wydawnictwo.ug.edu.pl\/en\/wp-json\/wp\/v2\/media\/14893"}],"wp:attachment":[{"href":"https:\/\/wydawnictwo.ug.edu.pl\/en\/wp-json\/wp\/v2\/media?parent=46889"}],"wp:term":[{"taxonomy":"journal","embeddable":true,"href":"https:\/\/wydawnictwo.ug.edu.pl\/en\/wp-json\/wp\/v2\/journal?post=46889"},{"taxonomy":"rodzaj","embeddable":true,"href":"https:\/\/wydawnictwo.ug.edu.pl\/en\/wp-json\/wp\/v2\/rodzaj?post=46889"},{"taxonomy":"seria","embeddable":true,"href":"https:\/\/wydawnictwo.ug.edu.pl\/en\/wp-json\/wp\/v2\/seria?post=46889"},{"taxonomy":"product_brand","embeddable":true,"href":"https:\/\/wydawnictwo.ug.edu.pl\/en\/wp-json\/wp\/v2\/product_brand?post=46889"},{"taxonomy":"product_cat","embeddable":true,"href":"https:\/\/wydawnictwo.ug.edu.pl\/en\/wp-json\/wp\/v2\/product_cat?post=46889"},{"taxonomy":"product_tag","embeddable":true,"href":"https:\/\/wydawnictwo.ug.edu.pl\/en\/wp-json\/wp\/v2\/product_tag?post=46889"}],"curies":[{"name":"wp","href":"https:\/\/api.w.org\/{rel}","templated":true}]}}

Dwa światy. Zagadnienie identyfikacji narodowej Andrzeja Szeptyckiego w latach 1865-1914

<p>Celem pracy było zbadanie i ukazanie zagadnienia identyfikacji narodowej wybitnej jednostki z pogranicza polsko-rusko/ukraińskiego, Romana Aleksandra Szeptyckiego, występującego zazwyczaj na kartach prac historycznych pod swoim zakonnym imieniem Andrzej. Za cezurę początkową przyjęto datę jego urodzin, a więc rok 1865. Cezurą końcową pracy jest początek I wojny światowej, a dokładnie internowanie metropolity przez władze carskie 18 września 1914 r. Analiza dotyczy więc okresu, w którym silne były jeszcze powiązania i reguły starego świata, a jednocześnie w którym narastały nacjonalizmy, aby w pełni nabrać kształtu dopiero w czasie wielkiej wojny i po jej zakończeniu. W tym właśnie czasie nadal jeszcze możliwe było zachowanie więzi z kilkoma obszarami narodowymi. Monografia opowiada o tym, jak Szeptycki poruszał się pomiędzy dwoma światami polskim i ruskim/ukraińskim. Pokazuje ona w jaki sposób wyrósł on z polskiego środowiska, opowiedział się w 1885 jako Rusin, aby jednak w dalszych latach zachować podwójne polskie i ruskie/ukraińskie więzi. W pierwszym dziesięcioleciu XX w. metropolita napisał w jednym z listów, że czuje się i Polakiem i Rusinem, ale bardziej Rusinem. Dokonana w pracy analiza została przeprowadzona na podstawie bogatego materiału źródłowego: dokumentów archiwalnych, korespondencji, pamiętników i wspomnień, prasy oraz innych źródeł drukowanych. W monografii uwzględniono dotychczasowy dorobek historiografii, przede wszystkim polskiej i ukraińskiej. Zagadnienie zostało ukazane na szerokim tle przemian społeczno-politycznych oraz kulturowych przełomu XIX i XX w.</p>
<p><a href="https://www.youtube.com/watch?v=_GRDEaHuDpM">Wywiad z Andrijem Pavlyshynem</a>, tłumaczem książki na język ukraiński.</p>
