{"id":46886,"date":"2018-01-01T00:00:00","date_gmt":"2018-01-01T00:00:00","guid":{"rendered":"https:\/\/wydawnictwo.ug.edu.pl\/ksiegarnia-online\/uncategorized\/przeklad-wspolczesnej-prozy-nordyckiej-to-nie-problem-to-wyzwanie\/"},"modified":"2026-02-11T15:48:52","modified_gmt":"2026-02-11T15:48:52","slug":"przeklad-wspolczesnej-prozy-nordyckiej-to-nie-problem-to-wyzwanie","status":"publish","type":"product","link":"https:\/\/wydawnictwo.ug.edu.pl\/en\/ksiegarnia-online\/przekladoznawstwo\/przeklad-wspolczesnej-prozy-nordyckiej-to-nie-problem-to-wyzwanie\/","title":{"rendered":"Przek\u0142ad wsp\u00f3\u0142czesnej prozy nordyckiej to nie problem, to wyzwanie!"},"content":{"rendered":"","protected":false},"excerpt":{"rendered":"<p>W dobie rosn\u0105cej popularno\u015bci literatury nordyckiej i jej przek\u0142adu na j\u0119zyk polski warto pochyli\u0107 si\u0119 nad specyfik\u0105 pracy t\u0142umacza w parach j\u0119zykowych j\u0119zyki nordyckie \u2013 j\u0119zyk polski i zastanowi\u0107 nad wyzwaniami, jakie paca ta za sob\u0105 niesie. W ksi\u0105\u017cce opisano t\u0119 tematyk\u0119 z perspektywy naukowej i t\u0142umaczki z pewnym do\u015bwiadczeniem, oferuj\u0105c spojrzenie na problem, jakiego nie by\u0142o jeszcze w polskiej literaturze naukowej i popularnonaukowej.<\/p>\n<p>Ksi\u0105\u017cka dzieli si\u0119 na dwie cz\u0119\u015bci; pierwsza z nich po\u015bwi\u0119cona jest literaturze norweskiej, druga \u2013 fi\u0144skiej. Ka\u017cda z cz\u0119\u015bci podzielona zosta\u0142a dodatkowo na trzy rozdzia\u0142y, z kt\u00f3rych ka\u017cdy stanowi swoisty\u00a0<i>case study<\/i>\u00a0wybranego problemu (\u201ewyzwania\u201d) na przyk\u0142adzie wybranych t\u0142umacze\u0144.<\/p>\n<p>Publikacja zapocz\u0105tkowuje cykl publikacji pracownik\u00f3w IS UG dotycz\u0105cych przek\u0142adu (kolejnym planowanym tomem jest publikacja po\u015bwi\u0119cona wyzwaniom w przek\u0142adzie z j\u0119zyk\u00f3w szwedzkiego i du\u0144skiego).<\/p>\n<p>Studia P\u00f3\u0142nocnoeuropejskie to seria promuj\u0105ca naukowe eksploracje i badawcze pasje pracownik\u00f3w gda\u0144skiej skandynawistyki oraz zapraszanych do wsp\u00f3\u0142pracy badaczy z innych o\u015brodk\u00f3w akademickich. Planowane s\u0105 r\u00f3wnie\u017c tomy prezentuj\u0105ce studenck\u0105 aktywno\u015b\u0107 naukow\u0105.<\/p>\n<p>Publikacje tworz\u0105ce profil serii \u015bwiadcz\u0105 o ustawicznym redefiniowaniu i poszerzaniu obszar\u00f3w kulturowych eksplorowanych przez gda\u0144skich skandynawist\u00f3w i ich zainteresowaniu dynamik\u0105 proces\u00f3w zachodz\u0105cych na styku kultur.<\/p>\n<p><span style=\"font-size: 15px;\">Studia p\u00f3\u0142nocnoeuropejskie. Tom VII. Przek\u0142ad wsp\u00f3\u0142czesnej prozy nordyckiej to nie problem, to wyzwanie!<\/span><\/p>\n","protected":false},"featured_media":17030,"template":"","meta":{"_acf_changed":false},"journal":[],"rodzaj":[7077,7076],"seria":[7119],"product_brand":[],"product_cat":[6926],"product_tag":[8197,8198],"class_list":{"0":"post-46886","1":"product","2":"type-product","3":"status-publish","4":"has-post-thumbnail","6":"rodzaj-czasopismo","7":"rodzaj-serie-wydawnicze","8":"seria-studia-polnocnoeuropejskie","9":"product_cat-przekladoznawstwo","10":"product_tag-karolina-drozdowskakarolina-drozdowska","11":"product_tag-magdalena-podlaska","12":"pa_rok-wydania-2020-en","14":"first","15":"outofstock","16":"taxable","17":"shipping-taxable","18":"purchasable","19":"product-type-simple"},"acf":[],"_links":{"self":[{"href":"https:\/\/wydawnictwo.ug.edu.pl\/en\/wp-json\/wp\/v2\/product\/46886","targetHints":{"allow":["GET"]}}],"collection":[{"href":"https:\/\/wydawnictwo.ug.edu.pl\/en\/wp-json\/wp\/v2\/product"}],"about":[{"href":"https:\/\/wydawnictwo.ug.edu.pl\/en\/wp-json\/wp\/v2\/types\/product"}],"wp:featuredmedia":[{"embeddable":true,"href":"https:\/\/wydawnictwo.ug.edu.pl\/en\/wp-json\/wp\/v2\/media\/17030"}],"wp:attachment":[{"href":"https:\/\/wydawnictwo.ug.edu.pl\/en\/wp-json\/wp\/v2\/media?parent=46886"}],"wp:term":[{"taxonomy":"journal","embeddable":true,"href":"https:\/\/wydawnictwo.ug.edu.pl\/en\/wp-json\/wp\/v2\/journal?post=46886"},{"taxonomy":"rodzaj","embeddable":true,"href":"https:\/\/wydawnictwo.ug.edu.pl\/en\/wp-json\/wp\/v2\/rodzaj?post=46886"},{"taxonomy":"seria","embeddable":true,"href":"https:\/\/wydawnictwo.ug.edu.pl\/en\/wp-json\/wp\/v2\/seria?post=46886"},{"taxonomy":"product_brand","embeddable":true,"href":"https:\/\/wydawnictwo.ug.edu.pl\/en\/wp-json\/wp\/v2\/product_brand?post=46886"},{"taxonomy":"product_cat","embeddable":true,"href":"https:\/\/wydawnictwo.ug.edu.pl\/en\/wp-json\/wp\/v2\/product_cat?post=46886"},{"taxonomy":"product_tag","embeddable":true,"href":"https:\/\/wydawnictwo.ug.edu.pl\/en\/wp-json\/wp\/v2\/product_tag?post=46886"}],"curies":[{"name":"wp","href":"https:\/\/api.w.org\/{rel}","templated":true}]}}

Przekład współczesnej prozy nordyckiej to nie problem, to wyzwanie!

<p>W dobie rosnącej popularności literatury nordyckiej i jej przekładu na język polski warto pochylić się nad specyfiką pracy tłumacza w parach językowych języki nordyckie – język polski i zastanowić nad wyzwaniami, jakie paca ta za sobą niesie. W książce opisano tę tematykę z perspektywy naukowej i tłumaczki z pewnym doświadczeniem, oferując spojrzenie na problem, jakiego nie było jeszcze w polskiej literaturze naukowej i popularnonaukowej.</p>
<p>Książka dzieli się na dwie części; pierwsza z nich poświęcona jest literaturze norweskiej, druga – fińskiej. Każda z części podzielona została dodatkowo na trzy rozdziały, z których każdy stanowi swoisty <i>case study</i> wybranego problemu („wyzwania”) na przykładzie wybranych tłumaczeń.</p>
<p>Publikacja zapoczątkowuje cykl publikacji pracowników IS UG dotyczących przekładu (kolejnym planowanym tomem jest publikacja poświęcona wyzwaniom w przekładzie z języków szwedzkiego i duńskiego).</p>
<p>Studia Północnoeuropejskie to seria promująca naukowe eksploracje i badawcze pasje pracowników gdańskiej skandynawistyki oraz zapraszanych do współpracy badaczy z innych ośrodków akademickich. Planowane są również tomy prezentujące studencką aktywność naukową.</p>
<p>Publikacje tworzące profil serii świadczą o ustawicznym redefiniowaniu i poszerzaniu obszarów kulturowych eksplorowanych przez gdańskich skandynawistów i ich zainteresowaniu dynamiką procesów zachodzących na styku kultur.</p>
<p><span style="font-size: 15px;">Studia północnoeuropejskie. Tom VII. Przekład współczesnej prozy nordyckiej to nie problem, to wyzwanie!</span></p>
