{"id":46875,"date":"2018-11-30T00:00:00","date_gmt":"2018-11-30T00:00:00","guid":{"rendered":"https:\/\/wydawnictwo.ug.edu.pl\/ksiegarnia-online\/uncategorized\/animowanie-miasta-gdansk-przestrzenia-artystow\/"},"modified":"2026-02-11T15:45:22","modified_gmt":"2026-02-11T15:45:22","slug":"animowanie-miasta-gdansk-przestrzenia-artystow","status":"publish","type":"product","link":"https:\/\/wydawnictwo.ug.edu.pl\/en\/ksiegarnia-online\/literaturoznawstwo\/animowanie-miasta-gdansk-przestrzenia-artystow\/","title":{"rendered":"Animowanie miasta. Gda\u0144sk przestrzeni\u0105 artyst\u00f3w"},"content":{"rendered":"","protected":false},"excerpt":{"rendered":"<p>W ksi\u0105\u017cce o gda\u0144skiej przestrzeni artyst\u00f3w znajduj\u0105 si\u0119 artyku\u0142y b\u0119d\u0105ce pok\u0142osiem bada\u0144 przeprowadzonych przez student\u00f3w kierunku Kulturoznawstwo na Uniwersytecie Gda\u0144skim. W kr\u0119gu zainteresowa\u0144 m\u0142odych badaczy znalaz\u0142y si\u0119 wydarzenia i zjawiska artystyczne obecne w gda\u0144skiej przestrzeni miejskiej: teatry uliczne i Mi\u0119dzynarodowy Festiwal FETA, Teatr w Oknie, fireshow, realizacje artystyczne i animacyjne na terenach postoczniowych oraz murale. Studenci, dzi\u015b ju\u017c absolwenci Kulturoznawstwa, skupili swoj\u0105 uwag\u0119 na przedstawieniu istoty omawianego zjawiska. Ukazali histori\u0119 i spos\u00f3b funkcjonowania w przestrzeni miejskiej wybranych form artystycznych i animacyjnych przy jednoczesnym uwzgl\u0119dnieniu ich mocy przekszta\u0142cania i poszerzania znaczenia samej przestrzeni, w kt\u00f3rej zaistnia\u0142y. Niniejsza publikacja mo\u017ce stanowi\u0107 interesuj\u0105c\u0105 lektur\u0119 nie tylko dla student\u00f3w i absolwent\u00f3w studi\u00f3w o profilu artystycznym, ale dla ka\u017cdego gda\u0144szczanina i turysty, kt\u00f3ry pragnie odkrywa\u0107 i poznawa\u0107 estetyczn\u0105 stron\u0119 miasta.<\/p>\n","protected":false},"featured_media":17534,"template":"","meta":{"_acf_changed":false},"journal":[],"rodzaj":[7074],"seria":[],"product_brand":[],"product_cat":[6925],"product_tag":[7650],"class_list":{"0":"post-46875","1":"product","2":"type-product","3":"status-publish","4":"has-post-thumbnail","6":"rodzaj-ksiazki","7":"product_cat-literaturoznawstwo","8":"product_tag-barbara-forysiewiczbarbara-forysiewicz","9":"pa_rok-wydania-2019-en","11":"first","12":"outofstock","13":"taxable","14":"shipping-taxable","15":"purchasable","16":"product-type-simple"},"acf":[],"_links":{"self":[{"href":"https:\/\/wydawnictwo.ug.edu.pl\/en\/wp-json\/wp\/v2\/product\/46875","targetHints":{"allow":["GET"]}}],"collection":[{"href":"https:\/\/wydawnictwo.ug.edu.pl\/en\/wp-json\/wp\/v2\/product"}],"about":[{"href":"https:\/\/wydawnictwo.ug.edu.pl\/en\/wp-json\/wp\/v2\/types\/product"}],"wp:featuredmedia":[{"embeddable":true,"href":"https:\/\/wydawnictwo.ug.edu.pl\/en\/wp-json\/wp\/v2\/media\/17534"}],"wp:attachment":[{"href":"https:\/\/wydawnictwo.ug.edu.pl\/en\/wp-json\/wp\/v2\/media?parent=46875"}],"wp:term":[{"taxonomy":"journal","embeddable":true,"href":"https:\/\/wydawnictwo.ug.edu.pl\/en\/wp-json\/wp\/v2\/journal?post=46875"},{"taxonomy":"rodzaj","embeddable":true,"href":"https:\/\/wydawnictwo.ug.edu.pl\/en\/wp-json\/wp\/v2\/rodzaj?post=46875"},{"taxonomy":"seria","embeddable":true,"href":"https:\/\/wydawnictwo.ug.edu.pl\/en\/wp-json\/wp\/v2\/seria?post=46875"},{"taxonomy":"product_brand","embeddable":true,"href":"https:\/\/wydawnictwo.ug.edu.pl\/en\/wp-json\/wp\/v2\/product_brand?post=46875"},{"taxonomy":"product_cat","embeddable":true,"href":"https:\/\/wydawnictwo.ug.edu.pl\/en\/wp-json\/wp\/v2\/product_cat?post=46875"},{"taxonomy":"product_tag","embeddable":true,"href":"https:\/\/wydawnictwo.ug.edu.pl\/en\/wp-json\/wp\/v2\/product_tag?post=46875"}],"curies":[{"name":"wp","href":"https:\/\/api.w.org\/{rel}","templated":true}]}}

Animowanie miasta. Gdańsk przestrzenią artystów

<p>W książce o gdańskiej przestrzeni artystów znajdują się artykuły będące pokłosiem badań przeprowadzonych przez studentów kierunku Kulturoznawstwo na Uniwersytecie Gdańskim. W kręgu zainteresowań młodych badaczy znalazły się wydarzenia i zjawiska artystyczne obecne w gdańskiej przestrzeni miejskiej: teatry uliczne i Międzynarodowy Festiwal FETA, Teatr w Oknie, fireshow, realizacje artystyczne i animacyjne na terenach postoczniowych oraz murale. Studenci, dziś już absolwenci Kulturoznawstwa, skupili swoją uwagę na przedstawieniu istoty omawianego zjawiska. Ukazali historię i sposób funkcjonowania w przestrzeni miejskiej wybranych form artystycznych i animacyjnych przy jednoczesnym uwzględnieniu ich mocy przekształcania i poszerzania znaczenia samej przestrzeni, w której zaistniały. Niniejsza publikacja może stanowić interesującą lekturę nie tylko dla studentów i absolwentów studiów o profilu artystycznym, ale dla każdego gdańszczanina i turysty, który pragnie odkrywać i poznawać estetyczną stronę miasta.</p>
