{"id":46863,"date":"2018-11-30T00:00:00","date_gmt":"2018-11-30T00:00:00","guid":{"rendered":"https:\/\/wydawnictwo.ug.edu.pl\/ksiegarnia-online\/uncategorized\/slowianskie-inspiracje-jezyk-literatura-kultura\/"},"modified":"2026-02-11T15:49:10","modified_gmt":"2026-02-11T15:49:10","slug":"slowianskie-inspiracje-jezyk-literatura-kultura","status":"publish","type":"product","link":"https:\/\/wydawnictwo.ug.edu.pl\/en\/ksiegarnia-online\/jezykoznawstwo\/slowianskie-inspiracje-jezyk-literatura-kultura\/","title":{"rendered":"S\u0142owia\u0144skie inspiracje. J\u0119zyk, literatura, kultura"},"content":{"rendered":"","protected":false},"excerpt":{"rendered":"<p>Tre\u015b\u0107 tomu, mi\u0119dzy innymi ze wzgl\u0119du na wspomnian\u0105 pasjonarno\u015b\u0107, a tak\u017ce okoliczno\u015bci towarzysz\u0105ce jego powstawaniu, pozostaje mocno niejednolita. W du\u017cej mierze oddaje ona mi\u0119dzynarodowy i interdyscyplinarny charakter sesji \u201eS\u0142owia\u0144skie inspiracje i innowacje\u201d, wzbogacona jednak zosta\u0142a o artyku\u0142y rozszerzaj\u0105ce nieco zakres tematyczny wyznaczony przez ramy tego spotkania. \u0141otmanowska my\u015bl, kt\u00f3ra wi\u0105\u017ce intencj\u0119 nadawania sensu z segmentacj\u0105 \u2013 kompozycyjnym zorganizowaniem\u00a0\u2013 delimitacj\u0105 przestrzeni, wp\u0142yn\u0119\u0142a na decyzj\u0119 o podziale materia\u0142u zebranego do tomu. Ostatecznie, na podstawie zawarto\u015bci tre\u015bciowej, uda\u0142o si\u0119 wyodr\u0119bni\u0107 cztery cz\u0119\u015bci, mniej lub bardziej zr\u00f3\u017cnicowane pod wzgl\u0119dem wewn\u0119trznej sp\u00f3jno\u015bci.<\/p>\n","protected":false},"featured_media":17570,"template":"","meta":{"_acf_changed":false},"journal":[],"rodzaj":[7074],"seria":[],"product_brand":[],"product_cat":[6924,6925],"product_tag":[8185,7670],"class_list":{"0":"post-46863","1":"product","2":"type-product","3":"status-publish","4":"has-post-thumbnail","6":"rodzaj-ksiazki","7":"product_cat-jezykoznawstwo","8":"product_cat-literaturoznawstwo","9":"product_tag-anita-gostomska","10":"product_tag-ewelina-lechockaewelina-lechocka","12":"first","13":"outofstock","14":"taxable","15":"shipping-taxable","16":"product-type-simple"},"acf":[],"_links":{"self":[{"href":"https:\/\/wydawnictwo.ug.edu.pl\/en\/wp-json\/wp\/v2\/product\/46863","targetHints":{"allow":["GET"]}}],"collection":[{"href":"https:\/\/wydawnictwo.ug.edu.pl\/en\/wp-json\/wp\/v2\/product"}],"about":[{"href":"https:\/\/wydawnictwo.ug.edu.pl\/en\/wp-json\/wp\/v2\/types\/product"}],"wp:featuredmedia":[{"embeddable":true,"href":"https:\/\/wydawnictwo.ug.edu.pl\/en\/wp-json\/wp\/v2\/media\/17570"}],"wp:attachment":[{"href":"https:\/\/wydawnictwo.ug.edu.pl\/en\/wp-json\/wp\/v2\/media?parent=46863"}],"wp:term":[{"taxonomy":"journal","embeddable":true,"href":"https:\/\/wydawnictwo.ug.edu.pl\/en\/wp-json\/wp\/v2\/journal?post=46863"},{"taxonomy":"rodzaj","embeddable":true,"href":"https:\/\/wydawnictwo.ug.edu.pl\/en\/wp-json\/wp\/v2\/rodzaj?post=46863"},{"taxonomy":"seria","embeddable":true,"href":"https:\/\/wydawnictwo.ug.edu.pl\/en\/wp-json\/wp\/v2\/seria?post=46863"},{"taxonomy":"product_brand","embeddable":true,"href":"https:\/\/wydawnictwo.ug.edu.pl\/en\/wp-json\/wp\/v2\/product_brand?post=46863"},{"taxonomy":"product_cat","embeddable":true,"href":"https:\/\/wydawnictwo.ug.edu.pl\/en\/wp-json\/wp\/v2\/product_cat?post=46863"},{"taxonomy":"product_tag","embeddable":true,"href":"https:\/\/wydawnictwo.ug.edu.pl\/en\/wp-json\/wp\/v2\/product_tag?post=46863"}],"curies":[{"name":"wp","href":"https:\/\/api.w.org\/{rel}","templated":true}]}}

Słowiańskie inspiracje. Język, literatura, kultura

<p>Treść tomu, między innymi ze względu na wspomnianą pasjonarność, a także okoliczności towarzyszące jego powstawaniu, pozostaje mocno niejednolita. W dużej mierze oddaje ona międzynarodowy i interdyscyplinarny charakter sesji „Słowiańskie inspiracje i innowacje”, wzbogacona jednak została o artykuły rozszerzające nieco zakres tematyczny wyznaczony przez ramy tego spotkania. Łotmanowska myśl, która wiąże intencję nadawania sensu z segmentacją – kompozycyjnym zorganizowaniem – delimitacją przestrzeni, wpłynęła na decyzję o podziale materiału zebranego do tomu. Ostatecznie, na podstawie zawartości treściowej, udało się wyodrębnić cztery części, mniej lub bardziej zróżnicowane pod względem wewnętrznej spójności.</p>
