{"id":46854,"date":"2018-11-30T00:00:00","date_gmt":"2018-11-30T00:00:00","guid":{"rendered":"https:\/\/wydawnictwo.ug.edu.pl\/ksiegarnia-online\/uncategorized\/spoleczne-i-niematerialne-determinanty-rozwoju-przedsiebiorstw\/"},"modified":"2026-02-11T15:45:16","modified_gmt":"2026-02-11T15:45:16","slug":"spoleczne-i-niematerialne-determinanty-rozwoju-przedsiebiorstw","status":"publish","type":"product","link":"https:\/\/wydawnictwo.ug.edu.pl\/en\/ksiegarnia-online\/zarzadzanie\/spoleczne-i-niematerialne-determinanty-rozwoju-przedsiebiorstw\/","title":{"rendered":"Spo\u0142eczne i niematerialne determinanty rozwoju przedsi\u0119biorstw"},"content":{"rendered":"","protected":false},"excerpt":{"rendered":"<p>Motywem przewodnim tego wielotomowego zbioru artyku\u0142\u00f3w naukowych jest przedsi\u0119biorstwo w obliczu nowych trend\u00f3w spo\u0142eczno-ekonomicznych. Autorzy skupili si\u0119 na\u00a0wsp\u00f3\u0142czesnych problemach funkcjonowania oraz rozwoju przedsi\u0119biorstw.\u00a0W dynamicznym \u015brodowisku biznesowym konieczne staje si\u0119 stosowanie skutecznych narz\u0119dzi, metod oraz technik zarz\u0105dzania, zapewniaj\u0105cych przewag\u0119 konkurencyjn\u0105 i d\u0142ugookresowe budowanie warto\u015bci firmy na rynku. Interdyscyplinarno\u015b\u0107 wiedzy, jaka wykorzystywana jest w zarz\u0105dzaniu przedsi\u0119biorstwem determinuje konieczno\u015b\u0107 ci\u0105g\u0142ego poszukiwania rozwi\u0105za\u0144, kt\u00f3re sprawdzi\u0142y si\u0119 w wybranych organizacjach, sektorach, czy szerzej \u2013 gospodarkach.<\/p>\n","protected":false},"featured_media":17551,"template":"","meta":{"_acf_changed":false},"journal":[],"rodzaj":[],"seria":[],"product_brand":[],"product_cat":[6942],"product_tag":[7910,7466,8181],"class_list":{"0":"post-46854","1":"product","2":"type-product","3":"status-publish","4":"has-post-thumbnail","6":"product_cat-zarzadzanie","7":"product_tag-pawel-antonowiczpawel-antonowiczpawel-antonowiczpawel-antonowicz","8":"product_tag-renata-ploska","9":"product_tag-robert-bebenrobert-beben","10":"pa_rok-wydania-2019-en","12":"first","13":"outofstock","14":"taxable","15":"shipping-taxable","16":"purchasable","17":"product-type-simple"},"acf":[],"_links":{"self":[{"href":"https:\/\/wydawnictwo.ug.edu.pl\/en\/wp-json\/wp\/v2\/product\/46854","targetHints":{"allow":["GET"]}}],"collection":[{"href":"https:\/\/wydawnictwo.ug.edu.pl\/en\/wp-json\/wp\/v2\/product"}],"about":[{"href":"https:\/\/wydawnictwo.ug.edu.pl\/en\/wp-json\/wp\/v2\/types\/product"}],"wp:featuredmedia":[{"embeddable":true,"href":"https:\/\/wydawnictwo.ug.edu.pl\/en\/wp-json\/wp\/v2\/media\/17551"}],"wp:attachment":[{"href":"https:\/\/wydawnictwo.ug.edu.pl\/en\/wp-json\/wp\/v2\/media?parent=46854"}],"wp:term":[{"taxonomy":"journal","embeddable":true,"href":"https:\/\/wydawnictwo.ug.edu.pl\/en\/wp-json\/wp\/v2\/journal?post=46854"},{"taxonomy":"rodzaj","embeddable":true,"href":"https:\/\/wydawnictwo.ug.edu.pl\/en\/wp-json\/wp\/v2\/rodzaj?post=46854"},{"taxonomy":"seria","embeddable":true,"href":"https:\/\/wydawnictwo.ug.edu.pl\/en\/wp-json\/wp\/v2\/seria?post=46854"},{"taxonomy":"product_brand","embeddable":true,"href":"https:\/\/wydawnictwo.ug.edu.pl\/en\/wp-json\/wp\/v2\/product_brand?post=46854"},{"taxonomy":"product_cat","embeddable":true,"href":"https:\/\/wydawnictwo.ug.edu.pl\/en\/wp-json\/wp\/v2\/product_cat?post=46854"},{"taxonomy":"product_tag","embeddable":true,"href":"https:\/\/wydawnictwo.ug.edu.pl\/en\/wp-json\/wp\/v2\/product_tag?post=46854"}],"curies":[{"name":"wp","href":"https:\/\/api.w.org\/{rel}","templated":true}]}}

Społeczne i niematerialne determinanty rozwoju przedsiębiorstw

<p>Motywem przewodnim tego wielotomowego zbioru artykułów naukowych jest przedsiębiorstwo w obliczu nowych trendów społeczno-ekonomicznych. Autorzy skupili się na współczesnych problemach funkcjonowania oraz rozwoju przedsiębiorstw. W dynamicznym środowisku biznesowym konieczne staje się stosowanie skutecznych narzędzi, metod oraz technik zarządzania, zapewniających przewagę konkurencyjną i długookresowe budowanie wartości firmy na rynku. Interdyscyplinarność wiedzy, jaka wykorzystywana jest w zarządzaniu przedsiębiorstwem determinuje konieczność ciągłego poszukiwania rozwiązań, które sprawdziły się w wybranych organizacjach, sektorach, czy szerzej – gospodarkach.</p>
