{"id":46847,"date":"2018-11-30T00:00:00","date_gmt":"2018-11-30T00:00:00","guid":{"rendered":"https:\/\/wydawnictwo.ug.edu.pl\/ksiegarnia-online\/uncategorized\/posrod-nas-iii-tworcy-pomorscy-i-gdanscy-rozmowy-niedokonczone\/"},"modified":"2026-02-11T15:42:02","modified_gmt":"2026-02-11T15:42:02","slug":"posrod-nas-iii-tworcy-pomorscy-i-gdanscy-rozmowy-niedokonczone","status":"publish","type":"product","link":"https:\/\/wydawnictwo.ug.edu.pl\/en\/ksiegarnia-online\/literaturoznawstwo\/posrod-nas-iii-tworcy-pomorscy-i-gdanscy-rozmowy-niedokonczone\/","title":{"rendered":"Po\u015br\u00f3d nas III. Tw\u00f3rcy pomorscy i gda\u0144scy. Rozmowy niedoko\u0144czone"},"content":{"rendered":"","protected":false},"excerpt":{"rendered":"<p>Publikacja\u00a0<em>Po\u015br\u00f3d nas III. Tw\u00f3rcy pomorscy i gda\u0144scy. Rozmowy niedoko\u0144czone<\/em>, red. G. F Tomaszewscy, M. S. Modrzewscy, Wyd. UG, Gda\u0144sk 2018 jest III tomem szerszego publikacyjnego zamys\u0142u, jako rezultatu bezpo\u015brednich spotka\u0144 z tw\u00f3rcami pomorskimi i gda\u0144skimi na Uniwersytecie Gda\u0144skim.<\/p>\n<p>Aktualny tom\u00a0<em>Po\u015br\u00f3d nas III. Tw\u00f3rcy pomorscy i gda\u0144scy. Rozmowy niedoko\u0144czone<\/em>\u00a0pozwala uczestniczy\u0107 w rozmowach z:<br \/>\nW\u0142adys\u0142awem Zawistowskim<br \/>\nBarbar\u0105 Pi\u00f3rkowsk\u0105<br \/>\nMarkiem Szalsz\u0105<br \/>\nRyszardem Horodeckim<br \/>\nWojciechem Borosem<br \/>\nIzabel\u0105 Morsk\u0105 (Filipiak)<br \/>\nAndrzejem Mestwinem Facem i Ew\u0105 Mi\u0142ek.<\/p>\n<p>Goszcz\u0105cy na Uniwersytecie tw\u00f3rcy trzeciej serii s\u0105 przedmiotem literaturoznawczej uwagi, ale przynosz\u0105 wraz z sob\u0105 r\u00f3wnie\u017c \u015bwiat (\u015bwiaty) spoza typowej akademickiej wsp\u00f3lnoty, u\u015bwiadamiaj\u0105c rozmiary i specyfik\u0119 otaczaj\u0105cej nas rzeczywisto\u015bci \u201epo\u015br\u00f3d nas\u201d. Wszystkich bohater\u00f3w spotka\u0144 charakteryzuje silna tendencja do prze\u0142amywania dualizmu \u017cycia i literatury, dzia\u0142alno\u015bci artystycznej i pozaartystycznej, tw\u00f3rczo\u015bci typowo rozumianej i \u201etw\u00f3rczo\u015bci\u201d, jako kreacyjnej pasji, maj\u0105cej r\u00f3\u017cne formy, odga\u0142\u0119zienia, rodzaje (urz\u0119dnicze, wydawnicze, instytucjonalne, naukowe, spo\u0142eczne, dydaktyczne, itd.). Wszyscy s\u0105 wyj\u0105tkowo silnie zanurzeni w materi\u0119 \u017cycia, w zwi\u0105zane z ni\u0105 problemy, pasje, fascynacje; w dzia\u0142ania performerskie o r\u00f3\u017cnym charakterze i wymiarze. Wszyscy, prze\u0142amuj\u0105c dystans mi\u0119dzy tym, co formalnie porozdzielane (jak np. nauki humanistyczne i przyrodnicze), tworz\u0105 wielopoziomow\u0105 i skomplikowan\u0105 konstrukcj\u0119 \u015bwiata nam najbli\u017cszego. Nie zamykaj\u0105 si\u0119 przy tym w \u015bci\u015ble ograniczonych (problemowo, tematycznie, dyskursywnie) granicach, ale buduj\u0105 r\u00f3\u017cnego rodzaju nici porozumienia z uniwersalnym wymiarem ludzkiej egzystencji. Przekonuj\u0105, \u017ce idea rozumienia i porozumienia nie jest tylko utopi\u0105 i marzeniem naiwnych, ale nasz\u0105 fundamentaln\u0105 potrzeb\u0105.<\/p>\n","protected":false},"featured_media":15899,"template":"","meta":{"_acf_changed":false},"journal":[],"rodzaj":[7074],"seria":[],"product_brand":[],"product_cat":[6925],"product_tag":[],"class_list":{"0":"post-46847","1":"product","2":"type-product","3":"status-publish","4":"has-post-thumbnail","6":"rodzaj-ksiazki","7":"product_cat-literaturoznawstwo","8":"pa_rok-wydania-2019-en","10":"first","11":"outofstock","12":"taxable","13":"shipping-taxable","14":"purchasable","15":"product-type-simple"},"acf":[],"_links":{"self":[{"href":"https:\/\/wydawnictwo.ug.edu.pl\/en\/wp-json\/wp\/v2\/product\/46847","targetHints":{"allow":["GET"]}}],"collection":[{"href":"https:\/\/wydawnictwo.ug.edu.pl\/en\/wp-json\/wp\/v2\/product"}],"about":[{"href":"https:\/\/wydawnictwo.ug.edu.pl\/en\/wp-json\/wp\/v2\/types\/product"}],"wp:featuredmedia":[{"embeddable":true,"href":"https:\/\/wydawnictwo.ug.edu.pl\/en\/wp-json\/wp\/v2\/media\/15899"}],"wp:attachment":[{"href":"https:\/\/wydawnictwo.ug.edu.pl\/en\/wp-json\/wp\/v2\/media?parent=46847"}],"wp:term":[{"taxonomy":"journal","embeddable":true,"href":"https:\/\/wydawnictwo.ug.edu.pl\/en\/wp-json\/wp\/v2\/journal?post=46847"},{"taxonomy":"rodzaj","embeddable":true,"href":"https:\/\/wydawnictwo.ug.edu.pl\/en\/wp-json\/wp\/v2\/rodzaj?post=46847"},{"taxonomy":"seria","embeddable":true,"href":"https:\/\/wydawnictwo.ug.edu.pl\/en\/wp-json\/wp\/v2\/seria?post=46847"},{"taxonomy":"product_brand","embeddable":true,"href":"https:\/\/wydawnictwo.ug.edu.pl\/en\/wp-json\/wp\/v2\/product_brand?post=46847"},{"taxonomy":"product_cat","embeddable":true,"href":"https:\/\/wydawnictwo.ug.edu.pl\/en\/wp-json\/wp\/v2\/product_cat?post=46847"},{"taxonomy":"product_tag","embeddable":true,"href":"https:\/\/wydawnictwo.ug.edu.pl\/en\/wp-json\/wp\/v2\/product_tag?post=46847"}],"curies":[{"name":"wp","href":"https:\/\/api.w.org\/{rel}","templated":true}]}}

Pośród nas III. Twórcy pomorscy i gdańscy. Rozmowy niedokończone

<p>Publikacja <em>Pośród nas III. Twórcy pomorscy i gdańscy. Rozmowy niedokończone</em>, red. G. F Tomaszewscy, M. S. Modrzewscy, Wyd. UG, Gdańsk 2018 jest III tomem szerszego publikacyjnego zamysłu, jako rezultatu bezpośrednich spotkań z twórcami pomorskimi i gdańskimi na Uniwersytecie Gdańskim.</p>
<p>Aktualny tom <em>Pośród nas III. Twórcy pomorscy i gdańscy. Rozmowy niedokończone</em> pozwala uczestniczyć w rozmowach z:<br />
Władysławem Zawistowskim<br />
Barbarą Piórkowską<br />
Markiem Szalszą<br />
Ryszardem Horodeckim<br />
Wojciechem Borosem<br />
Izabelą Morską (Filipiak)<br />
Andrzejem Mestwinem Facem i Ewą Miłek.</p>
<p>Goszczący na Uniwersytecie twórcy trzeciej serii są przedmiotem literaturoznawczej uwagi, ale przynoszą wraz z sobą również świat (światy) spoza typowej akademickiej wspólnoty, uświadamiając rozmiary i specyfikę otaczającej nas rzeczywistości „pośród nas”. Wszystkich bohaterów spotkań charakteryzuje silna tendencja do przełamywania dualizmu życia i literatury, działalności artystycznej i pozaartystycznej, twórczości typowo rozumianej i „twórczości”, jako kreacyjnej pasji, mającej różne formy, odgałęzienia, rodzaje (urzędnicze, wydawnicze, instytucjonalne, naukowe, społeczne, dydaktyczne, itd.). Wszyscy są wyjątkowo silnie zanurzeni w materię życia, w związane z nią problemy, pasje, fascynacje; w działania performerskie o różnym charakterze i wymiarze. Wszyscy, przełamując dystans między tym, co formalnie porozdzielane (jak np. nauki humanistyczne i przyrodnicze), tworzą wielopoziomową i skomplikowaną konstrukcję świata nam najbliższego. Nie zamykają się przy tym w ściśle ograniczonych (problemowo, tematycznie, dyskursywnie) granicach, ale budują różnego rodzaju nici porozumienia z uniwersalnym wymiarem ludzkiej egzystencji. Przekonują, że idea rozumienia i porozumienia nie jest tylko utopią i marzeniem naiwnych, ale naszą fundamentalną potrzebą.</p>
