{"id":46842,"date":"0203-11-30T00:00:00","date_gmt":"0203-11-30T00:00:00","guid":{"rendered":"https:\/\/wydawnictwo.ug.edu.pl\/ksiegarnia-online\/uncategorized\/fonetyka-jezyka-polskiego-w-cwiczeniach\/"},"modified":"2026-02-11T16:36:15","modified_gmt":"2026-02-11T16:36:15","slug":"fonetyka-jezyka-polskiego-w-cwiczeniach","status":"publish","type":"product","link":"https:\/\/wydawnictwo.ug.edu.pl\/en\/ksiegarnia-online\/jezykoznawstwo\/fonetyka-jezyka-polskiego-w-cwiczeniach\/","title":{"rendered":"Fonetyka j\u0119zyka polskiego w \u0107wiczeniach"},"content":{"rendered":"","protected":false},"excerpt":{"rendered":"<p>Proponowany przez nas zbi\u00f3r \u0107wicze\u0144 przeznaczony jest dla student\u00f3w filologii polskiej, a tak\u017ce innych kierunk\u00f3w, w kt\u00f3rych programie znajduje si\u0119 przedmiot maj\u0105cy za zadanie zapozna\u0107 z w\u0142a\u015bciwo\u015bciami fonetycznymi wsp\u00f3\u0142czesnej polszczyzny. Praca ta, w naszym zamierzeniu, ma s\u0142u\u017cy\u0107 pomoc\u0105 prowadz\u0105cemu \u0107wiczenia kursowe z fonetyki zar\u00f3wno w przygotowywaniu zaj\u0119\u0107 grupowych, jak i przy organizowaniu pracy studenta poza zaj\u0119ciami. G\u0142\u00f3wnym adresatem tego zbioru jest jednak sam student, kt\u00f3remu ksi\u0105\u017cka umo\u017cliwia prac\u0119 indywidualn\u0105: samodzielne sprawdzanie, utrwalanie i rozszerzanie wiedzy z zakresu fonetyki j\u0119zyka polskiego. Mamy nadziej\u0119, \u017ce zach\u0119t\u0105 do si\u0119gania po ni\u0105 stanie si\u0119 urozmaicona forma \u0107wicze\u0144, u\u0142atwiaj\u0105ca zarazem przyswajanie wiadomo\u015bci i kszta\u0142cenie odpowiednich umiej\u0119tno\u015bci.<\/p>\n","protected":false},"featured_media":16149,"template":"","meta":{"_acf_changed":false},"journal":[],"rodzaj":[7330],"seria":[],"product_brand":[],"product_cat":[6924],"product_tag":[7533,8176],"class_list":{"0":"post-46842","1":"product","2":"type-product","3":"status-publish","4":"has-post-thumbnail","6":"rodzaj-schoolbook","7":"product_cat-jezykoznawstwo","8":"product_tag-ewa-badyda-autorzy","9":"product_tag-sylwia-rzedzicka","10":"pa_rok-wydania-2014-en","12":"first","13":"outofstock","14":"taxable","15":"shipping-taxable","16":"purchasable","17":"product-type-simple"},"acf":[],"_links":{"self":[{"href":"https:\/\/wydawnictwo.ug.edu.pl\/en\/wp-json\/wp\/v2\/product\/46842","targetHints":{"allow":["GET"]}}],"collection":[{"href":"https:\/\/wydawnictwo.ug.edu.pl\/en\/wp-json\/wp\/v2\/product"}],"about":[{"href":"https:\/\/wydawnictwo.ug.edu.pl\/en\/wp-json\/wp\/v2\/types\/product"}],"wp:featuredmedia":[{"embeddable":true,"href":"https:\/\/wydawnictwo.ug.edu.pl\/en\/wp-json\/wp\/v2\/media\/16149"}],"wp:attachment":[{"href":"https:\/\/wydawnictwo.ug.edu.pl\/en\/wp-json\/wp\/v2\/media?parent=46842"}],"wp:term":[{"taxonomy":"journal","embeddable":true,"href":"https:\/\/wydawnictwo.ug.edu.pl\/en\/wp-json\/wp\/v2\/journal?post=46842"},{"taxonomy":"rodzaj","embeddable":true,"href":"https:\/\/wydawnictwo.ug.edu.pl\/en\/wp-json\/wp\/v2\/rodzaj?post=46842"},{"taxonomy":"seria","embeddable":true,"href":"https:\/\/wydawnictwo.ug.edu.pl\/en\/wp-json\/wp\/v2\/seria?post=46842"},{"taxonomy":"product_brand","embeddable":true,"href":"https:\/\/wydawnictwo.ug.edu.pl\/en\/wp-json\/wp\/v2\/product_brand?post=46842"},{"taxonomy":"product_cat","embeddable":true,"href":"https:\/\/wydawnictwo.ug.edu.pl\/en\/wp-json\/wp\/v2\/product_cat?post=46842"},{"taxonomy":"product_tag","embeddable":true,"href":"https:\/\/wydawnictwo.ug.edu.pl\/en\/wp-json\/wp\/v2\/product_tag?post=46842"}],"curies":[{"name":"wp","href":"https:\/\/api.w.org\/{rel}","templated":true}]}}

Fonetyka języka polskiego w ćwiczeniach

<p>Proponowany przez nas zbiór ćwiczeń przeznaczony jest dla studentów filologii polskiej, a także innych kierunków, w których programie znajduje się przedmiot mający za zadanie zapoznać z właściwościami fonetycznymi współczesnej polszczyzny. Praca ta, w naszym zamierzeniu, ma służyć pomocą prowadzącemu ćwiczenia kursowe z fonetyki zarówno w przygotowywaniu zajęć grupowych, jak i przy organizowaniu pracy studenta poza zajęciami. Głównym adresatem tego zbioru jest jednak sam student, któremu książka umożliwia pracę indywidualną: samodzielne sprawdzanie, utrwalanie i rozszerzanie wiedzy z zakresu fonetyki języka polskiego. Mamy nadzieję, że zachętą do sięgania po nią stanie się urozmaicona forma ćwiczeń, ułatwiająca zarazem przyswajanie wiadomości i kształcenie odpowiednich umiejętności.</p>
