{"id":46838,"date":"2012-11-30T00:00:00","date_gmt":"2012-11-30T00:00:00","guid":{"rendered":"https:\/\/wydawnictwo.ug.edu.pl\/ksiegarnia-online\/uncategorized\/sacrum-w-kinie-dekade-pozniej\/"},"modified":"2026-02-11T16:32:46","modified_gmt":"2026-02-11T16:32:46","slug":"sacrum-w-kinie-dekade-pozniej","status":"publish","type":"product","link":"https:\/\/wydawnictwo.ug.edu.pl\/en\/ksiegarnia-online\/sztuka\/sacrum-w-kinie-dekade-pozniej\/","title":{"rendered":"Sacrum w kinie, dekad\u0119 p\u00f3\u017aniej"},"content":{"rendered":"<p>978-83-7865-153-6<\/p>\n","protected":false},"excerpt":{"rendered":"<p style=\"text-align: justify;\">Ksi\u0105\u017cka swoj\u0105 formu\u0142\u0105 nawi\u0105zuje do wydanego w Gda\u0144sku w 2002 roku tomu zredagowanego przez Miros\u0142awa Przylipiaka i Krzysztofa Kornackiego. Umieszczone w niej teksty (pisane g\u0142\u00f3wnie z filmoznawczej perspektywy) ukazuj\u0105, w jaki spos\u00f3b zmieni\u0142y si\u0119 formy konceptualizacji religijno\u015bci w kinie artystycznym, rozpatruj\u0105 liczne przekszta\u0142cania topiki religijnej przez popkultur\u0119 oraz badaj\u0105 upodobania wsp\u00f3\u0142czesnej publiczno\u015bci. Po\u015bwi\u0119cono je g\u0142\u00f3wnie kwestiom omawiania meandr\u00f3w chrze\u015bcija\u0144stwa, interpretowaniu post\u0119puj\u0105cych form degradowania symboliki religijnej w kinie i kulturze popularnej oraz nie\u0142atwym pr\u00f3bom namys\u0142u teoretycznego nad zwi\u0105zkami kina i religii.<\/p>\n<p style=\"text-align: justify;\">Opr\u00f3cz takich refleksji w ksi\u0105\u017cce znalaz\u0142y si\u0119 r\u00f3wnie\u017c artyku\u0142y i eseje dotycz\u0105ce rzadziej poruszanych w polskich badaniach akademickich temat\u00f3w, prezentuj\u0105ce analizy \u201ereligijno\u015bci ateistycznej\u201d i zlaicyzowanych form wykorzystywania topiki religijnej. Tom zawiera tak\u017ce teksty dotycz\u0105ce sposob\u00f3w reinterpretowania tez \u0142\u0105czonych z kontrkulturowym spadkiem po New Age oraz artyku\u0142y przygl\u0105daj\u0105ce si\u0119 filmowym wizerunkom Boga i za\u015bwiat\u00f3w, poszukuj\u0105ce kinowych inspiracji biblijnych i badaj\u0105ce zwi\u0105zki kina dokumentalnego z namys\u0142em nad r\u00f3\u017cnie rozumianymi formami do\u015bwiadczania transcendencji.<\/p>\n","protected":false},"featured_media":15583,"template":"","meta":{"_acf_changed":false},"journal":[],"rodzaj":[7074],"seria":[],"product_brand":[],"product_cat":[6939],"product_tag":[7630,8172,8173],"class_list":{"0":"post-46838","1":"product","2":"type-product","3":"status-publish","4":"has-post-thumbnail","6":"rodzaj-ksiazki","7":"product_cat-sztuka","8":"product_tag-krzysztof-kornackikrzysztof-kornacki","9":"product_tag-magdalena-zelent","10":"product_tag-sebastian-jakub-konefalsebastian-jakub-konefal","11":"pa_rok-wydania-2013-en","13":"first","14":"outofstock","15":"downloadable","16":"virtual","17":"taxable","18":"purchasable","19":"product-type-simple"},"acf":[],"_links":{"self":[{"href":"https:\/\/wydawnictwo.ug.edu.pl\/en\/wp-json\/wp\/v2\/product\/46838","targetHints":{"allow":["GET"]}}],"collection":[{"href":"https:\/\/wydawnictwo.ug.edu.pl\/en\/wp-json\/wp\/v2\/product"}],"about":[{"href":"https:\/\/wydawnictwo.ug.edu.pl\/en\/wp-json\/wp\/v2\/types\/product"}],"wp:featuredmedia":[{"embeddable":true,"href":"https:\/\/wydawnictwo.ug.edu.pl\/en\/wp-json\/wp\/v2\/media\/15583"}],"wp:attachment":[{"href":"https:\/\/wydawnictwo.ug.edu.pl\/en\/wp-json\/wp\/v2\/media?parent=46838"}],"wp:term":[{"taxonomy":"journal","embeddable":true,"href":"https:\/\/wydawnictwo.ug.edu.pl\/en\/wp-json\/wp\/v2\/journal?post=46838"},{"taxonomy":"rodzaj","embeddable":true,"href":"https:\/\/wydawnictwo.ug.edu.pl\/en\/wp-json\/wp\/v2\/rodzaj?post=46838"},{"taxonomy":"seria","embeddable":true,"href":"https:\/\/wydawnictwo.ug.edu.pl\/en\/wp-json\/wp\/v2\/seria?post=46838"},{"taxonomy":"product_brand","embeddable":true,"href":"https:\/\/wydawnictwo.ug.edu.pl\/en\/wp-json\/wp\/v2\/product_brand?post=46838"},{"taxonomy":"product_cat","embeddable":true,"href":"https:\/\/wydawnictwo.ug.edu.pl\/en\/wp-json\/wp\/v2\/product_cat?post=46838"},{"taxonomy":"product_tag","embeddable":true,"href":"https:\/\/wydawnictwo.ug.edu.pl\/en\/wp-json\/wp\/v2\/product_tag?post=46838"}],"curies":[{"name":"wp","href":"https:\/\/api.w.org\/{rel}","templated":true}]}}

Sacrum w kinie, dekadę później

<p style="text-align: justify;">Książka swoją formułą nawiązuje do wydanego w Gdańsku w 2002 roku tomu zredagowanego przez Mirosława Przylipiaka i Krzysztofa Kornackiego. Umieszczone w niej teksty (pisane głównie z filmoznawczej perspektywy) ukazują, w jaki sposób zmieniły się formy konceptualizacji religijności w kinie artystycznym, rozpatrują liczne przekształcania topiki religijnej przez popkulturę oraz badają upodobania współczesnej publiczności. Poświęcono je głównie kwestiom omawiania meandrów chrześcijaństwa, interpretowaniu postępujących form degradowania symboliki religijnej w kinie i kulturze popularnej oraz niełatwym próbom namysłu teoretycznego nad związkami kina i religii.</p>
<p style="text-align: justify;">Oprócz takich refleksji w książce znalazły się również artykuły i eseje dotyczące rzadziej poruszanych w polskich badaniach akademickich tematów, prezentujące analizy „religijności ateistycznej” i zlaicyzowanych form wykorzystywania topiki religijnej. Tom zawiera także teksty dotyczące sposobów reinterpretowania tez łączonych z kontrkulturowym spadkiem po New Age oraz artykuły przyglądające się filmowym wizerunkom Boga i zaświatów, poszukujące kinowych inspiracji biblijnych i badające związki kina dokumentalnego z namysłem nad różnie rozumianymi formami doświadczania transcendencji.</p>
