{"id":46832,"date":"2012-12-31T00:00:00","date_gmt":"2012-12-31T00:00:00","guid":{"rendered":"https:\/\/wydawnictwo.ug.edu.pl\/ksiegarnia-online\/uncategorized\/nowoczesni-i-postepowi-cywilizacyjny-wymiar-skandynawii-z-polskiej-perspektywy\/"},"modified":"2026-02-11T16:32:52","modified_gmt":"2026-02-11T16:32:52","slug":"nowoczesni-i-postepowi-cywilizacyjny-wymiar-skandynawii-z-polskiej-perspektywy","status":"publish","type":"product","link":"https:\/\/wydawnictwo.ug.edu.pl\/en\/ksiegarnia-online\/jezykoznawstwo\/nowoczesni-i-postepowi-cywilizacyjny-wymiar-skandynawii-z-polskiej-perspektywy\/","title":{"rendered":"Nowocze\u015bni i post\u0119powi? Cywilizacyjny wymiar Skandynawii z polskiej perspektywy"},"content":{"rendered":"","protected":false},"excerpt":{"rendered":"<p style=\"text-align: justify;\">Obecnie, kraje nordyckie w obiegowej opinii reprezentuj\u0105 spo\u0142ecze\u0144stwa id\u0105ce z duchem czasu, innowacyjne i progresywne. Badaj\u0105c tylko ostatnie dwadzie\u015bcia lat wizerunku Skandynawii w prasie polskiej, znajdujemy obraz regionu i spo\u0142ecze\u0144stw, kt\u00f3re inwestuj\u0105 w wiedz\u0119 i nowoczesne, ekologiczne technologie, a tak\u017ce stawiaj\u0105 na sta\u0142y rozw\u00f3j i konkurencyjno\u015b\u0107. R\u00f3wnie\u017c w dziedzinie praw cz\u0142owieka kraje te s\u0105 przedstawiane jako wz\u00f3r do na\u015bladowania. Panuje w nich bowiem szeroko rozumiana r\u00f3wno\u015b\u0107 i tolerancja, wyra\u017caj\u0105ca si\u0119 w poszanowaniu praw dzieci, kobiet i mniejszo\u015bci, a s\u0142ynna skandynawska koncyliacyjno\u015b\u0107 i niech\u0119\u0107 do wszelkiego rodzaju przemocy prowadzi do sukces\u00f3w w rozwi\u0105zywaniu konflikt\u00f3w spo\u0142ecznych jedynie przy pomocy pokojowych negocjacji.<\/p>\n<p style=\"text-align: justify;\">Czy jest to tylko wiedza popularna? Czy mamy po cz\u0119\u015bci do czynienia z mitami, kt\u00f3re przy bli\u017cszym przyjrzeniu si\u0119 spo\u0142ecze\u0144stwom skandynawskim utrac\u0105 sw\u0105 si\u0142\u0119 przyci\u0105gania? Czy \u201enowocze\u015bni\u201d i \u201epost\u0119powi\u201d Skandynawowie radz\u0105 sobie z wyzwaniami XXI wieku: z globalizacj\u0105 i z radykalizacj\u0105 postaw wobec emigracji w zwi\u0105zku z obecnym kryzysem gospodarczym.<\/p>\n<p>Studia P\u00f3\u0142nocnoeuropejskie to seria promuj\u0105ca naukowe eksploracje i badawcze pasje pracownik\u00f3w gda\u0144skiej skandynawistyki oraz zapraszanych do wsp\u00f3\u0142pracy badaczy z innych o\u015brodk\u00f3w akademickich. Planowane s\u0105 r\u00f3wnie\u017c tomy prezentuj\u0105ce studenck\u0105 aktywno\u015b\u0107 naukow\u0105.<\/p>\n<p>Publikacje tworz\u0105ce profil serii \u015bwiadcz\u0105 o ustawicznym redefiniowaniu i poszerzaniu obszar\u00f3w kulturowych eksplorowanych przez gda\u0144skich skandynawist\u00f3w i ich zainteresowaniu dynamik\u0105 proces\u00f3w zachodz\u0105cych na styku kultur.<\/p>\n<p>&nbsp;<\/p>\n","protected":false},"featured_media":17853,"template":"","meta":{"_acf_changed":false},"journal":[],"rodzaj":[2602,2603,2604],"seria":[6761],"product_brand":[],"product_cat":[254,2485],"product_tag":[1182,391],"class_list":{"0":"post-46832","1":"product","2":"type-product","3":"status-publish","4":"has-post-thumbnail","6":"rodzaj-ksiazki","7":"rodzaj-e-book","8":"rodzaj-serie-wydawnicze","9":"seria-studia-polnocnoeuropejskie","10":"product_cat-jezykoznawstwo","11":"product_cat-literaturoznawstwo","12":"product_tag-kazimierz-musial","13":"product_tag-maja-chacinska","15":"first","16":"outofstock","17":"taxable","18":"shipping-taxable","19":"product-type-simple"},"acf":[],"_links":{"self":[{"href":"https:\/\/wydawnictwo.ug.edu.pl\/en\/wp-json\/wp\/v2\/product\/46832","targetHints":{"allow":["GET"]}}],"collection":[{"href":"https:\/\/wydawnictwo.ug.edu.pl\/en\/wp-json\/wp\/v2\/product"}],"about":[{"href":"https:\/\/wydawnictwo.ug.edu.pl\/en\/wp-json\/wp\/v2\/types\/product"}],"wp:featuredmedia":[{"embeddable":true,"href":"https:\/\/wydawnictwo.ug.edu.pl\/en\/wp-json\/wp\/v2\/media\/17853"}],"wp:attachment":[{"href":"https:\/\/wydawnictwo.ug.edu.pl\/en\/wp-json\/wp\/v2\/media?parent=46832"}],"wp:term":[{"taxonomy":"journal","embeddable":true,"href":"https:\/\/wydawnictwo.ug.edu.pl\/en\/wp-json\/wp\/v2\/journal?post=46832"},{"taxonomy":"rodzaj","embeddable":true,"href":"https:\/\/wydawnictwo.ug.edu.pl\/en\/wp-json\/wp\/v2\/rodzaj?post=46832"},{"taxonomy":"seria","embeddable":true,"href":"https:\/\/wydawnictwo.ug.edu.pl\/en\/wp-json\/wp\/v2\/seria?post=46832"},{"taxonomy":"product_brand","embeddable":true,"href":"https:\/\/wydawnictwo.ug.edu.pl\/en\/wp-json\/wp\/v2\/product_brand?post=46832"},{"taxonomy":"product_cat","embeddable":true,"href":"https:\/\/wydawnictwo.ug.edu.pl\/en\/wp-json\/wp\/v2\/product_cat?post=46832"},{"taxonomy":"product_tag","embeddable":true,"href":"https:\/\/wydawnictwo.ug.edu.pl\/en\/wp-json\/wp\/v2\/product_tag?post=46832"}],"curies":[{"name":"wp","href":"https:\/\/api.w.org\/{rel}","templated":true}]}}

Nowocześni i postępowi? Cywilizacyjny wymiar Skandynawii z polskiej perspektywy

<p style="text-align: justify;">Obecnie, kraje nordyckie w obiegowej opinii reprezentują społeczeństwa idące z duchem czasu, innowacyjne i progresywne. Badając tylko ostatnie dwadzieścia lat wizerunku Skandynawii w prasie polskiej, znajdujemy obraz regionu i społeczeństw, które inwestują w wiedzę i nowoczesne, ekologiczne technologie, a także stawiają na stały rozwój i konkurencyjność. Również w dziedzinie praw człowieka kraje te są przedstawiane jako wzór do naśladowania. Panuje w nich bowiem szeroko rozumiana równość i tolerancja, wyrażająca się w poszanowaniu praw dzieci, kobiet i mniejszości, a słynna skandynawska koncyliacyjność i niechęć do wszelkiego rodzaju przemocy prowadzi do sukcesów w rozwiązywaniu konfliktów społecznych jedynie przy pomocy pokojowych negocjacji.</p>
<p style="text-align: justify;">Czy jest to tylko wiedza popularna? Czy mamy po części do czynienia z mitami, które przy bliższym przyjrzeniu się społeczeństwom skandynawskim utracą swą siłę przyciągania? Czy „nowocześni” i „postępowi” Skandynawowie radzą sobie z wyzwaniami XXI wieku: z globalizacją i z radykalizacją postaw wobec emigracji w związku z obecnym kryzysem gospodarczym.</p>
<p>Studia Północnoeuropejskie to seria promująca naukowe eksploracje i badawcze pasje pracowników gdańskiej skandynawistyki oraz zapraszanych do współpracy badaczy z innych ośrodków akademickich. Planowane są również tomy prezentujące studencką aktywność naukową.</p>
<p>Publikacje tworzące profil serii świadczą o ustawicznym redefiniowaniu i poszerzaniu obszarów kulturowych eksplorowanych przez gdańskich skandynawistów i ich zainteresowaniu dynamiką procesów zachodzących na styku kultur.</p>
<p>&nbsp;</p>
