{"id":46826,"date":"2013-11-30T01:00:00","date_gmt":"2013-11-30T01:00:00","guid":{"rendered":"https:\/\/wydawnictwo.ug.edu.pl\/ksiegarnia-online\/uncategorized\/in-arte-sua-quilibet-rex-studia-nad-dziejami-kultury-na-pomorzu\/"},"modified":"2026-02-11T16:30:20","modified_gmt":"2026-02-11T16:30:20","slug":"in-arte-sua-quilibet-rex-studia-nad-dziejami-kultury-na-pomorzu","status":"publish","type":"product","link":"https:\/\/wydawnictwo.ug.edu.pl\/en\/ksiegarnia-online\/historia\/in-arte-sua-quilibet-rex-studia-nad-dziejami-kultury-na-pomorzu\/","title":{"rendered":"In arte sua quilibet rex. Studia nad dziejami kultury na Pomorzu"},"content":{"rendered":"","protected":false},"excerpt":{"rendered":"<p style=\"text-align: justify;\">Tytu\u0142 g\u0142\u00f3wny publikacji, znacz\u0105cy po polsku:\u00a0<em>W swojej sztuce ka\u017cdy jest kr\u00f3lem<\/em>, \u0142\u0105czy w sobie odwieczne marzenie tw\u00f3rc\u00f3w, je\u015bli nie o hegemonii w wybranej dziedzinie sztuki i nauki, to o uzyskaniu cho\u0107by najmniejszego znaczenia i akceptacji w \u017cyciu spo\u0142ecznym. Zaprezentowane zagadnienia s\u0105 zwi\u0105zane z dziejami kultury na Pomorzu od czas\u00f3w \u015bredniowiecznych do epoki mi\u0119dzywojennej.<\/p>\n<p style=\"text-align: justify;\">Autor pokazuje, w jaki spos\u00f3b zastosowa\u0142 w ostatnich latach propozycje teoretyczne i metodologiczne w zakresie rozpoznania artefakt\u00f3w na polu w\u0142asnej praktyki badawczej, przede wszystkim w opracowaniach zbli\u017conych do historii kultury materialnej, ale tak\u017ce w pracach zwi\u0105zanych z epigrafik\u0105 \u015bredniowieczn\u0105 i nowo\u017cytn\u0105 oraz ikonologi\u0105 historyczn\u0105. Zagadnienia obejmuj\u0105 wiele kategorii obiekt\u00f3w dawnej kultury materialnej, m.in. sepulkralia, architektoniczne inskrypcje \u015bredniowieczne i nowo\u017cytne, dawne\u00a0<em>vasa sacra<\/em>, obiekty kostiumologiczne i bi\u017cuteryjne, zabytki sfragistyczne, kluczyki do zegark\u00f3w kieszonkowych, naparstki od XIV do XIX wieku, plomby towarowe, metalowe akcesoria odzie\u017cowe od XIII do XX wieku i europejskie pami\u0105tki pielgrzymie.<\/p>\n","protected":false},"featured_media":17647,"template":"","meta":{"_acf_changed":false},"journal":[],"rodzaj":[],"seria":[],"product_brand":[],"product_cat":[6958],"product_tag":[7772],"class_list":{"0":"post-46826","1":"product","2":"type-product","3":"status-publish","4":"has-post-thumbnail","6":"product_cat-historia","7":"product_tag-krzysztof-maciej-kowalskikrzysztof-maciej-kowalski","9":"first","10":"outofstock","11":"taxable","12":"shipping-taxable","13":"purchasable","14":"product-type-simple"},"acf":[],"_links":{"self":[{"href":"https:\/\/wydawnictwo.ug.edu.pl\/en\/wp-json\/wp\/v2\/product\/46826","targetHints":{"allow":["GET"]}}],"collection":[{"href":"https:\/\/wydawnictwo.ug.edu.pl\/en\/wp-json\/wp\/v2\/product"}],"about":[{"href":"https:\/\/wydawnictwo.ug.edu.pl\/en\/wp-json\/wp\/v2\/types\/product"}],"wp:featuredmedia":[{"embeddable":true,"href":"https:\/\/wydawnictwo.ug.edu.pl\/en\/wp-json\/wp\/v2\/media\/17647"}],"wp:attachment":[{"href":"https:\/\/wydawnictwo.ug.edu.pl\/en\/wp-json\/wp\/v2\/media?parent=46826"}],"wp:term":[{"taxonomy":"journal","embeddable":true,"href":"https:\/\/wydawnictwo.ug.edu.pl\/en\/wp-json\/wp\/v2\/journal?post=46826"},{"taxonomy":"rodzaj","embeddable":true,"href":"https:\/\/wydawnictwo.ug.edu.pl\/en\/wp-json\/wp\/v2\/rodzaj?post=46826"},{"taxonomy":"seria","embeddable":true,"href":"https:\/\/wydawnictwo.ug.edu.pl\/en\/wp-json\/wp\/v2\/seria?post=46826"},{"taxonomy":"product_brand","embeddable":true,"href":"https:\/\/wydawnictwo.ug.edu.pl\/en\/wp-json\/wp\/v2\/product_brand?post=46826"},{"taxonomy":"product_cat","embeddable":true,"href":"https:\/\/wydawnictwo.ug.edu.pl\/en\/wp-json\/wp\/v2\/product_cat?post=46826"},{"taxonomy":"product_tag","embeddable":true,"href":"https:\/\/wydawnictwo.ug.edu.pl\/en\/wp-json\/wp\/v2\/product_tag?post=46826"}],"curies":[{"name":"wp","href":"https:\/\/api.w.org\/{rel}","templated":true}]}}

<p style="text-align: justify;">Tytuł główny publikacji, znaczący po polsku: <em>W swojej sztuce każdy jest królem</em>, łączy w sobie odwieczne marzenie twórców, jeśli nie o hegemonii w wybranej dziedzinie sztuki i nauki, to o uzyskaniu choćby najmniejszego znaczenia i akceptacji w życiu społecznym. Zaprezentowane zagadnienia są związane z dziejami kultury na Pomorzu od czasów średniowiecznych do epoki międzywojennej.</p>
<p style="text-align: justify;">Autor pokazuje, w jaki sposób zastosował w ostatnich latach propozycje teoretyczne i metodologiczne w zakresie rozpoznania artefaktów na polu własnej praktyki badawczej, przede wszystkim w opracowaniach zbliżonych do historii kultury materialnej, ale także w pracach związanych z epigrafiką średniowieczną i nowożytną oraz ikonologią historyczną. Zagadnienia obejmują wiele kategorii obiektów dawnej kultury materialnej, m.in. sepulkralia, architektoniczne inskrypcje średniowieczne i nowożytne, dawne <em>vasa sacra</em>, obiekty kostiumologiczne i biżuteryjne, zabytki sfragistyczne, kluczyki do zegarków kieszonkowych, naparstki od XIV do XIX wieku, plomby towarowe, metalowe akcesoria odzieżowe od XIII do XX wieku i europejskie pamiątki pielgrzymie.</p>
