{"id":46815,"date":"2014-11-30T00:00:00","date_gmt":"2014-11-30T00:00:00","guid":{"rendered":"https:\/\/wydawnictwo.ug.edu.pl\/ksiegarnia-online\/uncategorized\/katalog-dokumentow-i-listow-krolow-polskich-z-archiwum-panstwowego-w-gdansku-do-1492-roku\/"},"modified":"2026-02-11T16:28:54","modified_gmt":"2026-02-11T16:28:54","slug":"katalog-dokumentow-i-listow-krolow-polskich-z-archiwum-panstwowego-w-gdansku-do-1492-roku","status":"publish","type":"product","link":"https:\/\/wydawnictwo.ug.edu.pl\/en\/ksiegarnia-online\/historia\/katalog-dokumentow-i-listow-krolow-polskich-z-archiwum-panstwowego-w-gdansku-do-1492-roku\/","title":{"rendered":"Katalog dokument\u00f3w i list\u00f3w kr\u00f3l\u00f3w polskich z Archiwum Pa\u0144stwowego w Gda\u0144sku (do 1492 roku)"},"content":{"rendered":"","protected":false},"excerpt":{"rendered":"<p>W niniejszym katalogu zgromadzono dokumenty i listy kr\u00f3l\u00f3w polskich powsta\u0142e do momentu \u015bmierci Kazimierza Jagiello\u0144czyka w 1492 r. Ogrom materia\u0142u\u00a0spowodowa\u0142, \u017ce zdecydowano o podzieleniu katalogu na dwie cz\u0119\u015bci (w drugiej zostan\u0105 opublikowane regesty kr\u00f3l\u00f3w Jana Olbrachta i Aleksandra).\u00a0W tej cz\u0119\u015bci katalogu zestawili\u015bmy \u0142\u0105cznie 490 regest\u00f3w dokument\u00f3w i list\u00f3w kr\u00f3l\u00f3w polskich. S\u0105 to m.in.: dwa dokumenty Przemys\u0142a II (znane tylko z kopii), dziewi\u0119\u0107 dokument\u00f3w i list\u00f3w W\u0142adys\u0142awa Jagie\u0142\u0142y (dwa falsyfikaty znane z kopii, dwa orygina\u0142y i pi\u0119\u0107 kopii), dwa dokumenty i listy W\u0142adys\u0142awa III. Najwi\u0119cej za\u015b publikowanych tu regest\u00f3w dotyczy dokument\u00f3w i list\u00f3w, kt\u00f3rych wystawc\u0105 by\u0142 Kazimierz Jagiello\u0144czyk jako kr\u00f3l polski.<\/p>\n","protected":false},"featured_media":15863,"template":"","meta":{"_acf_changed":false},"journal":[],"rodzaj":[],"seria":[],"product_brand":[],"product_cat":[6958],"product_tag":[230,691,607],"class_list":{"0":"post-46815","1":"product","2":"type-product","3":"status-publish","4":"has-post-thumbnail","6":"product_cat-historia","7":"product_tag-beata-mozejko","8":"product_tag-marcin-grulkowski","9":"product_tag-sobieslaw-szybkowski","10":"pa_rok-wydania-899","12":"first","13":"outofstock","14":"taxable","15":"shipping-taxable","16":"product-type-simple"},"acf":[],"_links":{"self":[{"href":"https:\/\/wydawnictwo.ug.edu.pl\/en\/wp-json\/wp\/v2\/product\/46815","targetHints":{"allow":["GET"]}}],"collection":[{"href":"https:\/\/wydawnictwo.ug.edu.pl\/en\/wp-json\/wp\/v2\/product"}],"about":[{"href":"https:\/\/wydawnictwo.ug.edu.pl\/en\/wp-json\/wp\/v2\/types\/product"}],"wp:featuredmedia":[{"embeddable":true,"href":"https:\/\/wydawnictwo.ug.edu.pl\/en\/wp-json\/wp\/v2\/media\/15863"}],"wp:attachment":[{"href":"https:\/\/wydawnictwo.ug.edu.pl\/en\/wp-json\/wp\/v2\/media?parent=46815"}],"wp:term":[{"taxonomy":"journal","embeddable":true,"href":"https:\/\/wydawnictwo.ug.edu.pl\/en\/wp-json\/wp\/v2\/journal?post=46815"},{"taxonomy":"rodzaj","embeddable":true,"href":"https:\/\/wydawnictwo.ug.edu.pl\/en\/wp-json\/wp\/v2\/rodzaj?post=46815"},{"taxonomy":"seria","embeddable":true,"href":"https:\/\/wydawnictwo.ug.edu.pl\/en\/wp-json\/wp\/v2\/seria?post=46815"},{"taxonomy":"product_brand","embeddable":true,"href":"https:\/\/wydawnictwo.ug.edu.pl\/en\/wp-json\/wp\/v2\/product_brand?post=46815"},{"taxonomy":"product_cat","embeddable":true,"href":"https:\/\/wydawnictwo.ug.edu.pl\/en\/wp-json\/wp\/v2\/product_cat?post=46815"},{"taxonomy":"product_tag","embeddable":true,"href":"https:\/\/wydawnictwo.ug.edu.pl\/en\/wp-json\/wp\/v2\/product_tag?post=46815"}],"curies":[{"name":"wp","href":"https:\/\/api.w.org\/{rel}","templated":true}]}}

Katalog dokumentów i listów królów polskich z Archiwum Państwowego w Gdańsku (do 1492 roku)

<p>W niniejszym katalogu zgromadzono dokumenty i listy królów polskich powstałe do momentu śmierci Kazimierza Jagiellończyka w 1492 r. Ogrom materiału spowodował, że zdecydowano o podzieleniu katalogu na dwie części (w drugiej zostaną opublikowane regesty królów Jana Olbrachta i Aleksandra). W tej części katalogu zestawiliśmy łącznie 490 regestów dokumentów i listów królów polskich. Są to m.in.: dwa dokumenty Przemysła II (znane tylko z kopii), dziewięć dokumentów i listów Władysława Jagiełły (dwa falsyfikaty znane z kopii, dwa oryginały i pięć kopii), dwa dokumenty i listy Władysława III. Najwięcej zaś publikowanych tu regestów dotyczy dokumentów i listów, których wystawcą był Kazimierz Jagiellończyk jako król polski.</p>
