{"id":46813,"date":"2014-11-30T00:00:00","date_gmt":"2014-11-30T00:00:00","guid":{"rendered":"https:\/\/wydawnictwo.ug.edu.pl\/ksiegarnia-online\/uncategorized\/miedzy-slowem-a-rzeczy-wistoscia-poezja-eliota-wobec-cielesnosci-i-wcielenia\/"},"modified":"2026-02-11T16:28:45","modified_gmt":"2026-02-11T16:28:45","slug":"miedzy-slowem-a-rzeczy-wistoscia-poezja-eliota-wobec-cielesnosci-i-wcielenia","status":"publish","type":"product","link":"https:\/\/wydawnictwo.ug.edu.pl\/en\/ksiegarnia-online\/literaturoznawstwo\/miedzy-slowem-a-rzeczy-wistoscia-poezja-eliota-wobec-cielesnosci-i-wcielenia\/","title":{"rendered":"Mi\u0119dzy s\u0142owem a rzeczy-wisto\u015bci\u0105. Poezja Eliota wobec cielesno\u015bci i Wcielenia"},"content":{"rendered":"","protected":false},"excerpt":{"rendered":"<p>Ksi\u0105\u017cka zawiera artyku\u0142y po\u015bwi\u0119cone poezji Eliota w przekroju od wczesnej do p\u00f3\u017anej tw\u00f3rczo\u015bci, szczeg\u00f3lnie uwzgl\u0119dniaj\u0105cych wa\u017cne obecnie a ma\u0142o opracowane w stosunku do tej poezji zagadnienie cielesno\u015bci i zwi\u0105zanego z nim tak\u017ce teologicznego poj\u0119cia Wcielenia. W gronie autor\u00f3w znajduj\u0105 si\u0119 znani i wybitni profesorowie takiej rangi jak Michael Edwards i Kevin Hart, a tak\u017ce polski literaturoznawca i poeta Jacek Gutorow oraz wybitna specjalista szekspirologii Ma\u0142gorzata Grzegorzewska. Odbiorca znajdzie tu zar\u00f3wno istotne informacje dotycz\u0105ce rodzimych kontekst\u00f3w poezji Eliota, jak i refleksje na temat polskich przek\u0142ad\u00f3w i miejsca autora\u00a0<em>Ziemi ja\u0142owej<\/em>\u00a0w kulturze polskiej.<\/p>\n<p><a href=\"https:\/\/wydawnictwo.ug.edu.pl\/wp-content\/uploads\/2022\/01\/przekladaniec_35_149-156.pdf\">Recenzja<\/a> ksi\u0105\u017cki w czasopi\u015bmie \u201ePrzek\u0142adaniec\u201d nr 35\/2017, (s. 149\u2013156) autorstwa Anny Walczuk (Uniwersytet Jagiello\u0144ski).<\/p>\n","protected":false},"featured_media":17735,"template":"","meta":{"_acf_changed":false},"journal":[],"rodzaj":[2602,2604],"seria":[6738],"product_brand":[],"product_cat":[6925],"product_tag":[1066,494],"class_list":{"0":"post-46813","1":"product","2":"type-product","3":"status-publish","4":"has-post-thumbnail","6":"rodzaj-ksiazki","7":"rodzaj-serie-wydawnicze","8":"seria-between-pomiedzy","9":"product_cat-literaturoznawstwo","10":"product_tag-jean-ward","11":"product_tag-maria-fengler","13":"first","14":"outofstock","15":"taxable","16":"shipping-taxable","17":"product-type-simple"},"acf":[],"_links":{"self":[{"href":"https:\/\/wydawnictwo.ug.edu.pl\/en\/wp-json\/wp\/v2\/product\/46813","targetHints":{"allow":["GET"]}}],"collection":[{"href":"https:\/\/wydawnictwo.ug.edu.pl\/en\/wp-json\/wp\/v2\/product"}],"about":[{"href":"https:\/\/wydawnictwo.ug.edu.pl\/en\/wp-json\/wp\/v2\/types\/product"}],"wp:featuredmedia":[{"embeddable":true,"href":"https:\/\/wydawnictwo.ug.edu.pl\/en\/wp-json\/wp\/v2\/media\/17735"}],"wp:attachment":[{"href":"https:\/\/wydawnictwo.ug.edu.pl\/en\/wp-json\/wp\/v2\/media?parent=46813"}],"wp:term":[{"taxonomy":"journal","embeddable":true,"href":"https:\/\/wydawnictwo.ug.edu.pl\/en\/wp-json\/wp\/v2\/journal?post=46813"},{"taxonomy":"rodzaj","embeddable":true,"href":"https:\/\/wydawnictwo.ug.edu.pl\/en\/wp-json\/wp\/v2\/rodzaj?post=46813"},{"taxonomy":"seria","embeddable":true,"href":"https:\/\/wydawnictwo.ug.edu.pl\/en\/wp-json\/wp\/v2\/seria?post=46813"},{"taxonomy":"product_brand","embeddable":true,"href":"https:\/\/wydawnictwo.ug.edu.pl\/en\/wp-json\/wp\/v2\/product_brand?post=46813"},{"taxonomy":"product_cat","embeddable":true,"href":"https:\/\/wydawnictwo.ug.edu.pl\/en\/wp-json\/wp\/v2\/product_cat?post=46813"},{"taxonomy":"product_tag","embeddable":true,"href":"https:\/\/wydawnictwo.ug.edu.pl\/en\/wp-json\/wp\/v2\/product_tag?post=46813"}],"curies":[{"name":"wp","href":"https:\/\/api.w.org\/{rel}","templated":true}]}}

Między słowem a rzeczy-wistością. Poezja Eliota wobec cielesności i Wcielenia

<p>Książka zawiera artykuły poświęcone poezji Eliota w przekroju od wczesnej do późnej twórczości, szczególnie uwzględniających ważne obecnie a mało opracowane w stosunku do tej poezji zagadnienie cielesności i związanego z nim także teologicznego pojęcia Wcielenia. W gronie autorów znajdują się znani i wybitni profesorowie takiej rangi jak Michael Edwards i Kevin Hart, a także polski literaturoznawca i poeta Jacek Gutorow oraz wybitna specjalista szekspirologii Małgorzata Grzegorzewska. Odbiorca znajdzie tu zarówno istotne informacje dotyczące rodzimych kontekstów poezji Eliota, jak i refleksje na temat polskich przekładów i miejsca autora <em>Ziemi jałowej</em> w kulturze polskiej.</p>
<p><a href="https://wydawnictwo.ug.edu.pl/wp-content/uploads/2022/01/przekladaniec_35_149-156.pdf">Recenzja</a> książki w czasopiśmie „Przekładaniec” nr 35/2017, (s. 149–156) autorstwa Anny Walczuk (Uniwersytet Jagielloński).</p>
