{"id":46801,"date":"2016-07-23T12:02:30","date_gmt":"2016-07-23T12:02:30","guid":{"rendered":"https:\/\/wydawnictwo.ug.edu.pl\/ksiegarnia-online\/uncategorized\/wolnosc-zabudowy-mity-i-normatywna-rzeczywistosc\/"},"modified":"2026-02-11T16:21:53","modified_gmt":"2026-02-11T16:21:53","slug":"wolnosc-zabudowy-mity-i-normatywna-rzeczywistosc","status":"publish","type":"product","link":"https:\/\/wydawnictwo.ug.edu.pl\/en\/ksiegarnia-online\/prawo-i-administracja\/wolnosc-zabudowy-mity-i-normatywna-rzeczywistosc\/","title":{"rendered":"Wolno\u015b\u0107 zabudowy. Mity i normatywna rzeczywisto\u015b\u0107"},"content":{"rendered":"","protected":false},"excerpt":{"rendered":"<p>Ksi\u0105\u017cka, poruszaj\u0105c praktyczny wymiar koncepcji wolno\u015bci zabudowy, obejmuje swym zasi\u0119giem prawne regulacje urbanistyczno-budowlane oraz ich szerszy fundament, tj. Konstytucj\u0119 RP i regulacje prawa\u00a0cywilnego. Autorzy artyku\u0142\u00f3w podj\u0119li pr\u00f3b\u0119 odpowiedzi na w\u0105tpliwo\u015bci co do sposobu rozumienia oraz normatywnych \u017ar\u00f3de\u0142 i granic wolno\u015bci zabudowy.<\/p>\n","protected":false},"featured_media":29660,"template":"","meta":{"_acf_changed":false},"journal":[],"rodzaj":[2602],"seria":[],"product_brand":[],"product_cat":[232],"product_tag":[328],"class_list":{"0":"post-46801","1":"product","2":"type-product","3":"status-publish","4":"has-post-thumbnail","6":"rodzaj-ksiazki","7":"product_cat-prawo-i-administracja","8":"product_tag-tomasz-bakowski","10":"first","11":"outofstock","12":"taxable","13":"shipping-taxable","14":"purchasable","15":"product-type-simple"},"acf":[],"_links":{"self":[{"href":"https:\/\/wydawnictwo.ug.edu.pl\/en\/wp-json\/wp\/v2\/product\/46801","targetHints":{"allow":["GET"]}}],"collection":[{"href":"https:\/\/wydawnictwo.ug.edu.pl\/en\/wp-json\/wp\/v2\/product"}],"about":[{"href":"https:\/\/wydawnictwo.ug.edu.pl\/en\/wp-json\/wp\/v2\/types\/product"}],"wp:featuredmedia":[{"embeddable":true,"href":"https:\/\/wydawnictwo.ug.edu.pl\/en\/wp-json\/wp\/v2\/media\/29660"}],"wp:attachment":[{"href":"https:\/\/wydawnictwo.ug.edu.pl\/en\/wp-json\/wp\/v2\/media?parent=46801"}],"wp:term":[{"taxonomy":"journal","embeddable":true,"href":"https:\/\/wydawnictwo.ug.edu.pl\/en\/wp-json\/wp\/v2\/journal?post=46801"},{"taxonomy":"rodzaj","embeddable":true,"href":"https:\/\/wydawnictwo.ug.edu.pl\/en\/wp-json\/wp\/v2\/rodzaj?post=46801"},{"taxonomy":"seria","embeddable":true,"href":"https:\/\/wydawnictwo.ug.edu.pl\/en\/wp-json\/wp\/v2\/seria?post=46801"},{"taxonomy":"product_brand","embeddable":true,"href":"https:\/\/wydawnictwo.ug.edu.pl\/en\/wp-json\/wp\/v2\/product_brand?post=46801"},{"taxonomy":"product_cat","embeddable":true,"href":"https:\/\/wydawnictwo.ug.edu.pl\/en\/wp-json\/wp\/v2\/product_cat?post=46801"},{"taxonomy":"product_tag","embeddable":true,"href":"https:\/\/wydawnictwo.ug.edu.pl\/en\/wp-json\/wp\/v2\/product_tag?post=46801"}],"curies":[{"name":"wp","href":"https:\/\/api.w.org\/{rel}","templated":true}]}}

Wolność zabudowy. Mity i normatywna rzeczywistość

<p>Książka, poruszając praktyczny wymiar koncepcji wolności zabudowy, obejmuje swym zasięgiem prawne regulacje urbanistyczno-budowlane oraz ich szerszy fundament, tj. Konstytucję RP i regulacje prawa cywilnego. Autorzy artykułów podjęli próbę odpowiedzi na wątpliwości co do sposobu rozumienia oraz normatywnych źródeł i granic wolności zabudowy.</p>
