{"id":46798,"date":"2016-11-01T00:00:00","date_gmt":"2016-11-01T00:00:00","guid":{"rendered":"https:\/\/wydawnictwo.ug.edu.pl\/ksiegarnia-online\/uncategorized\/powszechna-organizacja-sluzba-polsce-w-wojewodztwie-gdanskim-w-latach-1948-1955-edukacja-i-indoktrynacja-mlodziezy\/"},"modified":"2026-02-11T16:21:57","modified_gmt":"2026-02-11T16:21:57","slug":"powszechna-organizacja-sluzba-polsce-w-wojewodztwie-gdanskim-w-latach-1948-1955-edukacja-i-indoktrynacja-mlodziezy","status":"publish","type":"product","link":"https:\/\/wydawnictwo.ug.edu.pl\/en\/ksiegarnia-online\/pedagogika-i-psychologia\/powszechna-organizacja-sluzba-polsce-w-wojewodztwie-gdanskim-w-latach-1948-1955-edukacja-i-indoktrynacja-mlodziezy\/","title":{"rendered":"Powszechna Organizacja \u201eS\u0142u\u017cba Polsce\u201d  w\u00a0wojew\u00f3dztwie gda\u0144skim w\u00a0latach 1948\u20131955 \u2013 edukacja i\u00a0indoktrynacja m\u0142odzie\u017cy"},"content":{"rendered":"","protected":false},"excerpt":{"rendered":"<p>Ksi\u0105\u017cka jest po\u015bwi\u0119cona dzia\u0142alno\u015bci Powszechnej Organizacji \u201eS\u0142u\u017cba Polsce\u201d w wojew\u00f3dztwie gda\u0144skim ze szczeg\u00f3lnym uwzgl\u0119dnieniem aspekt\u00f3w pedagogicznych jej funkcjonowania. Organizacja zosta\u0142a utworzona na mocy ustawy o powszechnym przysposobieniu zawodowym, wychowaniu fizycznym i przysposobieniu wojskowym m\u0142odzie\u017cy oraz o organizacji spraw kultury fizycznej i sportu z dnia 25 lutego 1948 r. Cz\u0142onk\u00f3w i cz\u0142onkinie PO \u201eSP\u201d \u2013 w nawi\u0105zaniu do przedwojennych Junackich Hufc\u00f3w Pracy \u2013 nazywano junakami i junaczkami.<\/p>\n","protected":false},"featured_media":14687,"template":"","meta":{"_acf_changed":false},"journal":[],"rodzaj":[7076],"seria":[7797],"product_brand":[],"product_cat":[7007],"product_tag":[8155],"class_list":{"0":"post-46798","1":"product","2":"type-product","3":"status-publish","4":"has-post-thumbnail","6":"rodzaj-serie-wydawnicze","7":"seria-dissertationes-laudatissimae-universitas-gedanensis","8":"product_cat-pedagogika-i-psychologia","9":"product_tag-pawel-spica","11":"first","12":"outofstock","13":"taxable","14":"shipping-taxable","15":"product-type-simple"},"acf":[],"_links":{"self":[{"href":"https:\/\/wydawnictwo.ug.edu.pl\/en\/wp-json\/wp\/v2\/product\/46798","targetHints":{"allow":["GET"]}}],"collection":[{"href":"https:\/\/wydawnictwo.ug.edu.pl\/en\/wp-json\/wp\/v2\/product"}],"about":[{"href":"https:\/\/wydawnictwo.ug.edu.pl\/en\/wp-json\/wp\/v2\/types\/product"}],"wp:featuredmedia":[{"embeddable":true,"href":"https:\/\/wydawnictwo.ug.edu.pl\/en\/wp-json\/wp\/v2\/media\/14687"}],"wp:attachment":[{"href":"https:\/\/wydawnictwo.ug.edu.pl\/en\/wp-json\/wp\/v2\/media?parent=46798"}],"wp:term":[{"taxonomy":"journal","embeddable":true,"href":"https:\/\/wydawnictwo.ug.edu.pl\/en\/wp-json\/wp\/v2\/journal?post=46798"},{"taxonomy":"rodzaj","embeddable":true,"href":"https:\/\/wydawnictwo.ug.edu.pl\/en\/wp-json\/wp\/v2\/rodzaj?post=46798"},{"taxonomy":"seria","embeddable":true,"href":"https:\/\/wydawnictwo.ug.edu.pl\/en\/wp-json\/wp\/v2\/seria?post=46798"},{"taxonomy":"product_brand","embeddable":true,"href":"https:\/\/wydawnictwo.ug.edu.pl\/en\/wp-json\/wp\/v2\/product_brand?post=46798"},{"taxonomy":"product_cat","embeddable":true,"href":"https:\/\/wydawnictwo.ug.edu.pl\/en\/wp-json\/wp\/v2\/product_cat?post=46798"},{"taxonomy":"product_tag","embeddable":true,"href":"https:\/\/wydawnictwo.ug.edu.pl\/en\/wp-json\/wp\/v2\/product_tag?post=46798"}],"curies":[{"name":"wp","href":"https:\/\/api.w.org\/{rel}","templated":true}]}}

Powszechna Organizacja „Służba Polsce”  w województwie gdańskim w latach 1948–1955 – edukacja i indoktrynacja młodzieży

<p>Książka jest poświęcona działalności Powszechnej Organizacji „Służba Polsce” w województwie gdańskim ze szczególnym uwzględnieniem aspektów pedagogicznych jej funkcjonowania. Organizacja została utworzona na mocy ustawy o powszechnym przysposobieniu zawodowym, wychowaniu fizycznym i przysposobieniu wojskowym młodzieży oraz o organizacji spraw kultury fizycznej i sportu z dnia 25 lutego 1948 r. Członków i członkinie PO „SP” – w nawiązaniu do przedwojennych Junackich Hufców Pracy – nazywano junakami i junaczkami.</p>
