{"id":46795,"date":"2016-11-29T00:00:00","date_gmt":"2016-11-29T00:00:00","guid":{"rendered":"https:\/\/wydawnictwo.ug.edu.pl\/?post_type=product&#038;p=46795"},"modified":"2026-02-11T16:18:15","modified_gmt":"2026-02-11T16:18:15","slug":"odpowiedzialnosc-odszkodowawcza-za-szkody-klimatyczne-z-perspektywy-prawa-unii-europejskiej","status":"publish","type":"product","link":"https:\/\/wydawnictwo.ug.edu.pl\/en\/ksiegarnia-online\/prawo-i-administracja\/odpowiedzialnosc-odszkodowawcza-za-szkody-klimatyczne-z-perspektywy-prawa-unii-europejskiej\/","title":{"rendered":"Odpowiedzialno\u015b\u0107 odszkodowawcza za szkody klimatyczne z perspektywy prawa Unii Europejskiej"},"content":{"rendered":"","protected":false},"excerpt":{"rendered":"<p>Zjawisko zmian klimatycznych sta\u0142o si\u0119 w ostatnim czasie przedmiotem zainteresowania nie tylko klimatolog\u00f3w, ale tak\u017ce polityk\u00f3w, prawnik\u00f3w i spo\u0142ecze\u0144stw na ca\u0142ym \u015bwiecie. Zainteresowanie to wynika z rosn\u0105cej \u015bwiadomo\u015bci wp\u0142ywu dzia\u0142alno\u015bci cz\u0142owieka na klimat i zagro\u017ce\u0144 dla bezpiecze\u0144stwa zar\u00f3wno w wymiarze globalnym, jak i lokalnym. W niniejszej monografii Autorka podj\u0119\u0142a pr\u00f3b\u0119 obiektywnego om\u00f3wienia obowi\u0105zuj\u0105cych regulacji prawnych oraz mo\u017cliwych kierunk\u00f3w rozwoju prawa klimatycznego w zakresie odpowiedzialno\u015bci za szkody klimatyczne. Pow\u00f3dztwa odszkodowawcze w tzw. sprawach klimatycznych stanowi\u0105 wyzwanie nie tylko dla praktyk\u00f3w, ale tak\u017ce dla teoretyk\u00f3w prawa. Z tego wzgl\u0119du podj\u0119te przez Autork\u0119 rozwa\u017cania s\u0105 niezwykle aktualne.<\/p>\n<p>\u201eRecenzowana ksi\u0105\u017cka stanowi pierwsze w polskiej literaturze prawniczej ca\u0142o\u015bciowe, monograficzne przedstawienie kwestii odpowiedzialno\u015bci odszkodowawczej za szkody klimatyczne w prawie Unii Europejskiej. Ju\u017c z tego powodu stanowi ona ciekawe i nowatorskie przedsi\u0119wzi\u0119cie. Tematyka pracy \u0142\u0105czy przy tym zagadnienia prawa publicznego z zagadnieniem prawa prywatnego. Praca porusza tak\u017ce kwestie istotne dla tematu pracy spoza zakresu prawa unijnego, a wi\u0119c odpowiedzialno\u015b\u0107 za szkody w \u015brodowisku w prawie mi\u0119dzynarodowym czy odpowiedzialno\u015b\u0107 odszkodowawcz\u0105 wynikaj\u0105c\u0105 ze szk\u00f3d w \u015brodowisku w prawie krajowym. Tak szeroka analiza wymaga\u0142a od Autorki \u015bwietnej znajomo\u015bci zar\u00f3wno zagadnie\u0144 prawa ochrony \u015brodowiska, jak i kwestii odpowiedzialno\u015bci odszkodowawczej w\u0142adz publicznych i jednostek w prawie UE. Szerokie t\u0142o analizy, a zarazem jej szczeg\u00f3\u0142owo\u015b\u0107 oraz sformu\u0142owanie wielu nowych konkluzji powoduje, \u017ce jest to dzie\u0142o warto\u015bciowe, kt\u00f3re zainteresuje przedstawicieli nauk prawnych i praktyk\u00f3w.\u201d<\/p>\n<p><em>prof. Nina P\u00f3\u0142torak<\/em><\/p>\n","protected":false},"featured_media":14711,"template":"","meta":{"_acf_changed":false},"journal":[],"rodzaj":[7074],"seria":[],"product_brand":[],"product_cat":[6932],"product_tag":[],"class_list":{"0":"post-46795","1":"product","2":"type-product","3":"status-publish","4":"has-post-thumbnail","6":"rodzaj-ksiazki","7":"product_cat-prawo-i-administracja","9":"first","10":"outofstock","11":"taxable","12":"shipping-taxable","13":"purchasable","14":"product-type-simple"},"acf":[],"_links":{"self":[{"href":"https:\/\/wydawnictwo.ug.edu.pl\/en\/wp-json\/wp\/v2\/product\/46795","targetHints":{"allow":["GET"]}}],"collection":[{"href":"https:\/\/wydawnictwo.ug.edu.pl\/en\/wp-json\/wp\/v2\/product"}],"about":[{"href":"https:\/\/wydawnictwo.ug.edu.pl\/en\/wp-json\/wp\/v2\/types\/product"}],"wp:featuredmedia":[{"embeddable":true,"href":"https:\/\/wydawnictwo.ug.edu.pl\/en\/wp-json\/wp\/v2\/media\/14711"}],"wp:attachment":[{"href":"https:\/\/wydawnictwo.ug.edu.pl\/en\/wp-json\/wp\/v2\/media?parent=46795"}],"wp:term":[{"taxonomy":"journal","embeddable":true,"href":"https:\/\/wydawnictwo.ug.edu.pl\/en\/wp-json\/wp\/v2\/journal?post=46795"},{"taxonomy":"rodzaj","embeddable":true,"href":"https:\/\/wydawnictwo.ug.edu.pl\/en\/wp-json\/wp\/v2\/rodzaj?post=46795"},{"taxonomy":"seria","embeddable":true,"href":"https:\/\/wydawnictwo.ug.edu.pl\/en\/wp-json\/wp\/v2\/seria?post=46795"},{"taxonomy":"product_brand","embeddable":true,"href":"https:\/\/wydawnictwo.ug.edu.pl\/en\/wp-json\/wp\/v2\/product_brand?post=46795"},{"taxonomy":"product_cat","embeddable":true,"href":"https:\/\/wydawnictwo.ug.edu.pl\/en\/wp-json\/wp\/v2\/product_cat?post=46795"},{"taxonomy":"product_tag","embeddable":true,"href":"https:\/\/wydawnictwo.ug.edu.pl\/en\/wp-json\/wp\/v2\/product_tag?post=46795"}],"curies":[{"name":"wp","href":"https:\/\/api.w.org\/{rel}","templated":true}]}}

Odpowiedzialność odszkodowawcza za szkody klimatyczne z perspektywy prawa Unii Europejskiej

<p>Zjawisko zmian klimatycznych stało się w ostatnim czasie przedmiotem zainteresowania nie tylko klimatologów, ale także polityków, prawników i społeczeństw na całym świecie. Zainteresowanie to wynika z rosnącej świadomości wpływu działalności człowieka na klimat i zagrożeń dla bezpieczeństwa zarówno w wymiarze globalnym, jak i lokalnym. W niniejszej monografii Autorka podjęła próbę obiektywnego omówienia obowiązujących regulacji prawnych oraz możliwych kierunków rozwoju prawa klimatycznego w zakresie odpowiedzialności za szkody klimatyczne. Powództwa odszkodowawcze w tzw. sprawach klimatycznych stanowią wyzwanie nie tylko dla praktyków, ale także dla teoretyków prawa. Z tego względu podjęte przez Autorkę rozważania są niezwykle aktualne.</p>
<p>„Recenzowana książka stanowi pierwsze w polskiej literaturze prawniczej całościowe, monograficzne przedstawienie kwestii odpowiedzialności odszkodowawczej za szkody klimatyczne w prawie Unii Europejskiej. Już z tego powodu stanowi ona ciekawe i nowatorskie przedsięwzięcie. Tematyka pracy łączy przy tym zagadnienia prawa publicznego z zagadnieniem prawa prywatnego. Praca porusza także kwestie istotne dla tematu pracy spoza zakresu prawa unijnego, a więc odpowiedzialność za szkody w środowisku w prawie międzynarodowym czy odpowiedzialność odszkodowawczą wynikającą ze szkód w środowisku w prawie krajowym. Tak szeroka analiza wymagała od Autorki świetnej znajomości zarówno zagadnień prawa ochrony środowiska, jak i kwestii odpowiedzialności odszkodowawczej władz publicznych i jednostek w prawie UE. Szerokie tło analizy, a zarazem jej szczegółowość oraz sformułowanie wielu nowych konkluzji powoduje, że jest to dzieło wartościowe, które zainteresuje przedstawicieli nauk prawnych i praktyków.”</p>
<p><em>prof. Nina Półtorak</em></p>
