{"id":46792,"date":"2016-11-30T00:00:00","date_gmt":"2016-11-30T00:00:00","guid":{"rendered":"https:\/\/wydawnictwo.ug.edu.pl\/ksiegarnia-online\/uncategorized\/w-czasie-zatrzymane-tom-i-wybor-szkicow-literackich-z-lat-1977-2008\/"},"modified":"2016-11-30T00:00:00","modified_gmt":"2016-11-30T00:00:00","slug":"w-czasie-zatrzymane-tom-i-wybor-szkicow-literackich-z-lat-1977-2008","status":"publish","type":"product","link":"https:\/\/wydawnictwo.ug.edu.pl\/en\/ksiegarnia-online\/literaturoznawstwo\/w-czasie-zatrzymane-tom-i-wybor-szkicow-literackich-z-lat-1977-2008\/","title":{"rendered":"W czasie zatrzymane. Tom I. Wyb\u00f3r szkic\u00f3w literackich z lat 1977\u20132008"},"content":{"rendered":"","protected":false},"excerpt":{"rendered":"<p>Prezentowana antologia opatrzona tytu\u0142em-cytatem\u00a0<em>W czasie zatrzymane<\/em>, zaczerpni\u0119tym z tw\u00f3rczo\u015bci Zbigniewa \u017bakiewicza (1933\u20132010), stanowi wyb\u00f3r 161 szkic\u00f3w literackich pi\u00f3ra tego wybitnego pisarza, historyka literatury i jej krytyka, rusycysty, wieloletniego pracownika Uniwersytetu Gda\u0144skiego, kt\u00f3re dotychczas istnia\u0142y w rozproszeniu. Pierwotnie zosta\u0142y one zamieszczone w latach 1989\u20132008, jeden z nich za\u015b tylko w 1977 roku, na \u0142amach znanych polskich periodyk\u00f3w, g\u0142\u00f3wnie takich jak \u201eGwiazda Morza. Gda\u0144ski Dwutygodnik Katolicki\u201d oraz \u201eKwartalnik Artystyczny: Kujawy i Pomorze\u201d. Pojedyncze teksty ukazywa\u0142y si\u0119 w miesi\u0119cznikach katolicko-spo\u0142ecznych: \u201eNasza Rodzina\u201d i \u201eRecogito: Pismo Regii Francuskiej Stowarzyszenia Apostolstwa Katolickiego\u201d, miesi\u0119czniku literackim \u201eTeksty Drugie\u201d, a tak\u017ce w poczytnych dziennikach regionalnych: \u201eDziennik Ba\u0142tycki\u201d oraz \u201eGazeta Morska\u201d. Szkice \u017bakiewicza wychodzi\u0142y w ramach s\u0142ynnych cykli dotykaj\u0105cych z\u0142o\u017conej problematyki filozoficzno-teologicznej, moralno-spo\u0142ecznej, kulturalno-artystycznej oraz to\u017csamo\u015bciowo-autobiograficznej i nosz\u0105cych wymowne tytu\u0142y:\u00a0<em>Z dziennika<\/em>,\u00a0<em>P\u00f3\u0142g\u0142osem<\/em>,\u00a0<em>Dziennik intymny mego N.N.\u00a0<\/em>oraz\u00a0<em>Ujrzane, w czasie zatrzymane<\/em>.<\/p>\n<p>Szkice \u017bakiewicza to \u017cywa, barwna, plastyczna i prze\u015bwietna kronika\u00a0\u017cycia kulturalnego Wybrze\u017ca, na kt\u00f3r\u0105 sk\u0142adaj\u0105 si\u0119 reminiscencje,\u00a0dywagacje, wspomnienia, diatryby, rzeczowe recenzje teatralne i literackie,\u00a0a tak\u017ce przejmuj\u0105ce nekrologi. Pisarz ukaza\u0142 bogaty wachlarz\u00a0zjawisk \u015bwiadcz\u0105cych o duchowym bogactwie \u017cycia mieszka\u0144c\u00f3w Wybrze\u017ca.<\/p>\n<p><em>Antologia\u00a0<\/em>\u017bakiewiczowskich ma\u0142ych form jest poprzedzona\u00a0refleksyjnym wprowadzeniem-szkicem\u00a0<em>Mi\u015b smorgo\u0144czyk \u2013 Mistrz\u00a0<\/em><em>z Mo\u0142odeczna<\/em>, napisanym przez prof. Nin\u0119 Taylor-Terleck\u0105 z Uniwersytetu\u00a0w Oxfordzie.\u00a0Wyboru tekst\u00f3w do\u00a0<em>Antologii\u00a0<\/em>dokona\u0142 syn pisarza, gda\u0144ski historyk\u00a0Maciej \u017bakiewicz, do druku za\u015b teksty przygotowa\u0142a Katarzyna Wojan.<\/p>\n<p><em>Ze wst\u0119pu<\/em><\/p>\n","protected":false},"featured_media":14608,"template":"","meta":{"_acf_changed":false},"journal":[],"rodzaj":[7074],"seria":[],"product_brand":[],"product_cat":[6925],"product_tag":[8153],"class_list":{"0":"post-46792","1":"product","2":"type-product","3":"status-publish","4":"has-post-thumbnail","6":"rodzaj-ksiazki","7":"product_cat-literaturoznawstwo","8":"product_tag-zbigniew-zakiewicz","10":"first","11":"outofstock","12":"taxable","13":"shipping-taxable","14":"product-type-simple"},"acf":[],"_links":{"self":[{"href":"https:\/\/wydawnictwo.ug.edu.pl\/en\/wp-json\/wp\/v2\/product\/46792","targetHints":{"allow":["GET"]}}],"collection":[{"href":"https:\/\/wydawnictwo.ug.edu.pl\/en\/wp-json\/wp\/v2\/product"}],"about":[{"href":"https:\/\/wydawnictwo.ug.edu.pl\/en\/wp-json\/wp\/v2\/types\/product"}],"wp:featuredmedia":[{"embeddable":true,"href":"https:\/\/wydawnictwo.ug.edu.pl\/en\/wp-json\/wp\/v2\/media\/14608"}],"wp:attachment":[{"href":"https:\/\/wydawnictwo.ug.edu.pl\/en\/wp-json\/wp\/v2\/media?parent=46792"}],"wp:term":[{"taxonomy":"journal","embeddable":true,"href":"https:\/\/wydawnictwo.ug.edu.pl\/en\/wp-json\/wp\/v2\/journal?post=46792"},{"taxonomy":"rodzaj","embeddable":true,"href":"https:\/\/wydawnictwo.ug.edu.pl\/en\/wp-json\/wp\/v2\/rodzaj?post=46792"},{"taxonomy":"seria","embeddable":true,"href":"https:\/\/wydawnictwo.ug.edu.pl\/en\/wp-json\/wp\/v2\/seria?post=46792"},{"taxonomy":"product_brand","embeddable":true,"href":"https:\/\/wydawnictwo.ug.edu.pl\/en\/wp-json\/wp\/v2\/product_brand?post=46792"},{"taxonomy":"product_cat","embeddable":true,"href":"https:\/\/wydawnictwo.ug.edu.pl\/en\/wp-json\/wp\/v2\/product_cat?post=46792"},{"taxonomy":"product_tag","embeddable":true,"href":"https:\/\/wydawnictwo.ug.edu.pl\/en\/wp-json\/wp\/v2\/product_tag?post=46792"}],"curies":[{"name":"wp","href":"https:\/\/api.w.org\/{rel}","templated":true}]}}

W czasie zatrzymane. Tom I. Wybór szkiców literackich z lat 1977–2008

<p>Prezentowana antologia opatrzona tytułem-cytatem <em>W czasie zatrzymane</em>, zaczerpniętym z twórczości Zbigniewa Żakiewicza (1933–2010), stanowi wybór 161 szkiców literackich pióra tego wybitnego pisarza, historyka literatury i jej krytyka, rusycysty, wieloletniego pracownika Uniwersytetu Gdańskiego, które dotychczas istniały w rozproszeniu. Pierwotnie zostały one zamieszczone w latach 1989–2008, jeden z nich zaś tylko w 1977 roku, na łamach znanych polskich periodyków, głównie takich jak „Gwiazda Morza. Gdański Dwutygodnik Katolicki” oraz „Kwartalnik Artystyczny: Kujawy i Pomorze”. Pojedyncze teksty ukazywały się w miesięcznikach katolicko-społecznych: „Nasza Rodzina” i „Recogito: Pismo Regii Francuskiej Stowarzyszenia Apostolstwa Katolickiego”, miesięczniku literackim „Teksty Drugie”, a także w poczytnych dziennikach regionalnych: „Dziennik Bałtycki” oraz „Gazeta Morska”. Szkice Żakiewicza wychodziły w ramach słynnych cykli dotykających złożonej problematyki filozoficzno-teologicznej, moralno-społecznej, kulturalno-artystycznej oraz tożsamościowo-autobiograficznej i noszących wymowne tytuły: <em>Z dziennika</em>, <em>Półgłosem</em>, <em>Dziennik intymny mego N.N. </em>oraz <em>Ujrzane, w czasie zatrzymane</em>.</p>
<p>Szkice Żakiewicza to żywa, barwna, plastyczna i prześwietna kronika życia kulturalnego Wybrzeża, na którą składają się reminiscencje, dywagacje, wspomnienia, diatryby, rzeczowe recenzje teatralne i literackie, a także przejmujące nekrologi. Pisarz ukazał bogaty wachlarz zjawisk świadczących o duchowym bogactwie życia mieszkańców Wybrzeża.</p>
<p><em>Antologia </em>Żakiewiczowskich małych form jest poprzedzona refleksyjnym wprowadzeniem-szkicem <em>Miś smorgończyk – Mistrz </em><em>z Mołodeczna</em>, napisanym przez prof. Ninę Taylor-Terlecką z Uniwersytetu w Oxfordzie. Wyboru tekstów do <em>Antologii </em>dokonał syn pisarza, gdański historyk Maciej Żakiewicz, do druku zaś teksty przygotowała Katarzyna Wojan.</p>
<p><em>Ze wstępu</em></p>
