{"id":46788,"date":"2016-11-30T00:00:00","date_gmt":"2016-11-30T00:00:00","guid":{"rendered":"https:\/\/wydawnictwo.ug.edu.pl\/ksiegarnia-online\/uncategorized\/w-czasie-zatrzymane-tom-ii-ze-zbigniewem-zakiewiczem-na-kresach-i-w-bezkresie\/"},"modified":"2026-02-11T16:18:31","modified_gmt":"2026-02-11T16:18:31","slug":"w-czasie-zatrzymane-tom-ii-ze-zbigniewem-zakiewiczem-na-kresach-i-w-bezkresie","status":"publish","type":"product","link":"https:\/\/wydawnictwo.ug.edu.pl\/en\/ksiegarnia-online\/literaturoznawstwo\/w-czasie-zatrzymane-tom-ii-ze-zbigniewem-zakiewiczem-na-kresach-i-w-bezkresie\/","title":{"rendered":"W czasie zatrzymane. Tom II. Ze Zbigniewem \u017bakiewiczem \u2013 na Kresach i w bezkresie"},"content":{"rendered":"","protected":false},"excerpt":{"rendered":"<p>Na tom sk\u0142ada si\u0119 14 tekst\u00f3w dotycz\u0105cych wybranych w\u0105tk\u00f3w biograficznych oraz refleksji na temat tw\u00f3rczo-\u015bci pisarskiej \u2013 literackiej i naukowej \u2013\u00a0Zbigniewa \u017bakiewicza. S\u0105 w\u015br\u00f3d nich \u2013 przeplatane obficie cytacjami z prac \u017bakiewicza \u2013 artyku\u0142y naukowe, eseje, wspomnienia, a tak\u017ce dokumenty osobiste w postaci korespondencji z Pisarzem. Ich autorami s\u0105 osoby reprezentuj\u0105ce r\u00f3\u017cne \u015brodowiska akademickie.<\/p>\n","protected":false},"featured_media":14727,"template":"","meta":{"_acf_changed":false},"journal":[],"rodzaj":[7074],"seria":[],"product_brand":[],"product_cat":[6925],"product_tag":[7593],"class_list":{"0":"post-46788","1":"product","2":"type-product","3":"status-publish","4":"has-post-thumbnail","6":"rodzaj-ksiazki","7":"product_cat-literaturoznawstwo","8":"product_tag-katarzyna-wojankatarzyna-wojan","10":"first","11":"outofstock","12":"taxable","13":"shipping-taxable","14":"product-type-simple"},"acf":[],"_links":{"self":[{"href":"https:\/\/wydawnictwo.ug.edu.pl\/en\/wp-json\/wp\/v2\/product\/46788","targetHints":{"allow":["GET"]}}],"collection":[{"href":"https:\/\/wydawnictwo.ug.edu.pl\/en\/wp-json\/wp\/v2\/product"}],"about":[{"href":"https:\/\/wydawnictwo.ug.edu.pl\/en\/wp-json\/wp\/v2\/types\/product"}],"wp:featuredmedia":[{"embeddable":true,"href":"https:\/\/wydawnictwo.ug.edu.pl\/en\/wp-json\/wp\/v2\/media\/14727"}],"wp:attachment":[{"href":"https:\/\/wydawnictwo.ug.edu.pl\/en\/wp-json\/wp\/v2\/media?parent=46788"}],"wp:term":[{"taxonomy":"journal","embeddable":true,"href":"https:\/\/wydawnictwo.ug.edu.pl\/en\/wp-json\/wp\/v2\/journal?post=46788"},{"taxonomy":"rodzaj","embeddable":true,"href":"https:\/\/wydawnictwo.ug.edu.pl\/en\/wp-json\/wp\/v2\/rodzaj?post=46788"},{"taxonomy":"seria","embeddable":true,"href":"https:\/\/wydawnictwo.ug.edu.pl\/en\/wp-json\/wp\/v2\/seria?post=46788"},{"taxonomy":"product_brand","embeddable":true,"href":"https:\/\/wydawnictwo.ug.edu.pl\/en\/wp-json\/wp\/v2\/product_brand?post=46788"},{"taxonomy":"product_cat","embeddable":true,"href":"https:\/\/wydawnictwo.ug.edu.pl\/en\/wp-json\/wp\/v2\/product_cat?post=46788"},{"taxonomy":"product_tag","embeddable":true,"href":"https:\/\/wydawnictwo.ug.edu.pl\/en\/wp-json\/wp\/v2\/product_tag?post=46788"}],"curies":[{"name":"wp","href":"https:\/\/api.w.org\/{rel}","templated":true}]}}

W czasie zatrzymane. Tom II. Ze Zbigniewem Żakiewiczem – na Kresach i w bezkresie

<p>Na tom składa się 14 tekstów dotyczących wybranych wątków biograficznych oraz refleksji na temat twórczo-ści pisarskiej – literackiej i naukowej – Zbigniewa Żakiewicza. Są wśród nich – przeplatane obficie cytacjami z prac Żakiewicza – artykuły naukowe, eseje, wspomnienia, a także dokumenty osobiste w postaci korespondencji z Pisarzem. Ich autorami są osoby reprezentujące różne środowiska akademickie.</p>
