{"id":46786,"date":"2016-12-01T00:00:00","date_gmt":"2016-12-01T00:00:00","guid":{"rendered":"https:\/\/wydawnictwo.ug.edu.pl\/ksiegarnia-online\/uncategorized\/warunki-zycia-oraz-uslugi-spoleczne-w-gdyni\/"},"modified":"2026-02-11T16:14:35","modified_gmt":"2026-02-11T16:14:35","slug":"warunki-zycia-oraz-uslugi-spoleczne-w-gdyni","status":"publish","type":"product","link":"https:\/\/wydawnictwo.ug.edu.pl\/en\/ksiegarnia-online\/geografia-spoleczno-ekonomiczna\/warunki-zycia-oraz-uslugi-spoleczne-w-gdyni\/","title":{"rendered":"Warunki \u017cycia oraz us\u0142ugi spo\u0142eczne w Gdyni"},"content":{"rendered":"","protected":false},"excerpt":{"rendered":"<p>Autorzy przyjrzeli si\u0119 bli\u017cej warunkom \u017cycia w Gdyni \u2013 mie\u015bcie, kt\u00f3re rokrocznie zajmuje czo\u0142owe pozycje w\u015br\u00f3d najlepszych miast do \u017cycia w\u00a0Polsce. Wyszli z za\u0142o\u017cenia, \u017ce us\u0142ugi spo\u0142eczne stanowi\u0105 t\u0119 sfer\u0119 dzia\u0142a\u0144 samorz\u0105du, kt\u00f3ra na warunki \u017cycia rzutuje najsilniej. Nie poprzestali na analizie wska\u017anik\u00f3w Banku Danych Lokalnych, ale wykorzystali te\u017c rzadziej stosowane \u017ar\u00f3d\u0142a wiedzy o edukacji, kulturze, zdrowiu, mieszkalnictwie oraz opiece spo\u0142ecznej w mie\u015bcie. Tematy te w ostatnich latach pozostaj\u0105 nieco w cieniu twardej infrastruktury, praca ta ma ponownie zwr\u00f3ci\u0107 na nie uwag\u0119. Adresowana jest nie tylko do instytucji gdy\u0144skich, ale i do innych samorz\u0105d\u00f3w w Polsce, gdzie us\u0142ugi publiczne nadal zbyt cz\u0119sto pozostaj\u0105 domen\u0105 ustawowej rutyny, nie za\u015b \u015bwiadomego kreowania rozwoju lokalnego, opartego na dowodach.<\/p>\n","protected":false},"featured_media":14751,"template":"","meta":{"_acf_changed":false},"journal":[],"rodzaj":[7074],"seria":[],"product_brand":[],"product_cat":[6977],"product_tag":[8150,8151,8152,8147],"class_list":{"0":"post-46786","1":"product","2":"type-product","3":"status-publish","4":"has-post-thumbnail","6":"rodzaj-ksiazki","7":"product_cat-geografia-spoleczno-ekonomiczna","8":"product_tag-grzegorz-masik","9":"product_tag-iwona-sagan","10":"product_tag-jan-frankowski","11":"product_tag-joanna-stepien","13":"first","14":"outofstock","15":"taxable","16":"shipping-taxable","17":"product-type-simple"},"acf":[],"_links":{"self":[{"href":"https:\/\/wydawnictwo.ug.edu.pl\/en\/wp-json\/wp\/v2\/product\/46786","targetHints":{"allow":["GET"]}}],"collection":[{"href":"https:\/\/wydawnictwo.ug.edu.pl\/en\/wp-json\/wp\/v2\/product"}],"about":[{"href":"https:\/\/wydawnictwo.ug.edu.pl\/en\/wp-json\/wp\/v2\/types\/product"}],"wp:featuredmedia":[{"embeddable":true,"href":"https:\/\/wydawnictwo.ug.edu.pl\/en\/wp-json\/wp\/v2\/media\/14751"}],"wp:attachment":[{"href":"https:\/\/wydawnictwo.ug.edu.pl\/en\/wp-json\/wp\/v2\/media?parent=46786"}],"wp:term":[{"taxonomy":"journal","embeddable":true,"href":"https:\/\/wydawnictwo.ug.edu.pl\/en\/wp-json\/wp\/v2\/journal?post=46786"},{"taxonomy":"rodzaj","embeddable":true,"href":"https:\/\/wydawnictwo.ug.edu.pl\/en\/wp-json\/wp\/v2\/rodzaj?post=46786"},{"taxonomy":"seria","embeddable":true,"href":"https:\/\/wydawnictwo.ug.edu.pl\/en\/wp-json\/wp\/v2\/seria?post=46786"},{"taxonomy":"product_brand","embeddable":true,"href":"https:\/\/wydawnictwo.ug.edu.pl\/en\/wp-json\/wp\/v2\/product_brand?post=46786"},{"taxonomy":"product_cat","embeddable":true,"href":"https:\/\/wydawnictwo.ug.edu.pl\/en\/wp-json\/wp\/v2\/product_cat?post=46786"},{"taxonomy":"product_tag","embeddable":true,"href":"https:\/\/wydawnictwo.ug.edu.pl\/en\/wp-json\/wp\/v2\/product_tag?post=46786"}],"curies":[{"name":"wp","href":"https:\/\/api.w.org\/{rel}","templated":true}]}}

Warunki życia oraz usługi społeczne w Gdyni

<p>Autorzy przyjrzeli się bliżej warunkom życia w Gdyni – mieście, które rokrocznie zajmuje czołowe pozycje wśród najlepszych miast do życia w Polsce. Wyszli z założenia, że usługi społeczne stanowią tę sferę działań samorządu, która na warunki życia rzutuje najsilniej. Nie poprzestali na analizie wskaźników Banku Danych Lokalnych, ale wykorzystali też rzadziej stosowane źródła wiedzy o edukacji, kulturze, zdrowiu, mieszkalnictwie oraz opiece społecznej w mieście. Tematy te w ostatnich latach pozostają nieco w cieniu twardej infrastruktury, praca ta ma ponownie zwrócić na nie uwagę. Adresowana jest nie tylko do instytucji gdyńskich, ale i do innych samorządów w Polsce, gdzie usługi publiczne nadal zbyt często pozostają domeną ustawowej rutyny, nie zaś świadomego kreowania rozwoju lokalnego, opartego na dowodach.</p>
