{"id":46785,"date":"2016-12-01T00:00:00","date_gmt":"2016-12-01T00:00:00","guid":{"rendered":"https:\/\/wydawnictwo.ug.edu.pl\/ksiegarnia-online\/uncategorized\/europa-w-obliczu-aktualnych-wyzwan\/"},"modified":"2026-02-11T16:00:58","modified_gmt":"2026-02-11T16:00:58","slug":"europa-w-obliczu-aktualnych-wyzwan","status":"publish","type":"product","link":"https:\/\/wydawnictwo.ug.edu.pl\/en\/ksiegarnia-online\/ekonomia\/europa-w-obliczu-aktualnych-wyzwan\/","title":{"rendered":"Europa w obliczu aktualnych wyzwa\u0144"},"content":{"rendered":"","protected":false},"excerpt":{"rendered":"<p>Wed\u0142ug Szymona Pereza, niedawno zmar\u0142ego premiera Izraela, szczeg\u00f3lnie wa\u017cne by\u0142o stwierdzenie: \u201eBo pok\u00f3j jest mo\u017cliwy tylko wtedy, gdy jest zapewnione bezpiecze\u0144stwo\u201d. Dlatego potrzebna jest powa\u017cna debata o przysz\u0142o\u015bci Europy, ale Europy zintegrowanej. Europy, kt\u00f3ra w globalnej konkurencji b\u0119dzie \u2013 obok Stan\u00f3w Zjednoczonych i Chin \u2013 silnym partnerem.<\/p>\n<p>Prezentowane w niniejszym tomie teksty s\u0105 pr\u00f3b\u0105 odpowiedzi na trudne pytania pojawiaj\u0105ce si\u0119 w debatach publicznych. Oddajemy Pa\u0144stwu publikacj\u0119, do kt\u00f3rej stworzenia zaprosili\u015bmy, obok naukowc\u00f3w, tzw. insider\u00f3w mi\u0119dzynarodowego \u017cycia politycznego, tj. Prezydenta Rzeczpospolitej Polskiej w latach 1995\u20132005 Aleksandra Kwa\u015bniewskiego, od zawsze propaguj\u0105cego ide\u0119 integracji europejskiej, oraz pos\u0142a Parlamentu Europejskiego (PE) \u2013 Jaros\u0142awa Wa\u0142\u0119s\u0119, kt\u00f3ry dzieli si\u0119 swoimi spostrze\u017ceniami z punktu widzenia polityka. W zbiorze znajd\u0105 Pa\u0144stwo dwana\u015bcie artyku\u0142\u00f3w dotycz\u0105cych r\u00f3\u017cnych sfer funkcjonowania UE: suwerenno\u015bci, kwestii jednolitego rynku, polityki obronno\u015bci, kryzysu migracyjnego czy polityki regionalnej.<\/p>\n","protected":false},"featured_media":14569,"template":"","meta":{"_acf_changed":false},"journal":[],"rodzaj":[7074],"seria":[],"product_brand":[],"product_cat":[6934],"product_tag":[7823,8149],"class_list":{"0":"post-46785","1":"product","2":"type-product","3":"status-publish","4":"has-post-thumbnail","6":"rodzaj-ksiazki","7":"product_cat-ekonomia","8":"product_tag-aleksandra-borowicz","9":"product_tag-andrzej-stepniak","11":"first","12":"outofstock","13":"taxable","14":"shipping-taxable","15":"purchasable","16":"product-type-simple"},"acf":[],"_links":{"self":[{"href":"https:\/\/wydawnictwo.ug.edu.pl\/en\/wp-json\/wp\/v2\/product\/46785","targetHints":{"allow":["GET"]}}],"collection":[{"href":"https:\/\/wydawnictwo.ug.edu.pl\/en\/wp-json\/wp\/v2\/product"}],"about":[{"href":"https:\/\/wydawnictwo.ug.edu.pl\/en\/wp-json\/wp\/v2\/types\/product"}],"wp:featuredmedia":[{"embeddable":true,"href":"https:\/\/wydawnictwo.ug.edu.pl\/en\/wp-json\/wp\/v2\/media\/14569"}],"wp:attachment":[{"href":"https:\/\/wydawnictwo.ug.edu.pl\/en\/wp-json\/wp\/v2\/media?parent=46785"}],"wp:term":[{"taxonomy":"journal","embeddable":true,"href":"https:\/\/wydawnictwo.ug.edu.pl\/en\/wp-json\/wp\/v2\/journal?post=46785"},{"taxonomy":"rodzaj","embeddable":true,"href":"https:\/\/wydawnictwo.ug.edu.pl\/en\/wp-json\/wp\/v2\/rodzaj?post=46785"},{"taxonomy":"seria","embeddable":true,"href":"https:\/\/wydawnictwo.ug.edu.pl\/en\/wp-json\/wp\/v2\/seria?post=46785"},{"taxonomy":"product_brand","embeddable":true,"href":"https:\/\/wydawnictwo.ug.edu.pl\/en\/wp-json\/wp\/v2\/product_brand?post=46785"},{"taxonomy":"product_cat","embeddable":true,"href":"https:\/\/wydawnictwo.ug.edu.pl\/en\/wp-json\/wp\/v2\/product_cat?post=46785"},{"taxonomy":"product_tag","embeddable":true,"href":"https:\/\/wydawnictwo.ug.edu.pl\/en\/wp-json\/wp\/v2\/product_tag?post=46785"}],"curies":[{"name":"wp","href":"https:\/\/api.w.org\/{rel}","templated":true}]}}

Europa w obliczu aktualnych wyzwań

<p>Według Szymona Pereza, niedawno zmarłego premiera Izraela, szczególnie ważne było stwierdzenie: „Bo pokój jest możliwy tylko wtedy, gdy jest zapewnione bezpieczeństwo”. Dlatego potrzebna jest poważna debata o przyszłości Europy, ale Europy zintegrowanej. Europy, która w globalnej konkurencji będzie – obok Stanów Zjednoczonych i Chin – silnym partnerem.</p>
<p>Prezentowane w niniejszym tomie teksty są próbą odpowiedzi na trudne pytania pojawiające się w debatach publicznych. Oddajemy Państwu publikację, do której stworzenia zaprosiliśmy, obok naukowców, tzw. insiderów międzynarodowego życia politycznego, tj. Prezydenta Rzeczpospolitej Polskiej w latach 1995–2005 Aleksandra Kwaśniewskiego, od zawsze propagującego ideę integracji europejskiej, oraz posła Parlamentu Europejskiego (PE) – Jarosława Wałęsę, który dzieli się swoimi spostrzeżeniami z punktu widzenia polityka. W zbiorze znajdą Państwo dwanaście artykułów dotyczących różnych sfer funkcjonowania UE: suwerenności, kwestii jednolitego rynku, polityki obronności, kryzysu migracyjnego czy polityki regionalnej.</p>
