{"id":46782,"date":"2016-12-01T00:00:00","date_gmt":"2016-12-01T00:00:00","guid":{"rendered":"https:\/\/wydawnictwo.ug.edu.pl\/ksiegarnia-online\/uncategorized\/spoleczne-i-przestrzenne-uwarunkowania-zdrowia-kobiet-przyklad-gdyni\/"},"modified":"2026-02-11T16:14:39","modified_gmt":"2026-02-11T16:14:39","slug":"spoleczne-i-przestrzenne-uwarunkowania-zdrowia-kobiet-przyklad-gdyni","status":"publish","type":"product","link":"https:\/\/wydawnictwo.ug.edu.pl\/en\/ksiegarnia-online\/geografia-spoleczno-ekonomiczna\/spoleczne-i-przestrzenne-uwarunkowania-zdrowia-kobiet-przyklad-gdyni\/","title":{"rendered":"Spo\u0142eczne i przestrzenne uwarunkowania zdrowia kobiet. Przyk\u0142ad Gdyni"},"content":{"rendered":"","protected":false},"excerpt":{"rendered":"<p>Mimo \u017ce choroby nowotworowe budz\u0105 najwi\u0119kszy strach, a ponad po\u0142owa Polak\u00f3w wskazuje wczesne wykrywanie i leczenie zachorowa\u0144 za najskuteczniejsz\u0105 metod\u0119 walki z nowotworami, nie obserwuje si\u0119 prostego prze\u0142o\u017cenia deklaracji na ich realizacj\u0119 w praktyce. Niniejsza publikacja identyfikuje bariery profilaktyki zdrowotnej o charakterze zar\u00f3wno przestrzennym, jak i spo\u0142ecznym, na kt\u00f3re trafiaj\u0105 mieszkanki Gdyni. Celem szczeg\u00f3\u0142owym pracy by\u0142o wyja\u015bnienie przyczyn niskiego poziomu korzystania przez kobiety z opieki profilaktycznej przy jednocze\u015bnie wysokiej deklaracji warto\u015bci zdrowia, w szerszym kontek\u015bcie profilaktyki i lecznictwa ginekologicznego. Wyniki opisane w publikacji mog\u0105 przyczyni\u0107 si\u0119 do wypracowania bardziej skutecznych metod realizacji programu profilaktyki raka szyjki macicy, zw\u0142aszcza w\u015br\u00f3d kobiet z grup ryzyka. Efektem dostosowania prowadzonych dzia\u0142a\u0144 profilaktycznych powinna by\u0107 zwi\u0119kszona ilo\u015b\u0107 realizowanych bada\u0144 przesiewowych, a nast\u0119pnie spadek poziomu umieralno\u015bci kobiet z powodu raka szyjki macicy w Polsce.<\/p>\n","protected":false},"featured_media":14734,"template":"","meta":{"_acf_changed":false},"journal":[],"rodzaj":[2602],"seria":[],"product_brand":[],"product_cat":[6977],"product_tag":[532],"class_list":{"0":"post-46782","1":"product","2":"type-product","3":"status-publish","4":"has-post-thumbnail","6":"rodzaj-ksiazki","7":"product_cat-geografia-spoleczno-ekonomiczna","8":"product_tag-joanna-stepien","10":"first","11":"outofstock","12":"taxable","13":"shipping-taxable","14":"product-type-simple"},"acf":[],"_links":{"self":[{"href":"https:\/\/wydawnictwo.ug.edu.pl\/en\/wp-json\/wp\/v2\/product\/46782","targetHints":{"allow":["GET"]}}],"collection":[{"href":"https:\/\/wydawnictwo.ug.edu.pl\/en\/wp-json\/wp\/v2\/product"}],"about":[{"href":"https:\/\/wydawnictwo.ug.edu.pl\/en\/wp-json\/wp\/v2\/types\/product"}],"wp:featuredmedia":[{"embeddable":true,"href":"https:\/\/wydawnictwo.ug.edu.pl\/en\/wp-json\/wp\/v2\/media\/14734"}],"wp:attachment":[{"href":"https:\/\/wydawnictwo.ug.edu.pl\/en\/wp-json\/wp\/v2\/media?parent=46782"}],"wp:term":[{"taxonomy":"journal","embeddable":true,"href":"https:\/\/wydawnictwo.ug.edu.pl\/en\/wp-json\/wp\/v2\/journal?post=46782"},{"taxonomy":"rodzaj","embeddable":true,"href":"https:\/\/wydawnictwo.ug.edu.pl\/en\/wp-json\/wp\/v2\/rodzaj?post=46782"},{"taxonomy":"seria","embeddable":true,"href":"https:\/\/wydawnictwo.ug.edu.pl\/en\/wp-json\/wp\/v2\/seria?post=46782"},{"taxonomy":"product_brand","embeddable":true,"href":"https:\/\/wydawnictwo.ug.edu.pl\/en\/wp-json\/wp\/v2\/product_brand?post=46782"},{"taxonomy":"product_cat","embeddable":true,"href":"https:\/\/wydawnictwo.ug.edu.pl\/en\/wp-json\/wp\/v2\/product_cat?post=46782"},{"taxonomy":"product_tag","embeddable":true,"href":"https:\/\/wydawnictwo.ug.edu.pl\/en\/wp-json\/wp\/v2\/product_tag?post=46782"}],"curies":[{"name":"wp","href":"https:\/\/api.w.org\/{rel}","templated":true}]}}

Społeczne i przestrzenne uwarunkowania zdrowia kobiet. Przykład Gdyni

<p>Mimo że choroby nowotworowe budzą największy strach, a ponad połowa Polaków wskazuje wczesne wykrywanie i leczenie zachorowań za najskuteczniejszą metodę walki z nowotworami, nie obserwuje się prostego przełożenia deklaracji na ich realizację w praktyce. Niniejsza publikacja identyfikuje bariery profilaktyki zdrowotnej o charakterze zarówno przestrzennym, jak i społecznym, na które trafiają mieszkanki Gdyni. Celem szczegółowym pracy było wyjaśnienie przyczyn niskiego poziomu korzystania przez kobiety z opieki profilaktycznej przy jednocześnie wysokiej deklaracji wartości zdrowia, w szerszym kontekście profilaktyki i lecznictwa ginekologicznego. Wyniki opisane w publikacji mogą przyczynić się do wypracowania bardziej skutecznych metod realizacji programu profilaktyki raka szyjki macicy, zwłaszcza wśród kobiet z grup ryzyka. Efektem dostosowania prowadzonych działań profilaktycznych powinna być zwiększona ilość realizowanych badań przesiewowych, a następnie spadek poziomu umieralności kobiet z powodu raka szyjki macicy w Polsce.</p>
