{"id":46778,"date":"2016-12-01T00:00:00","date_gmt":"2016-12-01T00:00:00","guid":{"rendered":"https:\/\/wydawnictwo.ug.edu.pl\/ksiegarnia-online\/uncategorized\/komunikacja-oknem-na-kulture-wspolnota-dyskursu-kulturowym-wymiarem-funkcjonowania-spolecznosci-ewangelikalnej\/"},"modified":"2026-02-11T16:14:44","modified_gmt":"2026-02-11T16:14:44","slug":"komunikacja-oknem-na-kulture-wspolnota-dyskursu-kulturowym-wymiarem-funkcjonowania-spolecznosci-ewangelikalnej","status":"publish","type":"product","link":"https:\/\/wydawnictwo.ug.edu.pl\/en\/ksiegarnia-online\/jezykoznawstwo\/komunikacja-oknem-na-kulture-wspolnota-dyskursu-kulturowym-wymiarem-funkcjonowania-spolecznosci-ewangelikalnej\/","title":{"rendered":"Komunikacja oknem na\u00a0kultur\u0119. Wsp\u00f3lnota dyskursu kulturowym wymiarem funkcjonowania spo\u0142eczno\u015bci ewangelikalnej"},"content":{"rendered":"","protected":false},"excerpt":{"rendered":"<p>W ksi\u0105\u017cce autorka zawar\u0142a refleksje dotycz\u0105ce specyfiki zachowa\u0144 j\u0119zykowych\u00a0w ewangelikalnych wsp\u00f3lnotach wyznaniowych. Opracowanie zawiera materia\u0142 pozyskany na drodze bada\u0144 o\u00a0charakterze etnograficznym. Celem przeprowadzonego\u00a0badania jest zbli\u017cenie si\u0119 do odpowiedzi na pytanie, czy i \u00a0w \u00a0jakim zakresie komunikacja j\u0119zykowa determinuje istnienie, organizacj\u0119 oraz dzia\u0142alno\u015b\u0107 ewangelicznych wsp\u00f3lnot religijnych. Opracowanie zawiera prezentacj\u0119 materia\u0142u j\u0119zykowego, na podstawie kt\u00f3rego autorka wyci\u0105gn\u0119\u0142a wnioski odno\u015bnie do specyfiki dyskursu i usi\u0142uje odkry\u0107 istniej\u0105ce kody j\u0119zykowe.<\/p>\n","protected":false},"featured_media":14690,"template":"","meta":{"_acf_changed":false},"journal":[],"rodzaj":[2602],"seria":[],"product_brand":[],"product_cat":[263,254],"product_tag":[482],"class_list":{"0":"post-46778","1":"product","2":"type-product","3":"status-publish","4":"has-post-thumbnail","6":"rodzaj-ksiazki","7":"product_cat-historia-sztuki-i-kulturoznawstwo","8":"product_cat-jezykoznawstwo","9":"product_tag-magdalena-grabowska","11":"first","12":"outofstock","13":"taxable","14":"shipping-taxable","15":"product-type-simple"},"acf":[],"_links":{"self":[{"href":"https:\/\/wydawnictwo.ug.edu.pl\/en\/wp-json\/wp\/v2\/product\/46778","targetHints":{"allow":["GET"]}}],"collection":[{"href":"https:\/\/wydawnictwo.ug.edu.pl\/en\/wp-json\/wp\/v2\/product"}],"about":[{"href":"https:\/\/wydawnictwo.ug.edu.pl\/en\/wp-json\/wp\/v2\/types\/product"}],"wp:featuredmedia":[{"embeddable":true,"href":"https:\/\/wydawnictwo.ug.edu.pl\/en\/wp-json\/wp\/v2\/media\/14690"}],"wp:attachment":[{"href":"https:\/\/wydawnictwo.ug.edu.pl\/en\/wp-json\/wp\/v2\/media?parent=46778"}],"wp:term":[{"taxonomy":"journal","embeddable":true,"href":"https:\/\/wydawnictwo.ug.edu.pl\/en\/wp-json\/wp\/v2\/journal?post=46778"},{"taxonomy":"rodzaj","embeddable":true,"href":"https:\/\/wydawnictwo.ug.edu.pl\/en\/wp-json\/wp\/v2\/rodzaj?post=46778"},{"taxonomy":"seria","embeddable":true,"href":"https:\/\/wydawnictwo.ug.edu.pl\/en\/wp-json\/wp\/v2\/seria?post=46778"},{"taxonomy":"product_brand","embeddable":true,"href":"https:\/\/wydawnictwo.ug.edu.pl\/en\/wp-json\/wp\/v2\/product_brand?post=46778"},{"taxonomy":"product_cat","embeddable":true,"href":"https:\/\/wydawnictwo.ug.edu.pl\/en\/wp-json\/wp\/v2\/product_cat?post=46778"},{"taxonomy":"product_tag","embeddable":true,"href":"https:\/\/wydawnictwo.ug.edu.pl\/en\/wp-json\/wp\/v2\/product_tag?post=46778"}],"curies":[{"name":"wp","href":"https:\/\/api.w.org\/{rel}","templated":true}]}}

Komunikacja oknem na kulturę. Wspólnota dyskursu kulturowym wymiarem funkcjonowania społeczności ewangelikalnej

<p>W książce autorka zawarła refleksje dotyczące specyfiki zachowań językowych w ewangelikalnych wspólnotach wyznaniowych. Opracowanie zawiera materiał pozyskany na drodze badań o charakterze etnograficznym. Celem przeprowadzonego badania jest zbliżenie się do odpowiedzi na pytanie, czy i  w  jakim zakresie komunikacja językowa determinuje istnienie, organizację oraz działalność ewangelicznych wspólnot religijnych. Opracowanie zawiera prezentację materiału językowego, na podstawie którego autorka wyciągnęła wnioski odnośnie do specyfiki dyskursu i usiłuje odkryć istniejące kody językowe.</p>
