{"id":46774,"date":"2016-12-01T00:00:00","date_gmt":"2016-12-01T00:00:00","guid":{"rendered":"https:\/\/wydawnictwo.ug.edu.pl\/ksiegarnia-online\/uncategorized\/niskoweglowy-rozwoj-obszarow-wiejskich-w-polsce-a-plany-gospodarki-niskoemisyjnej\/"},"modified":"2026-02-11T16:02:29","modified_gmt":"2026-02-11T16:02:29","slug":"niskoweglowy-rozwoj-obszarow-wiejskich-w-polsce-a-plany-gospodarki-niskoemisyjnej","status":"publish","type":"product","link":"https:\/\/wydawnictwo.ug.edu.pl\/en\/ksiegarnia-online\/geografia-spoleczno-ekonomiczna\/niskoweglowy-rozwoj-obszarow-wiejskich-w-polsce-a-plany-gospodarki-niskoemisyjnej\/","title":{"rendered":"Niskow\u0119glowy rozw\u00f3j obszar\u00f3w wiejskich w Polsce a plany gospodarki niskoemisyjnej"},"content":{"rendered":"","protected":false},"excerpt":{"rendered":"<p>Ksi\u0105\u017cka stanowi pierwsze tak szerokie uj\u0119cie zagadnie\u0144 dotycz\u0105cych lokalnego planowania gospodarki niskoemisyjnej, ze szczeg\u00f3lnym uwzgl\u0119dnieniem obszar\u00f3w wiejskich i zwi\u0105zanej z nimi dzia\u0142alno\u015bci rolniczej. Zawiera obszern\u0105 charakterystyk\u0119 i ocen\u0119 48 wybranych plan\u00f3w gospodarki niskoemisyjnej, stanowi\u0105cych stosunkowo nowe narz\u0119dzie planowania niskow\u0119glowego rozwoju lokalnych wsp\u00f3lnot samorz\u0105dowych, maj\u0105ce pom\u00f3c w pozyskiwaniu i efektywnym wydatkowaniu funduszy unijnych oraz przyczyni\u0107 si\u0119 m.in. do redukcji zu\u017cycia energii finalnej przez podniesienie efektywno\u015bci energetycznej, a tak\u017ce do poprawy jako\u015bci powietrza na obszarach, gdzie odnotowano przekroczenia poziom\u00f3w dopuszczalnych st\u0119\u017ce\u0144.<\/p>\n","protected":false},"featured_media":14672,"template":"","meta":{"_acf_changed":false},"journal":[],"rodzaj":[7074],"seria":[],"product_brand":[],"product_cat":[7312,6977],"product_tag":[7380,8139],"class_list":{"0":"post-46774","1":"product","2":"type-product","3":"status-publish","4":"has-post-thumbnail","6":"rodzaj-ksiazki","7":"product_cat-ochrona-srodowiska","8":"product_cat-geografia-spoleczno-ekonomiczna","9":"product_tag-mariusz-kistowskimariusz-kistowski","10":"product_tag-pawel-wisniewski","12":"first","13":"outofstock","14":"taxable","15":"shipping-taxable","16":"product-type-simple"},"acf":[],"_links":{"self":[{"href":"https:\/\/wydawnictwo.ug.edu.pl\/en\/wp-json\/wp\/v2\/product\/46774","targetHints":{"allow":["GET"]}}],"collection":[{"href":"https:\/\/wydawnictwo.ug.edu.pl\/en\/wp-json\/wp\/v2\/product"}],"about":[{"href":"https:\/\/wydawnictwo.ug.edu.pl\/en\/wp-json\/wp\/v2\/types\/product"}],"wp:featuredmedia":[{"embeddable":true,"href":"https:\/\/wydawnictwo.ug.edu.pl\/en\/wp-json\/wp\/v2\/media\/14672"}],"wp:attachment":[{"href":"https:\/\/wydawnictwo.ug.edu.pl\/en\/wp-json\/wp\/v2\/media?parent=46774"}],"wp:term":[{"taxonomy":"journal","embeddable":true,"href":"https:\/\/wydawnictwo.ug.edu.pl\/en\/wp-json\/wp\/v2\/journal?post=46774"},{"taxonomy":"rodzaj","embeddable":true,"href":"https:\/\/wydawnictwo.ug.edu.pl\/en\/wp-json\/wp\/v2\/rodzaj?post=46774"},{"taxonomy":"seria","embeddable":true,"href":"https:\/\/wydawnictwo.ug.edu.pl\/en\/wp-json\/wp\/v2\/seria?post=46774"},{"taxonomy":"product_brand","embeddable":true,"href":"https:\/\/wydawnictwo.ug.edu.pl\/en\/wp-json\/wp\/v2\/product_brand?post=46774"},{"taxonomy":"product_cat","embeddable":true,"href":"https:\/\/wydawnictwo.ug.edu.pl\/en\/wp-json\/wp\/v2\/product_cat?post=46774"},{"taxonomy":"product_tag","embeddable":true,"href":"https:\/\/wydawnictwo.ug.edu.pl\/en\/wp-json\/wp\/v2\/product_tag?post=46774"}],"curies":[{"name":"wp","href":"https:\/\/api.w.org\/{rel}","templated":true}]}}

Niskowęglowy rozwój obszarów wiejskich w Polsce a plany gospodarki niskoemisyjnej

<p>Książka stanowi pierwsze tak szerokie ujęcie zagadnień dotyczących lokalnego planowania gospodarki niskoemisyjnej, ze szczególnym uwzględnieniem obszarów wiejskich i związanej z nimi działalności rolniczej. Zawiera obszerną charakterystykę i ocenę 48 wybranych planów gospodarki niskoemisyjnej, stanowiących stosunkowo nowe narzędzie planowania niskowęglowego rozwoju lokalnych wspólnot samorządowych, mające pomóc w pozyskiwaniu i efektywnym wydatkowaniu funduszy unijnych oraz przyczynić się m.in. do redukcji zużycia energii finalnej przez podniesienie efektywności energetycznej, a także do poprawy jakości powietrza na obszarach, gdzie odnotowano przekroczenia poziomów dopuszczalnych stężeń.</p>
