{"id":46772,"date":"2016-12-01T00:00:00","date_gmt":"2016-12-01T00:00:00","guid":{"rendered":"https:\/\/wydawnictwo.ug.edu.pl\/ksiegarnia-online\/uncategorized\/lad-nasz-przestrzenny\/"},"modified":"2026-02-11T16:02:33","modified_gmt":"2026-02-11T16:02:33","slug":"lad-nasz-przestrzenny","status":"publish","type":"product","link":"https:\/\/wydawnictwo.ug.edu.pl\/en\/ksiegarnia-online\/geografia-spoleczno-ekonomiczna\/lad-nasz-przestrzenny\/","title":{"rendered":"\u0141ad nasz przestrzenny"},"content":{"rendered":"","protected":false},"excerpt":{"rendered":"<p>G\u0142\u00f3wnym celem monografii jest identyfikacja i ocena zasad oraz uwarunkowa\u0144 kszta\u0142tuj\u0105cych \u0142ad przestrzenny w Polsce. Zasad rozumianych jako podstawy prawne kszta\u0142towania \u0142adu przestrzennego okre\u015blone w ustawach i aktach wykonawczych oraz \u2013 na ich podstawie \u2013 zapisane w dokumentach planistycznych poziomu krajowego, regionalnego i lokalnego; a uwarunkowa\u0144 \u2013 jako okoliczno\u015bci (warunki, czynniki, mechanizmy) inne ni\u017c ww. zasady. Zakres przestrzenny bada\u0144 odnosi si\u0119 zar\u00f3wno do obszaru kraju, wojew\u00f3dztwa pomorskiego jak i sze\u015bciu gmin po\u0142o\u017conych na jego terenie: gminy miejsko-wiejskiej \u017bukowo oraz gmin wiejskich tego obszaru tzn.: Pruszcz Gda\u0144ski, Kolbudy, Szemud, Wejherowo i Kosakowo. Kryterium delimitacji obszaru bada\u0144 by\u0142a intensywno\u015b\u0107 proces\u00f3w przestrzennych ze wzgl\u0119du na bezpo\u015brednie s\u0105siedztwo z Tr\u00f3jmiastem. Wybrane gminy po\u0142o\u017cone s\u0105 w wyznaczonym w Planie zagospodarowania przestrzennego wojew\u00f3dztwa pomorskiego obszarze funkcjonalnym aglomeracji Tr\u00f3jmiasta nazywanym r\u00f3wnie\u017c w tym planie obszarem aglomeracji funkcjonalnej i aglomeracj\u0105 funkcjonaln\u0105.<\/p>\n","protected":false},"featured_media":14633,"template":"","meta":{"_acf_changed":false},"journal":[],"rodzaj":[7074],"seria":[],"product_brand":[],"product_cat":[6977],"product_tag":[8137],"class_list":{"0":"post-46772","1":"product","2":"type-product","3":"status-publish","4":"has-post-thumbnail","6":"rodzaj-ksiazki","7":"product_cat-geografia-spoleczno-ekonomiczna","8":"product_tag-alicja-k-zawadzka","10":"first","11":"outofstock","12":"taxable","13":"shipping-taxable","14":"purchasable","15":"product-type-simple"},"acf":[],"_links":{"self":[{"href":"https:\/\/wydawnictwo.ug.edu.pl\/en\/wp-json\/wp\/v2\/product\/46772","targetHints":{"allow":["GET"]}}],"collection":[{"href":"https:\/\/wydawnictwo.ug.edu.pl\/en\/wp-json\/wp\/v2\/product"}],"about":[{"href":"https:\/\/wydawnictwo.ug.edu.pl\/en\/wp-json\/wp\/v2\/types\/product"}],"wp:featuredmedia":[{"embeddable":true,"href":"https:\/\/wydawnictwo.ug.edu.pl\/en\/wp-json\/wp\/v2\/media\/14633"}],"wp:attachment":[{"href":"https:\/\/wydawnictwo.ug.edu.pl\/en\/wp-json\/wp\/v2\/media?parent=46772"}],"wp:term":[{"taxonomy":"journal","embeddable":true,"href":"https:\/\/wydawnictwo.ug.edu.pl\/en\/wp-json\/wp\/v2\/journal?post=46772"},{"taxonomy":"rodzaj","embeddable":true,"href":"https:\/\/wydawnictwo.ug.edu.pl\/en\/wp-json\/wp\/v2\/rodzaj?post=46772"},{"taxonomy":"seria","embeddable":true,"href":"https:\/\/wydawnictwo.ug.edu.pl\/en\/wp-json\/wp\/v2\/seria?post=46772"},{"taxonomy":"product_brand","embeddable":true,"href":"https:\/\/wydawnictwo.ug.edu.pl\/en\/wp-json\/wp\/v2\/product_brand?post=46772"},{"taxonomy":"product_cat","embeddable":true,"href":"https:\/\/wydawnictwo.ug.edu.pl\/en\/wp-json\/wp\/v2\/product_cat?post=46772"},{"taxonomy":"product_tag","embeddable":true,"href":"https:\/\/wydawnictwo.ug.edu.pl\/en\/wp-json\/wp\/v2\/product_tag?post=46772"}],"curies":[{"name":"wp","href":"https:\/\/api.w.org\/{rel}","templated":true}]}}

Ład nasz przestrzenny

<p>Głównym celem monografii jest identyfikacja i ocena zasad oraz uwarunkowań kształtujących ład przestrzenny w Polsce. Zasad rozumianych jako podstawy prawne kształtowania ładu przestrzennego określone w ustawach i aktach wykonawczych oraz – na ich podstawie – zapisane w dokumentach planistycznych poziomu krajowego, regionalnego i lokalnego; a uwarunkowań – jako okoliczności (warunki, czynniki, mechanizmy) inne niż ww. zasady. Zakres przestrzenny badań odnosi się zarówno do obszaru kraju, województwa pomorskiego jak i sześciu gmin położonych na jego terenie: gminy miejsko-wiejskiej Żukowo oraz gmin wiejskich tego obszaru tzn.: Pruszcz Gdański, Kolbudy, Szemud, Wejherowo i Kosakowo. Kryterium delimitacji obszaru badań była intensywność procesów przestrzennych ze względu na bezpośrednie sąsiedztwo z Trójmiastem. Wybrane gminy położone są w wyznaczonym w Planie zagospodarowania przestrzennego województwa pomorskiego obszarze funkcjonalnym aglomeracji Trójmiasta nazywanym również w tym planie obszarem aglomeracji funkcjonalnej i aglomeracją funkcjonalną.</p>
