{"id":46766,"date":"2016-12-11T00:00:00","date_gmt":"2016-12-11T00:00:00","guid":{"rendered":"https:\/\/wydawnictwo.ug.edu.pl\/ksiegarnia-online\/uncategorized\/sedziowie-i-niewolnicy-szkice-z-filozofii-prawa-2\/"},"modified":"2026-02-11T16:01:07","modified_gmt":"2026-02-11T16:01:07","slug":"sedziowie-i-niewolnicy-szkice-z-filozofii-prawa-2","status":"publish","type":"product","link":"https:\/\/wydawnictwo.ug.edu.pl\/en\/ksiegarnia-online\/prawo-i-administracja\/sedziowie-i-niewolnicy-szkice-z-filozofii-prawa-2\/","title":{"rendered":"S\u0119dziowie i niewolnicy. Szkice z filozofii prawa"},"content":{"rendered":"","protected":false},"excerpt":{"rendered":"<p>\u201eBohaterami&#8221; ksi\u0105\u017cki s\u0105 casusy s\u0105dowe i s\u0119dziowie wydaj\u0105cy omawiane orzeczenia. Jej unikalny w Polsce charakter polega na tym, \u017ce Autor nie ogranicza si\u0119 w formie narracyjnej do przedstawienia pogl\u0105d\u00f3w s\u0119dzi\u00f3w, lecz koncentruje si\u0119 na orzeczeniach s\u0105dowych. Przybli\u017ca w ten spos\u00f3b polskim czytelnikom istot\u0119 ameryka\u0144skiej jurysprudencji. Jerzy Zajad\u0142o przekonuj\u0105co ukazuje rol\u0119 ideologii, g\u0142\u00f3wnie zreszt\u0105 prawnonaturalnej, w s\u0105dowych sprawach niewolniczych, wprowadzaj\u0105c niezwykle wa\u017cne poj\u0119cie \u201eniepos\u0142usze\u0144stwa s\u0119dziowskiego&#8221;. Co wi\u0119cej, Autor pokazuje, \u017ce bardzo cz\u0119sto sprawa niewolnictwa by\u0142a tylko poboczna \u2013 w gruncie rzeczy chodzi\u0142o o interpretacj\u0119 Konstytucji (&#8230;). W tej perspektywie najwi\u0119ksz\u0105 bodaj zalet\u0119 pracy profesora Zajad\u0142o upatrywa\u0107 nale\u017cy w fakcie, \u017ce w gruncie rzeczy jest to ksi\u0105\u017cka o konserwatyzmie prawa oraz o konfliktach mi\u0119dzy prawem a moralno\u015bci\u0105. W gr\u0119 wchodz\u0105 prawa naturalne, obyczaje, interesy, co w konsekwencji prowadzi do konfliktu mi\u0119dzy prawem pozytywnym a moraln\u0105 potrzeb\u0105 niepos\u0142usze\u0144stwa. W ksi\u0105\u017cce Jerzego Zajad\u0142o dylematy s\u0119dziowskiego sumienia s\u0105 analizowane wszechstronnie.<\/p>\n<p style=\"text-align: right;\"><em>Z recenzji prof. Wiktora Osiaty\u0144skiego<\/em><\/p>\n<p>Rozmowa o ksi\u0105\u017cce odby\u0142a si\u0119 w audycji OFF Czarek w <a href=\"https:\/\/audycje.tokfm.pl\/podcast\/56544,Sedziowie-i-niewolnicy-Gosciem-Cezarego-Lasiczki-byl-prof-Jerzy-Zajadlo\">Radio\u00a0TOK FM<\/a>, a tak\u017ce podczas <a href=\"https:\/\/wydawnictwo.ug.edu.pl\/aktualnosci\/lato-z-foka-kulturalne-plazowanie-w-helu-rozmowa-z-prof-jerzym-zajadlo\/\">Lata z Fok\u0105 &#8211; Kulturalnego pla\u017cowania w Helu.<\/a><\/p>\n<p style=\"text-align: left;\">Ksi\u0105\u017cka <em>S\u0119dziowie i niewolnicy. Szkice z filozofii prawa <\/em>zosta\u0142a wyr\u00f3\u017cniona nagrod\u0105 naukow\u0105 w dziedzinie prawa im. Leona Petra\u017cyckiego, przyznan\u0105 przez Wydzia\u0142 I Nauk Humanistycznych i Spo\u0142ecznych Polskiej Akademii Nauk.<\/p>\n","protected":false},"featured_media":15792,"template":"","meta":{"_acf_changed":false},"journal":[],"rodzaj":[],"seria":[],"product_brand":[],"product_cat":[6958,6932],"product_tag":[7509],"class_list":{"0":"post-46766","1":"product","2":"type-product","3":"status-publish","4":"has-post-thumbnail","6":"product_cat-historia","7":"product_cat-prawo-i-administracja","8":"product_tag-jerzy-zajadlojerzy-zajadlo","9":"pa_rok-wydania-2017-en","11":"first","12":"instock","13":"taxable","14":"shipping-taxable","15":"purchasable","16":"product-type-simple"},"acf":[],"_links":{"self":[{"href":"https:\/\/wydawnictwo.ug.edu.pl\/en\/wp-json\/wp\/v2\/product\/46766","targetHints":{"allow":["GET"]}}],"collection":[{"href":"https:\/\/wydawnictwo.ug.edu.pl\/en\/wp-json\/wp\/v2\/product"}],"about":[{"href":"https:\/\/wydawnictwo.ug.edu.pl\/en\/wp-json\/wp\/v2\/types\/product"}],"wp:featuredmedia":[{"embeddable":true,"href":"https:\/\/wydawnictwo.ug.edu.pl\/en\/wp-json\/wp\/v2\/media\/15792"}],"wp:attachment":[{"href":"https:\/\/wydawnictwo.ug.edu.pl\/en\/wp-json\/wp\/v2\/media?parent=46766"}],"wp:term":[{"taxonomy":"journal","embeddable":true,"href":"https:\/\/wydawnictwo.ug.edu.pl\/en\/wp-json\/wp\/v2\/journal?post=46766"},{"taxonomy":"rodzaj","embeddable":true,"href":"https:\/\/wydawnictwo.ug.edu.pl\/en\/wp-json\/wp\/v2\/rodzaj?post=46766"},{"taxonomy":"seria","embeddable":true,"href":"https:\/\/wydawnictwo.ug.edu.pl\/en\/wp-json\/wp\/v2\/seria?post=46766"},{"taxonomy":"product_brand","embeddable":true,"href":"https:\/\/wydawnictwo.ug.edu.pl\/en\/wp-json\/wp\/v2\/product_brand?post=46766"},{"taxonomy":"product_cat","embeddable":true,"href":"https:\/\/wydawnictwo.ug.edu.pl\/en\/wp-json\/wp\/v2\/product_cat?post=46766"},{"taxonomy":"product_tag","embeddable":true,"href":"https:\/\/wydawnictwo.ug.edu.pl\/en\/wp-json\/wp\/v2\/product_tag?post=46766"}],"curies":[{"name":"wp","href":"https:\/\/api.w.org\/{rel}","templated":true}]}}

Sędziowie i niewolnicy. Szkice z filozofii prawa

<p>„Bohaterami&#8221; książki są casusy sądowe i sędziowie wydający omawiane orzeczenia. Jej unikalny w Polsce charakter polega na tym, że Autor nie ogranicza się w formie narracyjnej do przedstawienia poglądów sędziów, lecz koncentruje się na orzeczeniach sądowych. Przybliża w ten sposób polskim czytelnikom istotę amerykańskiej jurysprudencji. Jerzy Zajadło przekonująco ukazuje rolę ideologii, głównie zresztą prawnonaturalnej, w sądowych sprawach niewolniczych, wprowadzając niezwykle ważne pojęcie „nieposłuszeństwa sędziowskiego&#8221;. Co więcej, Autor pokazuje, że bardzo często sprawa niewolnictwa była tylko poboczna – w gruncie rzeczy chodziło o interpretację Konstytucji (&#8230;). W tej perspektywie największą bodaj zaletę pracy profesora Zajadło upatrywać należy w fakcie, że w gruncie rzeczy jest to książka o konserwatyzmie prawa oraz o konfliktach między prawem a moralnością. W grę wchodzą prawa naturalne, obyczaje, interesy, co w konsekwencji prowadzi do konfliktu między prawem pozytywnym a moralną potrzebą nieposłuszeństwa. W książce Jerzego Zajadło dylematy sędziowskiego sumienia są analizowane wszechstronnie.</p>
<p style="text-align: right;"><em>Z recenzji prof. Wiktora Osiatyńskiego</em></p>
<p>Rozmowa o książce odbyła się w audycji OFF Czarek w <a href="https://audycje.tokfm.pl/podcast/56544,Sedziowie-i-niewolnicy-Gosciem-Cezarego-Lasiczki-byl-prof-Jerzy-Zajadlo">Radio TOK FM</a>, a także podczas <a href="https://wydawnictwo.ug.edu.pl/aktualnosci/lato-z-foka-kulturalne-plazowanie-w-helu-rozmowa-z-prof-jerzym-zajadlo/">Lata z Foką &#8211; Kulturalnego plażowania w Helu.</a></p>
<p style="text-align: left;">Książka <em>Sędziowie i niewolnicy. Szkice z filozofii prawa </em>została wyróżniona nagrodą naukową w dziedzinie prawa im. Leona Petrażyckiego, przyznaną przez Wydział I Nauk Humanistycznych i Społecznych Polskiej Akademii Nauk.</p>
