{"id":46762,"date":"2017-12-01T00:00:00","date_gmt":"2017-12-01T00:00:00","guid":{"rendered":"https:\/\/wydawnictwo.ug.edu.pl\/ksiegarnia-online\/uncategorized\/w-kregu-zagadnien-parlamentarnych-z-doswiadczen-sejmu-i-senatu-rp-oraz-parlamentu-europejskiego\/"},"modified":"2026-02-11T15:59:21","modified_gmt":"2026-02-11T15:59:21","slug":"w-kregu-zagadnien-parlamentarnych-z-doswiadczen-sejmu-i-senatu-rp-oraz-parlamentu-europejskiego","status":"publish","type":"product","link":"https:\/\/wydawnictwo.ug.edu.pl\/en\/ksiegarnia-online\/prawo-i-administracja\/w-kregu-zagadnien-parlamentarnych-z-doswiadczen-sejmu-i-senatu-rp-oraz-parlamentu-europejskiego\/","title":{"rendered":"W kr\u0119gu zagadnie\u0144 parlamentarnych. Z do\u015bwiadcze\u0144 Sejmu i Senatu RP oraz Parlamentu Europejskiego"},"content":{"rendered":"","protected":false},"excerpt":{"rendered":"<p>Prezentowana praca obejmuje wybrane zagadnienia z kr\u0119gu problematyki\u00a0parlamentarnej, g\u0142\u00f3wnie krajowej, ale tak\u017ce europejskiej (unijnej). Szczeg\u00f3ln\u0105 cech\u0105 opracowa\u0144, r\u00f3\u017cnorodnych tematycznie, jest ich zwi\u0105zek z bie\u017c\u0105c\u0105\u00a0praktyk\u0105 polityczno-prawn\u0105. Cz\u0119\u015bciowo geneza tekst\u00f3w si\u0119ga prac typu eksperckiego \u201ena rzecz&#8221; prac parlamentarnych. Inspiracj\u0105 dla opracowa\u0144 by\u0142a\u00a0potrzeba znalezienia odpowiedzi na pytania \u0142\u0105cz\u0105ce si\u0119 z trudnymi sytuacjami, problemami prawnymi, obserwowalnymi procesami legislacyjnymi.\u00a0Geneza opracowa\u0144 sprawia, \u017ce chodzi o teksty w pe\u0142ni aktualne ustrojowo,\u00a0dotycz\u0105ce kontrowersyjnych wydarze\u0144 i materii, o znacznej wadze dla podejmowanych decyzji i opinii publicznej, zainteresowanej sprawami ustrojowymi. Charakter analizowanych materii sprawia, \u017cc ka\u017cdorazowo zasadna\u00a0by\u0142a konieczno\u015b\u0107 analizy dokonanej przez specjalist\u00f3w w zakresie prawa konstytucyjnego.<\/p>\n","protected":false},"featured_media":15058,"template":"","meta":{"_acf_changed":false},"journal":[],"rodzaj":[],"seria":[],"product_brand":[],"product_cat":[6932],"product_tag":[483,428,244],"class_list":{"0":"post-46762","1":"product","2":"type-product","3":"status-publish","4":"has-post-thumbnail","6":"product_cat-prawo-i-administracja","7":"product_tag-andrzej-szmyt","8":"product_tag-krzysztof-grajewski","9":"product_tag-marcin-m-wiszowaty","11":"first","12":"outofstock","13":"taxable","14":"shipping-taxable","15":"product-type-simple"},"acf":[],"_links":{"self":[{"href":"https:\/\/wydawnictwo.ug.edu.pl\/en\/wp-json\/wp\/v2\/product\/46762","targetHints":{"allow":["GET"]}}],"collection":[{"href":"https:\/\/wydawnictwo.ug.edu.pl\/en\/wp-json\/wp\/v2\/product"}],"about":[{"href":"https:\/\/wydawnictwo.ug.edu.pl\/en\/wp-json\/wp\/v2\/types\/product"}],"wp:featuredmedia":[{"embeddable":true,"href":"https:\/\/wydawnictwo.ug.edu.pl\/en\/wp-json\/wp\/v2\/media\/15058"}],"wp:attachment":[{"href":"https:\/\/wydawnictwo.ug.edu.pl\/en\/wp-json\/wp\/v2\/media?parent=46762"}],"wp:term":[{"taxonomy":"journal","embeddable":true,"href":"https:\/\/wydawnictwo.ug.edu.pl\/en\/wp-json\/wp\/v2\/journal?post=46762"},{"taxonomy":"rodzaj","embeddable":true,"href":"https:\/\/wydawnictwo.ug.edu.pl\/en\/wp-json\/wp\/v2\/rodzaj?post=46762"},{"taxonomy":"seria","embeddable":true,"href":"https:\/\/wydawnictwo.ug.edu.pl\/en\/wp-json\/wp\/v2\/seria?post=46762"},{"taxonomy":"product_brand","embeddable":true,"href":"https:\/\/wydawnictwo.ug.edu.pl\/en\/wp-json\/wp\/v2\/product_brand?post=46762"},{"taxonomy":"product_cat","embeddable":true,"href":"https:\/\/wydawnictwo.ug.edu.pl\/en\/wp-json\/wp\/v2\/product_cat?post=46762"},{"taxonomy":"product_tag","embeddable":true,"href":"https:\/\/wydawnictwo.ug.edu.pl\/en\/wp-json\/wp\/v2\/product_tag?post=46762"}],"curies":[{"name":"wp","href":"https:\/\/api.w.org\/{rel}","templated":true}]}}

W kręgu zagadnień parlamentarnych. Z doświadczeń Sejmu i Senatu RP oraz Parlamentu Europejskiego

<p>Prezentowana praca obejmuje wybrane zagadnienia z kręgu problematyki parlamentarnej, głównie krajowej, ale także europejskiej (unijnej). Szczególną cechą opracowań, różnorodnych tematycznie, jest ich związek z bieżącą praktyką polityczno-prawną. Częściowo geneza tekstów sięga prac typu eksperckiego „na rzecz&#8221; prac parlamentarnych. Inspiracją dla opracowań była potrzeba znalezienia odpowiedzi na pytania łączące się z trudnymi sytuacjami, problemami prawnymi, obserwowalnymi procesami legislacyjnymi. Geneza opracowań sprawia, że chodzi o teksty w pełni aktualne ustrojowo, dotyczące kontrowersyjnych wydarzeń i materii, o znacznej wadze dla podejmowanych decyzji i opinii publicznej, zainteresowanej sprawami ustrojowymi. Charakter analizowanych materii sprawia, żc każdorazowo zasadna była konieczność analizy dokonanej przez specjalistów w zakresie prawa konstytucyjnego.</p>
